{"id":265,"date":"2016-02-12T14:25:55","date_gmt":"2016-02-12T13:25:55","guid":{"rendered":"http:\/\/agora.xtec.cat\/col-elpilar\/?page_id=265"},"modified":"2018-02-27T19:59:10","modified_gmt":"2018-02-27T18:59:10","slug":"educacio_emocional","status":"publish","type":"page","link":"https:\/\/agora.xtec.cat\/col-elpilar\/projecte-educatiu\/projectes\/educacio_emocional\/","title":{"rendered":"Educaci\u00f3 emocional"},"content":{"rendered":"<p><strong>TREBALL D\u2019EDUCACI\u00d3 EMOCIONAL I VALORS A L\u2019ESCOLA: UN PILAR IMPORTANT<\/strong><\/p>\n<p>L\u2019educaci\u00f3 emocional \u00e9s un concepte que ha guanyat molt terreny en l&#8217;educaci\u00f3 en els \u00faltims anys i des de fa varis cursos ha anat prenent un paper m\u00e9s important dins el curr\u00edculum de la nostra escola, on hem anat treballant, cada vegada m\u00e9s, aspectes puntuals que reverteixen en aquest \u00e0mbit.<\/p>\n<p>Segons les darreres investigacions les emocions s\u00f3n a la base de la majoria de les decisions humanes i la correlaci\u00f3 entre una persona amb habilitats socials i emocionalment b\u00e9 \u00e9s cada vegada m\u00e9s estreta amb el seu rendiment acad\u00e8mic. Factors com:<\/p>\n<ul>\n<li>l\u2019estar segur d\u2019un mateix,<\/li>\n<li>saber comunicar necessitats i refrenar els impulsos,<\/li>\n<li>tenir capacitat de cooperaci\u00f3<\/li>\n<\/ul>\n<p>s\u00f3n components que tenen a veure amb un bon desenvolupament personal i tamb\u00e9 amb l\u2019\u00e8xit escolar m\u00e9s acad\u00e8mic.<\/p>\n<p>Aix\u00f2 fa veure la necessitat de plantejar-se a Infantil i Prim\u00e0ria objectius com ara:<\/p>\n<ul>\n<li>la conscienciaci\u00f3 i comprensi\u00f3 emocional,<\/li>\n<li>l\u2019autocontrol,<\/li>\n<li>l\u2019autoestima positiva i<\/li>\n<li>la resoluci\u00f3 de problemes.<\/li>\n<\/ul>\n<p>Per aix\u00f2,\u00a0l&#8217;educaci\u00f3 emocional esdev\u00e9 un element necessari des de la inf\u00e0ncia, al que nosaltres dediquem for\u00e7a temps i que pensem que hem d\u2019entendre.<\/p>\n<p>Aix\u00f2 ho enllacem amb la idea del treball per compet\u00e8ncies. Si entenem per compet\u00e8ncia la capacitat de resoldre problemes reals, aplicant i relacionant coneixements, habilitats i actituds en contextos diversos. Cal dir que alguns problemes nom\u00e9s els podrem resoldre si emocionalment presentem una actitud emocionalment equilibrada. I a l\u2019igual que treballem continguts de les diferents \u00e0rees del curr\u00edculum que contribueixen a l\u2019adquisici\u00f3 de les compet\u00e8ncies b\u00e0siques, entenem que hem de treballar un \u00e0mbit tant important com l\u2019educaci\u00f3 emocional.<\/p>\n<h2>Partim dels seg\u00fcents objectius de la compet\u00e8ncia emocional per treballar al llarg de les diferents etapes:<\/h2>\n<ul>\n<li>Adquirir un millor coneixement de les pr\u00f2pies emocions.<\/li>\n<li>Identificar emocions dels altres.<\/li>\n<li>Desenvolupar l\u2019habilitat de controlar les pr\u00f2pies emocions.<\/li>\n<li>Prevenir els efectes perjudicials de les emocions negatives.<\/li>\n<li>Desenvolupar l\u2019habilitat de generar emocions positives.<\/li>\n<li>Desenvolupar l\u2019habilitat d\u2019automotivar-se.<\/li>\n<li>Aprendre a fluir.<\/li>\n<li>Adoptar una actitud positiva davant la vida.<\/li>\n<\/ul>\n<p>Una eina interessant que utilitzem per treballar emocions i valors \u00e9s el cinema, que ens serveix com a punt de partida per treballar molts d\u2019aquests aspectes:<\/p>\n<ul>\n<li>Emocions i Sentiments,<\/li>\n<li>Empatia<\/li>\n<li>Autoestima<\/li>\n<li>i Resoluci\u00f3 Positiva de Conflictes.<\/li>\n<\/ul>\n<p>Com diu Anna Carpena, \u201cAmb aquestes activitats es crea un espai i un temps per comunicar-se, per poder expressar sentiments, per poder interpretar diferents rols, per prendre decisions, desenvolupant capacitats emocionals, cognitives i socials a l\u2019hora. En participar d\u2019aquestes activitats els nens i nenes aprenen a recon\u00e8ixer facetes del seu comportament i del dels altres i s\u2019obre la possibilitat de participaci\u00f3 als alumnes que en altres situacions opten pel retra\u00efment i la passivitat\u201d.<\/p>\n","protected":false},"excerpt":{"rendered":"<p>TREBALL D\u2019EDUCACI\u00d3 EMOCIONAL I VALORS A L\u2019ESCOLA: UN PILAR IMPORTANT<br \/>\nL\u2019educaci\u00f3 emocional \u00e9s un concepte que ha guanyat molt terreny en l&#8217;educaci\u00f3 en els \u00faltims anys i des de fa varis cursos ha anat prenent un paper m\u00e9s important dins el curr\u00edculum de la nostra escola,&hellip;  <a href=\"https:\/\/agora.xtec.cat\/col-elpilar\/projecte-educatiu\/projectes\/educacio_emocional\/\" title=\"Read Educaci\u00f3 emocional\">Llegeix m\u00e9s\u00bb<\/a><\/p>\n","protected":false},"author":1,"featured_media":0,"parent":271,"menu_order":3,"comment_status":"closed","ping_status":"closed","template":"page-templates\/side-menu.php","meta":{"_bbp_topic_count":0,"_bbp_reply_count":0,"_bbp_total_topic_count":0,"_bbp_total_reply_count":0,"_bbp_voice_count":0,"_bbp_anonymous_reply_count":0,"_bbp_topic_count_hidden":0,"_bbp_reply_count_hidden":0,"_bbp_forum_subforum_count":0,"footnotes":""},"class_list":["post-265","page","type-page","status-publish","hentry"],"post_mailing_queue_ids":[],"_links":{"self":[{"href":"https:\/\/agora.xtec.cat\/col-elpilar\/wp-json\/wp\/v2\/pages\/265","targetHints":{"allow":["GET"]}}],"collection":[{"href":"https:\/\/agora.xtec.cat\/col-elpilar\/wp-json\/wp\/v2\/pages"}],"about":[{"href":"https:\/\/agora.xtec.cat\/col-elpilar\/wp-json\/wp\/v2\/types\/page"}],"author":[{"embeddable":true,"href":"https:\/\/agora.xtec.cat\/col-elpilar\/wp-json\/wp\/v2\/users\/1"}],"replies":[{"embeddable":true,"href":"https:\/\/agora.xtec.cat\/col-elpilar\/wp-json\/wp\/v2\/comments?post=265"}],"version-history":[{"count":3,"href":"https:\/\/agora.xtec.cat\/col-elpilar\/wp-json\/wp\/v2\/pages\/265\/revisions"}],"predecessor-version":[{"id":734,"href":"https:\/\/agora.xtec.cat\/col-elpilar\/wp-json\/wp\/v2\/pages\/265\/revisions\/734"}],"up":[{"embeddable":true,"href":"https:\/\/agora.xtec.cat\/col-elpilar\/wp-json\/wp\/v2\/pages\/271"}],"wp:attachment":[{"href":"https:\/\/agora.xtec.cat\/col-elpilar\/wp-json\/wp\/v2\/media?parent=265"}],"curies":[{"name":"wp","href":"https:\/\/api.w.org\/{rel}","templated":true}]}}