{"id":236,"date":"2016-02-12T12:16:56","date_gmt":"2016-02-12T11:16:56","guid":{"rendered":"http:\/\/agora.xtec.cat\/col-elpilar\/?page_id=236"},"modified":"2016-02-15T11:34:24","modified_gmt":"2016-02-15T10:34:24","slug":"el-moment-del-comiat","status":"publish","type":"page","link":"https:\/\/agora.xtec.cat\/col-elpilar\/eduquem-en-lesforc-i-lautoexigencia\/el-moment-del-comiat\/","title":{"rendered":"El moment del comiat"},"content":{"rendered":"<p>Malgrat us pugui semblar un moment trist, res m\u00e9s lluny de la realitat. El tercer trimestre s\u2019acaba i amb ell el curs. \u00a0\u00c9s el moment en que comencem a pensar en les vacances, ens sentim satisfets del curs fet, ens diem ad\u00e9u durant un temps, per\u00f2 nom\u00e9s per agafar de nou forces per comen\u00e7ar-ne un altre que, aix\u00f2 s\u00ed, en aquests moments ens sembla que no podr\u00e0 ser millor.<\/p>\n<p><a href=\"http:\/\/agora.xtec.cat\/col-elpilar\/wp-content\/uploads\/usu291\/2016\/02\/festa5.jpg\"><img loading=\"lazy\" decoding=\"async\" class=\"alignnone size-full wp-image-395\" src=\"http:\/\/agora.xtec.cat\/col-elpilar\/wp-content\/uploads\/usu291\/2016\/02\/festa5.jpg\" alt=\"festa5\" width=\"1000\" height=\"667\" srcset=\"https:\/\/agora.xtec.cat\/col-elpilar\/wp-content\/uploads\/usu291\/2016\/02\/festa5.jpg 1000w, https:\/\/agora.xtec.cat\/col-elpilar\/wp-content\/uploads\/usu291\/2016\/02\/festa5-300x200.jpg 300w\" sizes=\"auto, (max-width: 1000px) 100vw, 1000px\" \/><\/a><\/p>\n<p>Un pati ben bonic i un ball de cada classe ben alegre i divertit donen pas al comiat dels nois i noies de 4t d\u2019ESO. \u00a0Molts d\u2019ells i elles porten molts anys amb nosaltres, van entrar a l\u2019escola ben petits i ara &#8230; \u00c9s un ad\u00e9u per\u00f2 tots sabem que els lligams s\u00f3n massa forts, els uns som part dels altres.<\/p>\n<p>I per acabar un grup musical ens engrescar\u00e0 a tots, nens, pares, mestres, a iniciar l\u2019estiu amb l\u2019alegria. Bon estiu a tots!<\/p>\n","protected":false},"excerpt":{"rendered":"<p>Malgrat us pugui semblar un moment trist, res m\u00e9s lluny de la realitat. El tercer trimestre s\u2019acaba i amb ell el curs. \u00a0\u00c9s el moment en que comencem a pensar en les vacances, ens sentim satisfets del curs fet, ens diem ad\u00e9u durant un temps,&hellip;  <a href=\"https:\/\/agora.xtec.cat\/col-elpilar\/eduquem-en-lesforc-i-lautoexigencia\/el-moment-del-comiat\/\" title=\"Read El moment del comiat\">Llegeix m\u00e9s\u00bb<\/a><\/p>\n","protected":false},"author":1,"featured_media":0,"parent":212,"menu_order":7,"comment_status":"closed","ping_status":"closed","template":"page-templates\/side-menu.php","meta":{"_bbp_topic_count":0,"_bbp_reply_count":0,"_bbp_total_topic_count":0,"_bbp_total_reply_count":0,"_bbp_voice_count":0,"_bbp_anonymous_reply_count":0,"_bbp_topic_count_hidden":0,"_bbp_reply_count_hidden":0,"_bbp_forum_subforum_count":0,"footnotes":""},"class_list":["post-236","page","type-page","status-publish","hentry"],"post_mailing_queue_ids":[],"_links":{"self":[{"href":"https:\/\/agora.xtec.cat\/col-elpilar\/wp-json\/wp\/v2\/pages\/236","targetHints":{"allow":["GET"]}}],"collection":[{"href":"https:\/\/agora.xtec.cat\/col-elpilar\/wp-json\/wp\/v2\/pages"}],"about":[{"href":"https:\/\/agora.xtec.cat\/col-elpilar\/wp-json\/wp\/v2\/types\/page"}],"author":[{"embeddable":true,"href":"https:\/\/agora.xtec.cat\/col-elpilar\/wp-json\/wp\/v2\/users\/1"}],"replies":[{"embeddable":true,"href":"https:\/\/agora.xtec.cat\/col-elpilar\/wp-json\/wp\/v2\/comments?post=236"}],"version-history":[{"count":3,"href":"https:\/\/agora.xtec.cat\/col-elpilar\/wp-json\/wp\/v2\/pages\/236\/revisions"}],"predecessor-version":[{"id":435,"href":"https:\/\/agora.xtec.cat\/col-elpilar\/wp-json\/wp\/v2\/pages\/236\/revisions\/435"}],"up":[{"embeddable":true,"href":"https:\/\/agora.xtec.cat\/col-elpilar\/wp-json\/wp\/v2\/pages\/212"}],"wp:attachment":[{"href":"https:\/\/agora.xtec.cat\/col-elpilar\/wp-json\/wp\/v2\/media?parent=236"}],"curies":[{"name":"wp","href":"https:\/\/api.w.org\/{rel}","templated":true}]}}