{"id":22,"date":"2014-09-18T12:19:57","date_gmt":"2014-09-18T12:19:57","guid":{"rendered":"http:\/\/agora.xtec.cat\/col-elpilar\/\/?page_id=22"},"modified":"2018-02-10T08:51:37","modified_gmt":"2018-02-10T07:51:37","slug":"lescola","status":"publish","type":"page","link":"https:\/\/agora.xtec.cat\/col-elpilar\/lescola\/","title":{"rendered":"L&#8217;escola"},"content":{"rendered":"<p style=\"text-align: justify;\">L\u2019Escola \u00e9s din\u00e0mica t\u00e9 vida pr\u00f2pia: Neix un dia, creix lentament al llarg del temps, evoluciona i canvia&#8230; es va fent dia a dia i procura anar sempre de la m\u00e0 de les necessitats de la societat\u2026<\/p>\n<p style=\"text-align: justify;\">El Pilar est\u00e0 immersa en aquesta tasca des de fa m\u00e9s de 50 anys.<\/p>\n<p style=\"text-align: justify;\">Aquest \u00e9s un llarg cam\u00ed fet entre tots: equip de mestres, pares, alumnes,&#8230; \u00a0\u00a0L\u2019hem anat fent amb il\u00b7lusi\u00f3 perqu\u00e8 l\u2019escola forma part de les nostres vides.\u00a0 Tots aquells que formem part de l\u2019escola la sentim nostra i hi esmercem el nostre temps i esfor\u00e7 amb passi\u00f3 per aconseguir aquelles fites que ens anem marcant a cada moment. Aquesta \u00e9s potser la caracter\u00edstica m\u00e9s constant de tots els que hem format part d\u2019aquest equip.<\/p>\n<p style=\"text-align: justify;\">Obrir-nos a vosaltres a trav\u00e9s d\u2019aquestes p\u00e0gines ens obliga, un cop m\u00e9s a reflexionar sobre el nostre treball perqu\u00e8 volem que a trav\u00e9s d\u2019aquesta finestra tothom pugui veure (i comprendre) qu\u00e8 \u00e9s el que volem i qu\u00e8 \u00e9s el que fem. Volem ser capa\u00e7os de fer-vos arribar el nostre sentit d\u2019escola.<\/p>\n<p style=\"text-align: justify;\">Nosaltres creiem en l\u2019escola i en la seva tasca. Aquest \u00e9s la nostra fita: seguir fent escola cada dia.<\/p>\n","protected":false},"excerpt":{"rendered":"<p>L\u2019Escola \u00e9s din\u00e0mica t\u00e9 vida pr\u00f2pia: Neix un dia, creix lentament al llarg del temps, evoluciona i canvia&#8230; es va fent dia a dia i procura anar sempre de la m\u00e0 de les necessitats de la societat\u2026<br \/>\nEl Pilar est\u00e0 immersa en aquesta tasca des de&hellip;  <a href=\"https:\/\/agora.xtec.cat\/col-elpilar\/lescola\/\" title=\"Read L&#8217;escola\">Llegeix m\u00e9s\u00bb<\/a><\/p>\n","protected":false},"author":2,"featured_media":0,"parent":0,"menu_order":0,"comment_status":"closed","ping_status":"closed","template":"page-templates\/side-menu.php","meta":{"_bbp_topic_count":0,"_bbp_reply_count":0,"_bbp_total_topic_count":0,"_bbp_total_reply_count":0,"_bbp_voice_count":0,"_bbp_anonymous_reply_count":0,"_bbp_topic_count_hidden":0,"_bbp_reply_count_hidden":0,"_bbp_forum_subforum_count":0,"footnotes":""},"class_list":["post-22","page","type-page","status-publish","hentry"],"post_mailing_queue_ids":[],"_links":{"self":[{"href":"https:\/\/agora.xtec.cat\/col-elpilar\/wp-json\/wp\/v2\/pages\/22","targetHints":{"allow":["GET"]}}],"collection":[{"href":"https:\/\/agora.xtec.cat\/col-elpilar\/wp-json\/wp\/v2\/pages"}],"about":[{"href":"https:\/\/agora.xtec.cat\/col-elpilar\/wp-json\/wp\/v2\/types\/page"}],"author":[{"embeddable":true,"href":"https:\/\/agora.xtec.cat\/col-elpilar\/wp-json\/wp\/v2\/users\/2"}],"replies":[{"embeddable":true,"href":"https:\/\/agora.xtec.cat\/col-elpilar\/wp-json\/wp\/v2\/comments?post=22"}],"version-history":[{"count":3,"href":"https:\/\/agora.xtec.cat\/col-elpilar\/wp-json\/wp\/v2\/pages\/22\/revisions"}],"predecessor-version":[{"id":1573,"href":"https:\/\/agora.xtec.cat\/col-elpilar\/wp-json\/wp\/v2\/pages\/22\/revisions\/1573"}],"wp:attachment":[{"href":"https:\/\/agora.xtec.cat\/col-elpilar\/wp-json\/wp\/v2\/media?parent=22"}],"curies":[{"name":"wp","href":"https:\/\/api.w.org\/{rel}","templated":true}]}}