{"id":2002,"date":"2019-02-10T11:24:57","date_gmt":"2019-02-10T10:24:57","guid":{"rendered":"http:\/\/agora.xtec.cat\/col-elpilar\/?page_id=2002"},"modified":"2024-01-21T09:26:13","modified_gmt":"2024-01-21T08:26:13","slug":"lequip-huma","status":"publish","type":"page","link":"https:\/\/agora.xtec.cat\/col-elpilar\/lescola\/lequip-huma\/","title":{"rendered":"L&#8217;equip"},"content":{"rendered":"<p>&nbsp;<\/p>\n<p><img loading=\"lazy\" decoding=\"async\" class=\"aligncenter wp-image-7386 size-large\" src=\"https:\/\/agora.xtec.cat\/col-elpilar\/wp-content\/uploads\/usu291\/2024\/01\/IMG-20230901-WA0002-1024x768.jpg\" alt=\"\" width=\"1024\" height=\"768\" srcset=\"https:\/\/agora.xtec.cat\/col-elpilar\/wp-content\/uploads\/usu291\/2024\/01\/IMG-20230901-WA0002-1024x768.jpg 1024w, https:\/\/agora.xtec.cat\/col-elpilar\/wp-content\/uploads\/usu291\/2024\/01\/IMG-20230901-WA0002-300x225.jpg 300w, https:\/\/agora.xtec.cat\/col-elpilar\/wp-content\/uploads\/usu291\/2024\/01\/IMG-20230901-WA0002-768x576.jpg 768w, https:\/\/agora.xtec.cat\/col-elpilar\/wp-content\/uploads\/usu291\/2024\/01\/IMG-20230901-WA0002-1536x1152.jpg 1536w, https:\/\/agora.xtec.cat\/col-elpilar\/wp-content\/uploads\/usu291\/2024\/01\/IMG-20230901-WA0002-200x150.jpg 200w, https:\/\/agora.xtec.cat\/col-elpilar\/wp-content\/uploads\/usu291\/2024\/01\/IMG-20230901-WA0002.jpg 2048w\" sizes=\"auto, (max-width: 1024px) 100vw, 1024px\" \/><\/p>\n<p><strong>EQUIP DIRECTIU<\/strong><\/p>\n<table>\n<tbody>\n<tr>\n<td width=\"288\">Gerent<\/td>\n<td width=\"288\">Isabel Jim\u00e9nez<\/td>\n<\/tr>\n<tr>\n<td width=\"288\">Directora Pedag\u00f2gica<\/td>\n<td width=\"288\">Isabel Rubio<\/td>\n<\/tr>\n<tr>\n<td width=\"288\">Cap d\u2019estudis d\u2019Educaci\u00f3 Prim\u00e0ria<\/td>\n<td width=\"288\">S\u00f2nia Oliver<\/td>\n<\/tr>\n<tr>\n<td width=\"288\">Cap d\u2019estudis d\u2019Educaci\u00f3 Secund\u00e0ria<\/td>\n<td width=\"288\">Elisabet Baratau<\/td>\n<\/tr>\n<\/tbody>\n<\/table>\n<p><strong>\u00a0<\/strong><\/p>\n<p><strong>EQUIP DOCENT<\/strong><\/p>\n<p style=\"text-align: justify;\">Maribel Ramos, Laura Buscarons, Marta Alcaide, Rafa Murillo, Xavi Garc\u00eda, Ricard Dom\u00e8nech, Albert Menal, Gl\u00f2ria Gallen, M\u00f2nica Heredia, Carme Moreno, S\u00f2nia Oliver, Merc\u00e8 Ferrer, Toni Pons, Isabel Rubio, Josep Jim\u00e9nez, Rosa Torras, Roser Monta\u00f1ola, Cristina Manubens, S\u00f2nia S\u00e1nchez, Eli Baratau, Isabel Jim\u00e9nez, Eva Sant\u00edn, Jenni Bosch, N\u00faria Cerrato,\u00a0 Anna Mu\u00f1oz, Irene Garrido, Pere Bonfill.<\/p>\n<p>&nbsp;<\/p>\n<p><strong>ADMINISTRACI\u00d3 I SERVEIS<\/strong><\/p>\n<table>\n<tbody>\n<tr>\n<td width=\"288\">SECRETARIA ACAD\u00c8MICA<\/td>\n<td width=\"288\">Josep Jim\u00e9nez<\/td>\n<\/tr>\n<tr>\n<td width=\"288\">SECRETARIA ADMINISTRATIVA<\/td>\n<td width=\"288\">Marian Piano<\/td>\n<\/tr>\n<tr>\n<td width=\"288\">EQUIP PSICOPEDAG\u00d2GIC DE L\u2019ESCOLA<\/p>\n<p><strong>\u00a0<\/strong><\/td>\n<td width=\"288\">Isabel Rubio:\u00a0 Educaci\u00f3 Especial<\/p>\n<p>Al\u00edcia L\u00f3pez:\u00a0 EAP del Servei Educatiu del Baix Maresme<\/p>\n<p>Sandra Soriano: Treballadora social de l&#8217; EAP<\/td>\n<\/tr>\n<tr>\n<td width=\"288\">ACOLLIDA:<\/td>\n<td width=\"288\">Marta Alcaide<\/td>\n<\/tr>\n<tr>\n<td width=\"288\">MENJADOR I MONITORATGE:<\/p>\n<p><strong>\u00a0<\/strong><\/td>\n<td width=\"288\">Patro Gil : cuinera<\/p>\n<p>Sandra Sorrando :\u00a0 coordinadora<\/p>\n<p>Mayte<\/p>\n<p>Xavi<\/p>\n<p>Jonathan<\/td>\n<\/tr>\n<tr>\n<td width=\"288\">RESPONSABLE D\u2019EXTRAESCOLARS:<\/td>\n<td width=\"288\">Assumpci\u00f3 Xarr\u00ed\u00e9<\/td>\n<\/tr>\n<\/tbody>\n<\/table>\n<p>&nbsp;<\/p>\n<p><strong>CONSELL ESCOLAR<\/strong><\/p>\n<table>\n<tbody>\n<tr>\n<td width=\"288\">Presidenta<\/td>\n<td width=\"288\">Isabel Rubio<\/td>\n<\/tr>\n<tr>\n<td width=\"288\">Representants de la titularitat<\/p>\n<p>&nbsp;<\/td>\n<td width=\"288\">Isabel Jim\u00e9nez<\/p>\n<p>Assumpci\u00f3 Xarri\u00e9<\/p>\n<p>Concepci\u00f3 Jim\u00e9nez<\/td>\n<\/tr>\n<tr>\n<td width=\"288\">Representants dels professors<\/td>\n<td width=\"288\">Elisabet Baratau<\/p>\n<p>N\u00faria Cerrato<\/p>\n<p>Albert Menal<\/p>\n<p>S\u00f2nia Oliver<\/td>\n<\/tr>\n<tr>\n<td width=\"288\">Representants pares d\u2019alumnes<\/td>\n<td width=\"288\">Magda Franquesa (representant de l&#8217;AFA)<\/p>\n<p>Arantxa Bielsa<\/p>\n<p>Esmeralda Calleja<\/p>\n<p>Ariadna Sotorra<\/td>\n<\/tr>\n<tr>\n<td width=\"288\">Representants dels alumnes<\/td>\n<td width=\"288\">Al\u00ed El Mssail<\/p>\n<p>Norhan Boubaouch<\/td>\n<\/tr>\n<tr>\n<td width=\"288\">Representant d\u2019administraci\u00f3 i serveis<\/td>\n<td width=\"288\">Josep Jim\u00e9nez<\/td>\n<\/tr>\n<tr>\n<td>Representant de l&#8217;Ajuntament<\/td>\n<td>Elisenda Busquets<\/td>\n<\/tr>\n<\/tbody>\n<\/table>\n<p>&nbsp;<\/p>\n<p><strong>RESPONSABLE PEDAG\u00d2GICA TR@MS:\u00a0\u00a0<\/strong>Isabel Rubio<\/p>\n<p><strong>COORDINADORA TR@MS:\u00a0\u00a0<\/strong>S\u00f2nia Oliver<\/p>\n<p>&nbsp;<\/p>\n<p><strong>AFA DE L&#8217;ESCOLA<\/strong><\/p>\n<p style=\"text-align: justify;\">Magda Franquesa, Albert Izquierdo, Mireia V\u00e0zquez,\u00a0 Lurdes Mart\u00ednez, \u00c0ngel Luis,\u00a0 N\u00faria Garc\u00eda, Sara P\u00e9rez i Patr\u00edcia Garc\u00eda.<\/p>\n<p>&nbsp;<\/p>\n<p><strong>RESPONSABLE D&#8217;EQUIPACI\u00d3 ESCOLAR (AFA): <\/strong><\/p>\n<p>Sara P\u00e9rez<\/p>\n<p>&nbsp;<\/p>\n<p>&nbsp;<\/p>\n<p>&nbsp;<\/p>\n","protected":false},"excerpt":{"rendered":"<p>&nbsp;<\/p>\n<p>EQUIP DIRECTIU<\/p>\n<p>Gerent<br \/>\nIsabel Jim\u00e9nez<\/p>\n<p>Directora Pedag\u00f2gica<br \/>\nIsabel Rubio<\/p>\n<p>Cap d\u2019estudis d\u2019Educaci\u00f3 Prim\u00e0ria<br \/>\nS\u00f2nia Oliver<\/p>\n<p>Cap d\u2019estudis d\u2019Educaci\u00f3 Secund\u00e0ria<br \/>\nElisabet Baratau<\/p>\n<p>\u00a0<br \/>\nEQUIP DOCENT<br \/>\nMaribel Ramos, Laura Buscarons, Marta Alcaide, Rafa Murillo, Xavi Garc\u00eda, Ricard Dom\u00e8nech, Albert Menal, Gl\u00f2ria Gallen, M\u00f2nica Heredia, Carme Moreno, S\u00f2nia Oliver, Merc\u00e8 Ferrer, Toni Pons, Isabel Rubio, Josep Jim\u00e9nez, Rosa Torras,&hellip;  <a href=\"https:\/\/agora.xtec.cat\/col-elpilar\/lescola\/lequip-huma\/\" title=\"Read L&#8217;equip\">Llegeix m\u00e9s\u00bb<\/a><\/p>\n","protected":false},"author":1,"featured_media":0,"parent":22,"menu_order":2,"comment_status":"closed","ping_status":"closed","template":"page-templates\/side-menu.php","meta":{"_bbp_topic_count":0,"_bbp_reply_count":0,"_bbp_total_topic_count":0,"_bbp_total_reply_count":0,"_bbp_voice_count":0,"_bbp_anonymous_reply_count":0,"_bbp_topic_count_hidden":0,"_bbp_reply_count_hidden":0,"_bbp_forum_subforum_count":0,"footnotes":""},"class_list":["post-2002","page","type-page","status-publish","hentry"],"post_mailing_queue_ids":[],"_links":{"self":[{"href":"https:\/\/agora.xtec.cat\/col-elpilar\/wp-json\/wp\/v2\/pages\/2002","targetHints":{"allow":["GET"]}}],"collection":[{"href":"https:\/\/agora.xtec.cat\/col-elpilar\/wp-json\/wp\/v2\/pages"}],"about":[{"href":"https:\/\/agora.xtec.cat\/col-elpilar\/wp-json\/wp\/v2\/types\/page"}],"author":[{"embeddable":true,"href":"https:\/\/agora.xtec.cat\/col-elpilar\/wp-json\/wp\/v2\/users\/1"}],"replies":[{"embeddable":true,"href":"https:\/\/agora.xtec.cat\/col-elpilar\/wp-json\/wp\/v2\/comments?post=2002"}],"version-history":[{"count":6,"href":"https:\/\/agora.xtec.cat\/col-elpilar\/wp-json\/wp\/v2\/pages\/2002\/revisions"}],"predecessor-version":[{"id":7388,"href":"https:\/\/agora.xtec.cat\/col-elpilar\/wp-json\/wp\/v2\/pages\/2002\/revisions\/7388"}],"up":[{"embeddable":true,"href":"https:\/\/agora.xtec.cat\/col-elpilar\/wp-json\/wp\/v2\/pages\/22"}],"wp:attachment":[{"href":"https:\/\/agora.xtec.cat\/col-elpilar\/wp-json\/wp\/v2\/media?parent=2002"}],"curies":[{"name":"wp","href":"https:\/\/api.w.org\/{rel}","templated":true}]}}