{"id":685,"date":"2017-09-03T18:45:54","date_gmt":"2017-09-03T16:45:54","guid":{"rendered":"http:\/\/agora.xtec.cat\/col-carmelites\/?page_id=685"},"modified":"2017-09-03T18:46:07","modified_gmt":"2017-09-03T16:46:07","slug":"youtube","status":"publish","type":"page","link":"https:\/\/agora.xtec.cat\/col-carmelites\/suport-informatic\/youtube\/","title":{"rendered":"Youtube"},"content":{"rendered":"<p>YouTube: incorpora un editor de v\u00eddeos mitjan\u00e7ant el qual \u00e9s podin combinar diversos v\u00eddeos i imatges que s&#8217;hagin pujat per crear-ne un de nou. \u00c9s podin retallar a els fragments per personalitzar la seva durada, afegir m\u00fasica a partir d&#8217;una biblioteca de pistes aprovades i Fer servir eines i Efectes especials. \u00c9s de gran Utilitat per a Treballs senzills, ha que no \u00e9s necessita Instal\u00b7lar cap aplicaci\u00f3n en ser una eina al n\u00favol, \u00e9s a dir, Treballa directament sobre Els arxius que estan allotjats a la xarxa social.<\/p>\n<p style=\"text-align: center;\"><a href=\"http:\/\/agora.xtec.cat\/col-carmelites\/wp-content\/uploads\/usu25\/2017\/09\/YouTube-logo-full_color.png\"><img loading=\"lazy\" decoding=\"async\" class=\"alignnone size-full wp-image-686\" src=\"http:\/\/agora.xtec.cat\/col-carmelites\/wp-content\/uploads\/usu25\/2017\/09\/YouTube-logo-full_color.png\" alt=\"\" width=\"506\" height=\"315\" srcset=\"https:\/\/agora.xtec.cat\/col-carmelites\/wp-content\/uploads\/usu25\/2017\/09\/YouTube-logo-full_color.png 506w, https:\/\/agora.xtec.cat\/col-carmelites\/wp-content\/uploads\/usu25\/2017\/09\/YouTube-logo-full_color-300x187.png 300w\" sizes=\"auto, (max-width: 506px) 100vw, 506px\" \/><\/a><\/p>\n","protected":false},"excerpt":{"rendered":"<p>YouTube: incorpora un editor de v\u00eddeos mitjan\u00e7ant el qual \u00e9s podin combinar diversos v\u00eddeos i imatges que s&#8217;hagin pujat per crear-ne un de nou. \u00c9s podin retallar a els fragments per personalitzar la seva durada, afegir m\u00fasica a partir d&#8217;una biblioteca de pistes aprovades i&hellip;  <a href=\"https:\/\/agora.xtec.cat\/col-carmelites\/suport-informatic\/youtube\/\" title=\"Read Youtube\">Llegeix m\u00e9s\u00bb<\/a><\/p>\n","protected":false},"author":1,"featured_media":0,"parent":669,"menu_order":20,"comment_status":"closed","ping_status":"closed","template":"","meta":{"_bbp_topic_count":0,"_bbp_reply_count":0,"_bbp_total_topic_count":0,"_bbp_total_reply_count":0,"_bbp_voice_count":0,"_bbp_anonymous_reply_count":0,"_bbp_topic_count_hidden":0,"_bbp_reply_count_hidden":0,"_bbp_forum_subforum_count":0,"footnotes":""},"class_list":["post-685","page","type-page","status-publish","hentry"],"post_mailing_queue_ids":[],"_links":{"self":[{"href":"https:\/\/agora.xtec.cat\/col-carmelites\/wp-json\/wp\/v2\/pages\/685","targetHints":{"allow":["GET"]}}],"collection":[{"href":"https:\/\/agora.xtec.cat\/col-carmelites\/wp-json\/wp\/v2\/pages"}],"about":[{"href":"https:\/\/agora.xtec.cat\/col-carmelites\/wp-json\/wp\/v2\/types\/page"}],"author":[{"embeddable":true,"href":"https:\/\/agora.xtec.cat\/col-carmelites\/wp-json\/wp\/v2\/users\/1"}],"replies":[{"embeddable":true,"href":"https:\/\/agora.xtec.cat\/col-carmelites\/wp-json\/wp\/v2\/comments?post=685"}],"version-history":[{"count":2,"href":"https:\/\/agora.xtec.cat\/col-carmelites\/wp-json\/wp\/v2\/pages\/685\/revisions"}],"predecessor-version":[{"id":688,"href":"https:\/\/agora.xtec.cat\/col-carmelites\/wp-json\/wp\/v2\/pages\/685\/revisions\/688"}],"up":[{"embeddable":true,"href":"https:\/\/agora.xtec.cat\/col-carmelites\/wp-json\/wp\/v2\/pages\/669"}],"wp:attachment":[{"href":"https:\/\/agora.xtec.cat\/col-carmelites\/wp-json\/wp\/v2\/media?parent=685"}],"curies":[{"name":"wp","href":"https:\/\/api.w.org\/{rel}","templated":true}]}}