{"id":671,"date":"2017-09-03T18:11:13","date_gmt":"2017-09-03T16:11:13","guid":{"rendered":"http:\/\/agora.xtec.cat\/col-carmelites\/?page_id=671"},"modified":"2017-09-03T18:32:56","modified_gmt":"2017-09-03T16:32:56","slug":"audicity","status":"publish","type":"page","link":"https:\/\/agora.xtec.cat\/col-carmelites\/suport-informatic\/audicity\/","title":{"rendered":"Audicity"},"content":{"rendered":"<p><b>Audacity<\/b>\u00a0\u00e9s un programa multiplataforma de gravaci\u00f3 i edici\u00f3 d&#8217;\u00e0udio, f\u00e0cil d&#8217;usar i\u00a0<a title=\"Programari lliure\" href=\"https:\/\/ca.wikipedia.org\/wiki\/Programari_lliure\">lliure<\/a>. La part gr\u00e0fica ha estat feta amb la llibreria\u00a0<a class=\"new\" title=\"WxWidgets (encara no existeix)\" href=\"https:\/\/ca.wikipedia.org\/w\/index.php?title=WxWidgets&amp;action=edit&amp;redlink=1\">wxWidgets<\/a>. \u00c9s un programa multiplataforma i es troba disponibles en diversos idiomes incloent el catal\u00e0.<\/p>\n<p>Va ser creat per Dominic Mazzoni mentre era estudiant a la\u00a0Carnegie Mellon University. Mazzoni treballa actualment a\u00a0Google\u00a0per\u00f2 continua com a principal desenvolupador del programa amb l&#8217;ajuda de voluntaris d&#8217;arreu del m\u00f3n. Es tracta d&#8217;un programa d&#8217;edici\u00f3 de so amb un gran popularitat, a finals de 2010 era el 10\u00e8 programa m\u00e9s descarregat des de\u00a0<a class=\"mw-redirect\" title=\"SourceForge.net\" href=\"https:\/\/ca.wikipedia.org\/wiki\/SourceForge.net\">SourceForge.net<\/a>\u00a0amb uns 72 milions de desc\u00e0rregues.<\/p>\n<p>&nbsp;<\/p>\n\r\n\t<div class=\"slideshow_container slideshow_container_style-light\" style=\"height: 300px; \" data-slideshow-id=\"673\" data-style-name=\"style-light\" data-style-version=\"2.3.1\" >\r\n\r\n\t\t\t\t\t<div class=\"slideshow_loading_icon\"><\/div>\r\n\t\t\r\n\t\t<div class=\"slideshow_content\" style=\"display: none;\">\r\n\r\n\t\t\t<div class=\"slideshow_view\">\r\n\t\t\t\t<div class=\"slideshow_slide slideshow_slide_image\">\r\n\t\t\t\t\t<a href=\"http:\/\/agora.xtec.cat\/col-carmelites\/wp-content\/uploads\/usu25\/2017\/09\/audacity2v.jpg\" target=\"_self\"  rel=\"nofollow\" >\t\t\t\t\t\t<img src=\"https:\/\/agora.xtec.cat\/col-carmelites\/wp-content\/uploads\/usu25\/2017\/09\/audacity2v.jpg\" alt=\"audacity2\" width=\"1280\" height=\"720\" \/>\r\n\t\t\t\t\t<\/a>\t\t\t\t\t<div class=\"slideshow_description_box slideshow_transparent\">\r\n\t\t\t\t\t\t<div class=\"slideshow_title\"><a href=\"http:\/\/agora.xtec.cat\/col-carmelites\/wp-content\/uploads\/usu25\/2017\/09\/audacity2v.jpg\" target=\"_self\"  rel=\"nofollow\" >audacity2<\/a><\/div>\t\t\t\t\t\t\t\t\t\t\t<\/div>\r\n\t\t\t\t<\/div>\r\n\r\n\t\t\t\t\t\t<div style=\"clear: both;\"><\/div><\/div><div class=\"slideshow_view\">\r\n\t\t\t\t<div class=\"slideshow_slide slideshow_slide_image\">\r\n\t\t\t\t\t\t\t\t\t\t\t<img src=\"https:\/\/agora.xtec.cat\/col-carmelites\/wp-content\/uploads\/usu25\/2017\/09\/audacity3.png\" alt=\"audacity3\" width=\"1592\" height=\"648\" \/>\r\n\t\t\t\t\t\t\t\t\t\t<div class=\"slideshow_description_box slideshow_transparent\">\r\n\t\t\t\t\t\t<div class=\"slideshow_title\">audacity3<\/div>\t\t\t\t\t\t\t\t\t\t\t<\/div>\r\n\t\t\t\t<\/div>\r\n\r\n\t\t\t\t\t\t<div style=\"clear: both;\"><\/div><\/div><div class=\"slideshow_view\">\r\n\t\t\t\t<div class=\"slideshow_slide slideshow_slide_image\">\r\n\t\t\t\t\t<a href=\"http:\/\/agora.xtec.cat\/col-carmelites\/wp-content\/uploads\/usu25\/2017\/09\/audacity1.jpg\" target=\"_self\"  rel=\"nofollow\" >\t\t\t\t\t\t<img src=\"https:\/\/agora.xtec.cat\/col-carmelites\/wp-content\/uploads\/usu25\/2017\/09\/audacity1.jpg\" alt=\"audacity1\" width=\"1280\" height=\"720\" \/>\r\n\t\t\t\t\t<\/a>\t\t\t\t\t<div class=\"slideshow_description_box slideshow_transparent\">\r\n\t\t\t\t\t\t<div class=\"slideshow_title\"><a href=\"http:\/\/agora.xtec.cat\/col-carmelites\/wp-content\/uploads\/usu25\/2017\/09\/audacity1.jpg\" target=\"_self\"  rel=\"nofollow\" >audacity1<\/a><\/div>\t\t\t\t\t\t\t\t\t\t\t<\/div>\r\n\t\t\t\t<\/div>\r\n\r\n\t\t\t\t\t\t<div style=\"clear: both;\"><\/div><\/div>\r\n\t\t<\/div>\r\n\r\n\t\t<div class=\"slideshow_controlPanel slideshow_transparent\" style=\"display: none;\"><ul><li class=\"slideshow_togglePlay\" data-play-text=\"Visualitza\" data-pause-text=\"Pausa\"><\/li><\/ul><\/div>\r\n\r\n\t\t<div class=\"slideshow_button slideshow_previous slideshow_transparent\" role=\"button\" data-previous-text=\"Anterior\" style=\"display: none;\"><\/div>\r\n\t\t<div class=\"slideshow_button slideshow_next slideshow_transparent\" role=\"button\" data-next-text=\"Seg\u00fcent\" style=\"display: none;\"><\/div>\r\n\r\n\t\t<div class=\"slideshow_pagination\" style=\"display: none;\" data-go-to-text=\"V\u00e9s a la diapositiva\"><div class=\"slideshow_pagination_center\"><\/div><\/div>\r\n\r\n\t\t<!-- WordPress Slideshow Version 2.3.1 -->\r\n\r\n\t\t\t<\/div>\r\n\r\n\n<p>&nbsp;<\/p>\n<p>Com que \u00e9s un programari de gravaci\u00f3 multipista, Audacity compleix els par\u00e0metres necessaris per poder ser utilitzat en un estudi de gravaci\u00f3 de pressupostos m\u00e9s baixos, tamb\u00e9 coneguts com &#8220;estudis casolans&#8221;. No t\u00e9 les mateixes funcions ni pot\u00e8ncia que programaris d&#8217;\u00fas comercial (Pro Tools, Cubase, FL Studio, etc.) per\u00f2 \u00e9s una eina bastant \u00fatil per a persones que comencen a experimentar el m\u00f3n de l&#8217;enregistrament multipista. Compta amb eines d&#8217;edici\u00f3 d&#8217;\u00e0udio com copiar, tallar, enganxar, juntament amb diversos tipus de connectors i diversos efectes b\u00e0sics bastant \u00fatils en una edici\u00f3.<\/p>\n<p>&nbsp;<\/p>\n","protected":false},"excerpt":{"rendered":"<p>Audacity\u00a0\u00e9s un programa multiplataforma de gravaci\u00f3 i edici\u00f3 d&#8217;\u00e0udio, f\u00e0cil d&#8217;usar i\u00a0<a title=\"Programari lliure\" href=\"https:\/\/ca.wikipedia.org\/wiki\/Programari_lliure\">lliure<\/a>. La part gr\u00e0fica ha estat feta amb la llibreria\u00a0<a class=\"new\" title=\"WxWidgets (encara no existeix)\" href=\"https:\/\/ca.wikipedia.org\/w\/index.php?title=WxWidgets&amp;action=edit&amp;redlink=1\">wxWidgets<\/a>. \u00c9s un programa multiplataforma i es troba disponibles en diversos idiomes incloent el catal\u00e0.<br \/>\nVa ser&hellip;  <a href=\"https:\/\/agora.xtec.cat\/col-carmelites\/suport-informatic\/audicity\/\" title=\"Read Audicity\">Llegeix m\u00e9s\u00bb<\/a><\/p>\n","protected":false},"author":1,"featured_media":0,"parent":669,"menu_order":0,"comment_status":"closed","ping_status":"closed","template":"","meta":{"_bbp_topic_count":0,"_bbp_reply_count":0,"_bbp_total_topic_count":0,"_bbp_total_reply_count":0,"_bbp_voice_count":0,"_bbp_anonymous_reply_count":0,"_bbp_topic_count_hidden":0,"_bbp_reply_count_hidden":0,"_bbp_forum_subforum_count":0,"footnotes":""},"class_list":["post-671","page","type-page","status-publish","hentry"],"post_mailing_queue_ids":[],"_links":{"self":[{"href":"https:\/\/agora.xtec.cat\/col-carmelites\/wp-json\/wp\/v2\/pages\/671","targetHints":{"allow":["GET"]}}],"collection":[{"href":"https:\/\/agora.xtec.cat\/col-carmelites\/wp-json\/wp\/v2\/pages"}],"about":[{"href":"https:\/\/agora.xtec.cat\/col-carmelites\/wp-json\/wp\/v2\/types\/page"}],"author":[{"embeddable":true,"href":"https:\/\/agora.xtec.cat\/col-carmelites\/wp-json\/wp\/v2\/users\/1"}],"replies":[{"embeddable":true,"href":"https:\/\/agora.xtec.cat\/col-carmelites\/wp-json\/wp\/v2\/comments?post=671"}],"version-history":[{"count":3,"href":"https:\/\/agora.xtec.cat\/col-carmelites\/wp-json\/wp\/v2\/pages\/671\/revisions"}],"predecessor-version":[{"id":681,"href":"https:\/\/agora.xtec.cat\/col-carmelites\/wp-json\/wp\/v2\/pages\/671\/revisions\/681"}],"up":[{"embeddable":true,"href":"https:\/\/agora.xtec.cat\/col-carmelites\/wp-json\/wp\/v2\/pages\/669"}],"wp:attachment":[{"href":"https:\/\/agora.xtec.cat\/col-carmelites\/wp-json\/wp\/v2\/media?parent=671"}],"curies":[{"name":"wp","href":"https:\/\/api.w.org\/{rel}","templated":true}]}}