{"id":566,"date":"2017-09-03T11:36:20","date_gmt":"2017-09-03T09:36:20","guid":{"rendered":"http:\/\/agora.xtec.cat\/col-carmelites\/?page_id=566"},"modified":"2017-09-03T12:14:14","modified_gmt":"2017-09-03T10:14:14","slug":"taula-de-mescles","status":"publish","type":"page","link":"https:\/\/agora.xtec.cat\/col-carmelites\/estudis\/taula-de-mescles\/","title":{"rendered":"Taula de mescles"},"content":{"rendered":"<p>En \u00e0udio professional, una\u00a0<b>taula de mescles<\/b>, o\u00a0<b>mesclador d&#8217;\u00e0udio<\/b>, \u00e9s un aparell electr\u00f2nic per a combinar (tamb\u00e9 anomenat &#8220;mesclar&#8221;), encaminar, i canviar el nivell,\u00a0<a title=\"Timbre\" href=\"https:\/\/ca.wikipedia.org\/wiki\/Timbre\">timbre<\/a>\u00a0i\/o din\u00e0miques de senyals d&#8217;\u00e0udio. Per tant, la taula de mescles constitueix el centre neur\u00e0lgic de tot sistema de so, ja que tots els seus dispositius van cap a ella:\u00a0micr\u00f2fons,\u00a0<a title=\"Sampler\" href=\"https:\/\/ca.wikipedia.org\/wiki\/Sampler\">samplers<\/a>,\u00a0<a title=\"Sintetitzador\" href=\"https:\/\/ca.wikipedia.org\/wiki\/Sintetitzador\">sintetitzadors<\/a>, reproductors de cintes, etc.Aquestes ones anal\u00f2giques entrants s\u00f3n processades de manera espec\u00edfica per donar com a resultat una mescla sonora de sortida:\u00a0<a title=\"So monoaural\" href=\"https:\/\/ca.wikipedia.org\/wiki\/So_monoaural\">mono<\/a>,\u00a0<a class=\"mw-redirect\" title=\"So est\u00e8reo\" href=\"https:\/\/ca.wikipedia.org\/wiki\/So_est%C3%A8reo\">est\u00e8reo<\/a>\u00a0o multicanal.<\/p>\n<p><span style=\"font-family: inherit; font-size: 1em;\">Un mesclador permet mesclar\u00a0<a title=\"Senyal anal\u00f2gic\" href=\"https:\/\/ca.wikipedia.org\/wiki\/Senyal_anal%C3%B2gic\">senyals anal\u00f2gics<\/a>\u00a0o\u00a0<a title=\"Senyal digital\" href=\"https:\/\/ca.wikipedia.org\/wiki\/Senyal_digital\">digitals<\/a>, depenent del tipus de mesclador. Els senyals modificats (<a class=\"mw-redirect\" title=\"Voltatge\" href=\"https:\/\/ca.wikipedia.org\/wiki\/Voltatge\">voltatges<\/a>\u00a0o mostres digitals) s\u00f3n afegits per produir els senyals combinats de sortida. Aix\u00ed mateix, els mescladors d&#8217;\u00e0udio s&#8217;empren en moltes aplicacions, inclosos\u00a0<a title=\"Estudi de gravaci\u00f3\" href=\"https:\/\/ca.wikipedia.org\/wiki\/Estudi_de_gravaci%C3%B3\">estudis de gravaci\u00f3<\/a>, radiodifusi\u00f3, televisi\u00f3, post producci\u00f3 de cinema i similars. Un exemple d&#8217;una aplicaci\u00f3 simple seria permetre que els senyals que han estat originats en dos\u00a0<a title=\"Micr\u00f2fon\" href=\"https:\/\/ca.wikipedia.org\/wiki\/Micr%C3%B2fon\">micr\u00f2fons<\/a>\u00a0separats (ambd\u00f3s sent emprats per vocalistes cantant un mateix duet, per exemple) sonin a trav\u00e9s d&#8217;un joc d&#8217;<a title=\"Altaveu\" href=\"https:\/\/ca.wikipedia.org\/wiki\/Altaveu\">altaveus<\/a>simult\u00e0niament. Quan \u00e9s emprat per a actuacions en directe, el senyal produ\u00eft pel mesclador ser\u00e0 normalment enviat directament a un amplificador, a menys que aquest ja tingui\u00a0<a title=\"Amplificador d'\u00e0udio\" href=\"https:\/\/ca.wikipedia.org\/wiki\/Amplificador_d%27%C3%A0udio\">amplificador<\/a>, o estigui connectat a\u00a0<a class=\"mw-redirect\" title=\"Altaveus\" href=\"https:\/\/ca.wikipedia.org\/wiki\/Altaveus\">altaveus<\/a>\u00a0actius. Actualment, s\u00f3n una eina primordial pels\u00a0<a title=\"Discj\u00f2quei\" href=\"https:\/\/ca.wikipedia.org\/wiki\/Discj%C3%B2quei\">DJ<\/a>\u00a0i altres tipus de musics.<\/span><\/p>\n<p>&nbsp;<\/p>\n<p><span style=\"font-family: inherit; font-size: 1em;\">\r\n\t<div class=\"slideshow_container slideshow_container_style-light\" style=\"height: 300px; \" data-slideshow-id=\"570\" data-style-name=\"style-light\" data-style-version=\"2.3.1\" >\r\n\r\n\t\t\t\t\t<div class=\"slideshow_loading_icon\"><\/div>\r\n\t\t\r\n\t\t<div class=\"slideshow_content\" style=\"display: none;\">\r\n\r\n\t\t\t<div class=\"slideshow_view\">\r\n\t\t\t\t<div class=\"slideshow_slide slideshow_slide_image\">\r\n\t\t\t\t\t\t\t\t\t\t\t<img src=\"https:\/\/agora.xtec.cat\/col-carmelites\/wp-content\/uploads\/usu25\/2017\/09\/taula4.jpg\" alt=\"taula de mescles 1\" width=\"1920\" height=\"1080\" \/>\r\n\t\t\t\t\t\t\t\t\t\t<div class=\"slideshow_description_box slideshow_transparent\">\r\n\t\t\t\t\t\t<div class=\"slideshow_title\">taula de mescles 1<\/div>\t\t\t\t\t\t\t\t\t\t\t<\/div>\r\n\t\t\t\t<\/div>\r\n\r\n\t\t\t\t\t\t<div style=\"clear: both;\"><\/div><\/div><div class=\"slideshow_view\">\r\n\t\t\t\t<div class=\"slideshow_slide slideshow_slide_image\">\r\n\t\t\t\t\t\t\t\t\t\t\t<img src=\"https:\/\/agora.xtec.cat\/col-carmelites\/wp-content\/uploads\/usu25\/2017\/09\/taula3.jpg\" alt=\"taula de mescles 2\" width=\"1920\" height=\"1280\" \/>\r\n\t\t\t\t\t\t\t\t\t\t<div class=\"slideshow_description_box slideshow_transparent\">\r\n\t\t\t\t\t\t<div class=\"slideshow_title\">taula de mescles 2<\/div>\t\t\t\t\t\t\t\t\t\t\t<\/div>\r\n\t\t\t\t<\/div>\r\n\r\n\t\t\t\t\t\t<div style=\"clear: both;\"><\/div><\/div><div class=\"slideshow_view\">\r\n\t\t\t\t<div class=\"slideshow_slide slideshow_slide_image\">\r\n\t\t\t\t\t\t\t\t\t\t\t<img src=\"https:\/\/agora.xtec.cat\/col-carmelites\/wp-content\/uploads\/usu25\/2017\/09\/taula2.jpg\" alt=\"taula de mescles 3\" width=\"1920\" height=\"1080\" \/>\r\n\t\t\t\t\t\t\t\t\t\t<div class=\"slideshow_description_box slideshow_transparent\">\r\n\t\t\t\t\t\t<div class=\"slideshow_title\">taula de mescles 3<\/div>\t\t\t\t\t\t\t\t\t\t\t<\/div>\r\n\t\t\t\t<\/div>\r\n\r\n\t\t\t\t\t\t<div style=\"clear: both;\"><\/div><\/div><div class=\"slideshow_view\">\r\n\t\t\t\t<div class=\"slideshow_slide slideshow_slide_image\">\r\n\t\t\t\t\t\t\t\t\t\t\t<img src=\"https:\/\/agora.xtec.cat\/col-carmelites\/wp-content\/uploads\/usu25\/2017\/09\/taula1.jpg\" alt=\"taula de mescles 4\" width=\"1920\" height=\"1080\" \/>\r\n\t\t\t\t\t\t\t\t\t\t<div class=\"slideshow_description_box slideshow_transparent\">\r\n\t\t\t\t\t\t<div class=\"slideshow_title\">taula de mescles 4<\/div>\t\t\t\t\t\t\t\t\t\t\t<\/div>\r\n\t\t\t\t<\/div>\r\n\r\n\t\t\t\t\t\t<div style=\"clear: both;\"><\/div><\/div>\r\n\t\t<\/div>\r\n\r\n\t\t<div class=\"slideshow_controlPanel slideshow_transparent\" style=\"display: none;\"><ul><li class=\"slideshow_togglePlay\" data-play-text=\"Visualitza\" data-pause-text=\"Pausa\"><\/li><\/ul><\/div>\r\n\r\n\t\t<div class=\"slideshow_button slideshow_previous slideshow_transparent\" role=\"button\" data-previous-text=\"Anterior\" style=\"display: none;\"><\/div>\r\n\t\t<div class=\"slideshow_button slideshow_next slideshow_transparent\" role=\"button\" data-next-text=\"Seg\u00fcent\" style=\"display: none;\"><\/div>\r\n\r\n\t\t<div class=\"slideshow_pagination\" style=\"display: none;\" data-go-to-text=\"V\u00e9s a la diapositiva\"><div class=\"slideshow_pagination_center\"><\/div><\/div>\r\n\r\n\t\t<!-- WordPress Slideshow Version 2.3.1 -->\r\n\r\n\t\t\t<\/div>\r\n\r\n<\/span><\/p>\n<p>&nbsp;<\/p>\n<p>&nbsp;<\/p>\n<p>Per si vols saber m\u00e9s&#8230;<\/p>\n<p>Les taules de mescles\u00a0<a title=\"Senyal anal\u00f2gic\" href=\"https:\/\/ca.wikipedia.org\/wiki\/Senyal_anal%C3%B2gic\">anal\u00f2giques<\/a>\u00a0tracten el senyal d\u2019\u00e0udio de forma el\u00e8ctrica, \u00e9s a dir, de forma anal\u00f2gica, i tenen la particularitat que actuen directament sobre els senyals que entren o surten de la taula. Per tant, els diferents\u00a0<a class=\"mw-redirect\" title=\"\u00c0udio\" href=\"https:\/\/ca.wikipedia.org\/wiki\/%C3%80udio\">\u00e0udios<\/a>\u00a0passen f\u00edsicament pels controls de la taula i aquests s\u00f3n tractats directament pel t\u00e8cnic de so.<\/p>\n<p>Tot i que actualment la majoria d\u2019aparells de so disposen de sortides\u00a0<a class=\"mw-redirect\" title=\"Digital\" href=\"https:\/\/ca.wikipedia.org\/wiki\/Digital\">digitals<\/a>, per facilitar-ne el tractament, s\u00f3n moltes les aplicacions que no necessiten tenir una sortida digital per\u00f2 si multitud de sortides i entrades anal\u00f2giques.<\/p>\n<h3><span id=\"Estructura\" class=\"mw-headline\">Estructura<\/span><\/h3>\n<p>Una taula de mescles la conformen diferents parts: els canals d\u2019entrada, els busos de tractament, els controls de sortida i el monitoratge.<\/p>\n<h4><span id=\"Canals_d.E2.80.99entrada_b.C3.A0sics\" class=\"mw-headline\">Canals d\u2019entrada b\u00e0sics<\/span><\/h4>\n<p>Aquests s\u00f3n els canals que permeten l\u2019entrada de senyals i que, generalment, acostumen a dividir-se en dues entrades diferents que no permeten l\u2019\u00fas simultani: per a micr\u00f2fon i para nivell en l\u00ednia. Aquest senyal entrant fa un recorregut on primerament passa pel GAIN o TRIM, que \u00e9s un potenci\u00f2metre on s\u2019ajusta el guany (amplificaci\u00f3) d\u2019entrada. Seguidament s\u2019acostuma a aplicar un\u00a0<a title=\"Filtre passaalt\" href=\"https:\/\/ca.wikipedia.org\/wiki\/Filtre_passaalt\">filtre passaalt<\/a>\u00a0amb una\u00a0<a title=\"Freq\u00fc\u00e8ncia\" href=\"https:\/\/ca.wikipedia.org\/wiki\/Freq%C3%BC%C3%A8ncia\">freq\u00fc\u00e8ncia<\/a>\u00a0de tall de 60<a title=\"Hertz\" href=\"https:\/\/ca.wikipedia.org\/wiki\/Hertz\">Hz<\/a>, aproximadament, per tal d&#8217;eliminar els possibles sorolls procedents de la tensi\u00f3 de la xarxa el\u00e8ctrica. Aix\u00ed mateix, el senyal passa per l\u2019<a title=\"Equalitzador\" href=\"https:\/\/ca.wikipedia.org\/wiki\/Equalitzador\">equalitzador<\/a>\u00a0param\u00e8tric de cada canal, en el que es poden diferenciar tres bandes: greus, mitjos i aguts. Alguns mescladors tenen un control general d&#8217;equalitzaci\u00f3 (ja sigui gr\u00e0fic o param\u00e8tric) a la sortida. Seguit a l&#8217;<a title=\"Equalitzador\" href=\"https:\/\/ca.wikipedia.org\/wiki\/Equalitzador\">equalitzador<\/a>\u00a0es troben els busos auxiliars, els\u00a0<i>faders<\/i>, el control de balan\u00e7 (o panorama), que determina la proporci\u00f3 dels senyals entrants d\u2019esquerra i dreta, etc.<\/p>\n<p>Cada entrada t\u00e9 assignat un canal, i aquest compta amb tots els controls necessaris esmentats anteriorment, \u00e9s aquesta la ra\u00f3 per qu\u00e8 les taules de mescles tenen una gran quantitat de botons i controls.<\/p>\n<p>Quan per les entrades de l\u00ednia es connecten dispositius que necessiten una alimentaci\u00f3, com \u00e9s el cas en els\u00a0<a title=\"Micr\u00f2fon\" href=\"https:\/\/ca.wikipedia.org\/wiki\/Micr%C3%B2fon\">micr\u00f2fons<\/a>\u00a0de condensador, la taula ha de disposar d&#8217;uns circuits (o\u00a0<i>phantom<\/i>) que ens proporcionin aquesta\u00a0<a class=\"mw-redirect\" title=\"Telecomunicacions\" href=\"https:\/\/ca.wikipedia.org\/wiki\/Telecomunicacions\">connexi\u00f3<\/a>.<\/p>\n<h4><span id=\"Busos\" class=\"mw-headline\">Busos<\/span><\/h4>\n<p>Les sortides de tots els canals d\u2019entrada van als diferents\u00a0<a title=\"Bus (inform\u00e0tica)\" href=\"https:\/\/ca.wikipedia.org\/wiki\/Bus_(inform%C3%A0tica)\">busos<\/a>. Aquests busos, despr\u00e9s de ser controlats pels controls de sortida, conformaran les sortides de senyal de la taula de mescles.<\/p>\n<p>El bus principal \u00e9s el conegut com \u201cprograma\u201d o \u201c<i>master<\/i>\u201d, normalment l&#8217;\u00fanic que suporta dos canals (produccions estereof\u00f2niques). Un altre tipus de busos que s&#8217;assignen a controls intermedis, els anomenats &#8220;grups&#8221;, tenen la finalitat d&#8217;agrupar diferents canals d&#8217;entrada en un control com\u00fa on tamb\u00e9 poden ser novament enviats als &#8220;masters&#8221; o sortides principals de la taula.<\/p>\n<p>A part d&#8217;aquests dos tipus de busos existeix un tercer tipus: s\u00f3n els anomenats &#8220;auxiliars&#8221; i serveixen per realitzar les mescles necess\u00e0ries per a la producci\u00f3 o contribuci\u00f3. Aix\u00ed mateix, ofereixen la possibilitat de fer una c\u00f2pia d\u2019un o de diversos canals i reunir-les en una sortida auxiliar com si fos una altra sortida. Aquest control tamb\u00e9 es pot utilitzar per a\u00a0<a class=\"mw-disambig\" title=\"Monitoratge\" href=\"https:\/\/ca.wikipedia.org\/wiki\/Monitoratge\">monitorar<\/a>. Normalment, els senyals que es reenvien a aquests busos poden ser seleccionades d&#8217;abans del\u00a0<i>fader<\/i>\u00a0(<i>prefader<\/i>) o despr\u00e9s del mateix (<i>postfader<\/i>). Segons la grand\u00e0ria i prestacions de la taula variar\u00e0 el nombre i les prestacions dels busos auxiliars.<\/p>\n<h4><span id=\"Controls_de_sortida\" class=\"mw-headline\">Controls de sortida<\/span><\/h4>\n<p>En els controls de sortida es poden distingir entre els &#8220;grups&#8221; i els &#8220;master&#8221;. Els grups i m\u00e0ster tenen aparen\u00e7a molt similar a la dels canals d&#8217;entrada, per\u00f2 en aquest cas el senyal el rep dels busos, encara que tamb\u00e9 poden tenir alguna entrada exterior, la matriu i punts d\u2019inserci\u00f3. Aquests controls permeten controlar diversos senyals d&#8217;entrada alhora, mentre que la matriu pot fer una mescla variant la relaci\u00f3 sonora d\u2019aquests grups, d\u2019una forma independent a la mescla general, i enviar-la a les altres sortides.<\/p>\n<h4><span id=\"Monitoritzadors_i_mesuradors\" class=\"mw-headline\">Monitoritzadors i mesuradors<\/span><\/h4>\n<p>Per poder operar correctament \u00e9s necessari escoltar\u00a0\u00a0i visualitzar de forma precisa els diferents senyals i formes amb els que s\u2019est\u00e0 treballant. Per fer-ho, hi ha un sistema que permet monitorar cadascun dels senyals en els diferents punts de la taula per escoltar-les i tamb\u00e9 per controlar-les visualment. Aix\u00f2 \u00e9s possible mitjan\u00e7ant un sistema de mesuradors en el que es pot veure els diferents nivells i fases dels senyals que es desitgen controlar.<\/p>\n<p>D\u2019altra banda, hi ha una s\u00e8rie d&#8217;elements auxiliars que serveixen d&#8217;ajuda a la producci\u00f3 i l&#8217;ajust sonor. Les taules de mescles d&#8217;\u00e0udio solen incorporar generadors de senyal patr\u00f3. Depenent de les prestacions de la taula aquest generador \u00e9s m\u00e9s o menys potent podent arribar a generar qualsevol\u00a0<a title=\"Freq\u00fc\u00e8ncia\" href=\"https:\/\/ca.wikipedia.org\/wiki\/Freq%C3%BC%C3%A8ncia\">freq\u00fc\u00e8ncia<\/a>\u00a0a qualsevol nivell i, fins i tot, patrons de soroll, com el\u00a0<a title=\"Soroll rosa\" href=\"https:\/\/ca.wikipedia.org\/wiki\/Soroll_rosa\">soroll rosa<\/a>\u00a0o el\u00a0<a title=\"Soroll blanc\" href=\"https:\/\/ca.wikipedia.org\/wiki\/Soroll_blanc\">soroll blanc<\/a>.<\/p>\n<p>Tamb\u00e9 s\u2019acostuma a utilitzar un sistema d&#8217;intercomunicaci\u00f3, que pot inserir-se en qualsevol de les sortides (encara que en taules simples sol estar designat a un auxiliar concret) i que permet la intercomunicaci\u00f3 del t\u00e8cnic de so amb les diferents fonts de senyals (plat\u00f3s, escenaris&#8230;) o amb el personal de la producci\u00f3.<\/p>\n<p>En tot moment les actuacions i manipulacions del senyal d&#8217;\u00e0udio es realitzen directament sobre ella passant aquesta a trav\u00e9s de tots els elements que componen el sistema.<\/p>\n<h2><span id=\"Taula_de_mescles_digital\" class=\"mw-headline\">Taula de mescles digital<\/span><\/h2>\n<p>En l&#8217;\u00faltima d\u00e8cada del segle XX es va comen\u00e7ar a desenvolupar l&#8217;<a title=\"\u00c0udio digital\" href=\"https:\/\/ca.wikipedia.org\/wiki\/%C3%80udio_digital\">\u00e0udio digital<\/a>. Amb l&#8217;augment de la capacitat de processament i la generalitzaci\u00f3 de les instal\u00b7lacions d&#8217;aquesta tecnologia, es va comen\u00e7ar a desenvolupar les taules de mescles digitals.<\/p>\n<p>En les taules de mescles digitals les entrades i sortides poden ser tant anal\u00f2giques com digitals, per\u00f2 el tractament intern dels senyals es fa a trav\u00e9s de domini digital, \u00e9s a dir, que la taula digital transforma el senyal anal\u00f2gic d\u2019entrada en\u00a0<a class=\"mw-redirect\" title=\"Codi binari\" href=\"https:\/\/ca.wikipedia.org\/wiki\/Codi_binari\">codi binari<\/a>.\u00a0Aix\u00ed mateix, aquestes taules permeten memoritzar i guardar la informaci\u00f3, sobretot els ajustos fets en els controls de cada canal,\u00a0<a title=\"Automatitzaci\u00f3\" href=\"https:\/\/ca.wikipedia.org\/wiki\/Automatitzaci%C3%B3\">automatitzant<\/a>\u00a0molts dels processos que es poden realitzar amb elles.<\/p>\n<p>Per tant, encara que moltes de les funcions i canals de la taula de mescles digitals siguin pr\u00e0cticament iguals que els de l&#8217;anal\u00f2gica, la digital permet ampliar la quantitat de funcions de so, a la mateixa vegada que facilita el treball a l\u2019usuari.<\/p>\n<h2><span id=\"Taula_de_mescles_virtual\" class=\"mw-headline\">Taula de mescles virtual<\/span><\/h2>\n<div class=\"thumb tright\">\n<div class=\"thumbinner\">\n<div class=\"thumbcaption\">\n<div class=\"magnify\"><\/div>\n<p>Imatge de la matriu o\u00a0<i>matrix<\/i>\u00a0d&#8217;un programari lliure per controlar la taula de mescles d&#8217;\u00e0udio de Yamaha M7CL. El programari o\u00a0<i>software<\/i>\u00a0\u00e9s el\u00a0<i>Yamaha&#8217;s Studio Manager<\/i>.<\/p>\n<\/div>\n<\/div>\n<\/div>\n<p>La taula de mescles virtual, o consola virtual o totalment digital, no \u00e9s una taula de mescles en la seva complexitat, sin\u00f3 que \u00e9s un sistema integrat en\u00a0<a title=\"Ordinador\" href=\"https:\/\/ca.wikipedia.org\/wiki\/Ordinador\">ordinador<\/a>\u00a0amb programes especialitzats per gravar \u00e0udio estereof\u00f2nic o multipista directament al\u00a0<a title=\"Disc dur\" href=\"https:\/\/ca.wikipedia.org\/wiki\/Disc_dur\">disc dur<\/a>, \u00e9s a dir, que els senyals no passen en cap moment pels elements de control i no requereixen una estructura fixa pr\u00e8via.<\/p>\n<p>En la taula virtual, la font sonora s\u2019alimenta directament d\u2019un ordinador. A trav\u00e9s del monitor de l\u2019ordinador es troben els controls de la consola (<i>faders<\/i>,\u00a0<a class=\"mw-redirect\" title=\"Equalitzaci\u00f3\" href=\"https:\/\/ca.wikipedia.org\/wiki\/Equalitzaci%C3%B3\">equalitzaci\u00f3<\/a>, distribuci\u00f3 panor\u00e0mica&#8230;), que es poden controlar amb el ratol\u00ed i el teclat.<\/p>\n<p>Com no existeixen f\u00edsicament ni canals d&#8217;entrada, ni\u00a0<a title=\"Bus (inform\u00e0tica)\" href=\"https:\/\/ca.wikipedia.org\/wiki\/Bus_(inform%C3%A0tica)\">busos<\/a>, ni controls de sortida s&#8217;ha de definir una taula de mescles virtual similar al que seria la\u00a0<a title=\"Configuraci\u00f3 electr\u00f2nica\" href=\"https:\/\/ca.wikipedia.org\/wiki\/Configuraci%C3%B3_electr%C3%B2nica\">configuraci\u00f3<\/a>\u00a0d&#8217;una anal\u00f2gica. Mitjan\u00e7ant una aplicaci\u00f3 inform\u00e0tica es defineix la taula virtual que es vol tenir. En aquesta configuraci\u00f3 cal definir el nombre de canals d&#8217;entrada i el seu tipus, el nombre de busos, el nombre de canals de grup que hi haur\u00e0 en el\u00a0<i>master<\/i>, etc. Tamb\u00e9 es defineix els processos de control que es poden aplicar a l&#8217;\u00e0udio, compressors, limitadors, portes de soroll,\u00a0<a title=\"Filtre electr\u00f2nic\" href=\"https:\/\/ca.wikipedia.org\/wiki\/Filtre_electr%C3%B2nic\">filtres<\/a>, equalitzadors&#8230;<\/p>\n<p>El nombre de canals d&#8217;una consola virtual pot variar depenent de la capacitat del disc dur. Aix\u00ed mateix, com els canals d&#8217;entrada no depenen d\u2019un nombre de controls f\u00edsics existents, es poden fer configuracions en capes que permeten anar assignant entrades a diferents canals i canals a diferents controls en temps real. Aix\u00f2 d\u00f3na un grau de flexibilitat gaireb\u00e9 infinit.<\/p>\n<p>Igual que en les taules digitals, en estar tot aix\u00f2 basat en programaci\u00f3, \u00e9s a dir en\u00a0<a title=\"Programari\" href=\"https:\/\/ca.wikipedia.org\/wiki\/Programari\"><i>software<\/i><\/a>, es pot guardar i recuperar en qualsevol moment tot el tractament i tenir diferents versions per a diferents programes o per a diferents t\u00e8cnics, adaptant-se el sistema a cada circumst\u00e0ncia.<\/p>\n<p>Un altre gran avantatge \u00e9s la possibilitat de treballar din\u00e0micament entre diverses taules en qu\u00e8 es pot transferir la informaci\u00f3 entre elles o entre sistemes de control de post-producci\u00f3 i producci\u00f3.<\/p>\n<h2><span id=\"Altres_funcions\" class=\"mw-headline\">Altres funcions<\/span><\/h2>\n<p>Moltes taules de mescles, tot i que no totes, tamb\u00e9 poden albergar diferents funcions:<\/p>\n<ul>\n<li>Incorporar\u00a0<a class=\"mw-redirect\" title=\"Efecte de so\" href=\"https:\/\/ca.wikipedia.org\/wiki\/Efecte_de_so\">efectes sonors<\/a>\u00a0externs<\/li>\n<li>Utilitzar el senyal mono i traduir-la en est\u00e8reo gr\u00e0cies als controls panor\u00e0mics i de balan\u00e7<\/li>\n<li>Proporcionar energia\u00a0<i>phantom<\/i>\u00a0per alguns micr\u00f2fons<\/li>\n<li>Modificacions de to a trav\u00e9s de l&#8217;<a title=\"Oscil\u00b7lador\" href=\"https:\/\/ca.wikipedia.org\/wiki\/Oscil%C2%B7lador\">oscil\u00b7lador<\/a>.<\/li>\n<li>Afegir efectes interns.<\/li>\n<li>Llegir i escriure l&#8217;automatitzaci\u00f3 de la consola.<\/li>\n<li>Interconnexi\u00f3 amb els ordinadors o altres equips de gravaci\u00f3 (per controlar el mesclador amb\u00a0<i>presets<\/i>\u00a0d&#8217;ordinador, per exemple).<\/li>\n<li>Controlar o ser controlat per una estaci\u00f3 de treball d&#8217;\u00e0udio digital a trav\u00e9s de\u00a0<a title=\"MIDI\" href=\"https:\/\/ca.wikipedia.org\/wiki\/MIDI\">MIDI<\/a>\u00a0o altres comandaments.<\/li>\n<li>Ser carregat per bateries.<\/li>\n<\/ul>\n","protected":false},"excerpt":{"rendered":"<p>En \u00e0udio professional, una\u00a0taula de mescles, o\u00a0mesclador d&#8217;\u00e0udio, \u00e9s un aparell electr\u00f2nic per a combinar (tamb\u00e9 anomenat &#8220;mesclar&#8221;), encaminar, i canviar el nivell,\u00a0<a title=\"Timbre\" href=\"https:\/\/ca.wikipedia.org\/wiki\/Timbre\">timbre<\/a>\u00a0i\/o din\u00e0miques de senyals d&#8217;\u00e0udio. Per tant, la taula de mescles constitueix el centre neur\u00e0lgic de tot sistema de so, ja&hellip;  <a href=\"https:\/\/agora.xtec.cat\/col-carmelites\/estudis\/taula-de-mescles\/\" title=\"Read Taula de mescles\">Llegeix m\u00e9s\u00bb<\/a><\/p>\n","protected":false},"author":1,"featured_media":0,"parent":195,"menu_order":0,"comment_status":"closed","ping_status":"closed","template":"","meta":{"_bbp_topic_count":0,"_bbp_reply_count":0,"_bbp_total_topic_count":0,"_bbp_total_reply_count":0,"_bbp_voice_count":0,"_bbp_anonymous_reply_count":0,"_bbp_topic_count_hidden":0,"_bbp_reply_count_hidden":0,"_bbp_forum_subforum_count":0,"footnotes":""},"class_list":["post-566","page","type-page","status-publish","hentry"],"post_mailing_queue_ids":[],"_links":{"self":[{"href":"https:\/\/agora.xtec.cat\/col-carmelites\/wp-json\/wp\/v2\/pages\/566","targetHints":{"allow":["GET"]}}],"collection":[{"href":"https:\/\/agora.xtec.cat\/col-carmelites\/wp-json\/wp\/v2\/pages"}],"about":[{"href":"https:\/\/agora.xtec.cat\/col-carmelites\/wp-json\/wp\/v2\/types\/page"}],"author":[{"embeddable":true,"href":"https:\/\/agora.xtec.cat\/col-carmelites\/wp-json\/wp\/v2\/users\/1"}],"replies":[{"embeddable":true,"href":"https:\/\/agora.xtec.cat\/col-carmelites\/wp-json\/wp\/v2\/comments?post=566"}],"version-history":[{"count":3,"href":"https:\/\/agora.xtec.cat\/col-carmelites\/wp-json\/wp\/v2\/pages\/566\/revisions"}],"predecessor-version":[{"id":581,"href":"https:\/\/agora.xtec.cat\/col-carmelites\/wp-json\/wp\/v2\/pages\/566\/revisions\/581"}],"up":[{"embeddable":true,"href":"https:\/\/agora.xtec.cat\/col-carmelites\/wp-json\/wp\/v2\/pages\/195"}],"wp:attachment":[{"href":"https:\/\/agora.xtec.cat\/col-carmelites\/wp-json\/wp\/v2\/media?parent=566"}],"curies":[{"name":"wp","href":"https:\/\/api.w.org\/{rel}","templated":true}]}}