{"id":49,"date":"2014-09-17T16:55:55","date_gmt":"2014-09-17T14:55:55","guid":{"rendered":"http:\/\/agora.xtec.cat\/col-carmelites\/?page_id=49"},"modified":"2017-09-04T19:17:42","modified_gmt":"2017-09-04T17:17:42","slug":"normes-dorganitzacio-i-funcionament","status":"publish","type":"page","link":"https:\/\/agora.xtec.cat\/col-carmelites\/projecte-educatiu\/normes-dorganitzacio-i-funcionament\/","title":{"rendered":"Funcionament"},"content":{"rendered":"<p>Pel que fa a les normes de funcionament de la r\u00e0dio, i una vegada explicat el rols que la gestionen, potser el m\u00e9s important \u00e9s que tots aquest rols de c\u00e0rrecs roten continuament cada vegada que es fa un programa nou, es a dir que al final tothom haur\u00e0 experimentat amb tots els treballs que es desenvolupen per poder portar a terme un programa de r\u00e0dio i tot el que comporta la seva realitzaci\u00f3 des de que es prepara fins que finalment surt per antena.<\/p>\n<p>De fet aquesta forma de funcionar es potser el m\u00e9s interesant i el que fa que sigui m\u00e9s atractiu, ja que d&#8217;aquesta manera l&#8217;assignatura es fa molt din\u00e0mica i diversa amb diferents formes de treballar i experimentar el que realment t&#8217;agrada dins d&#8217;un mateix treball.<\/p>\n","protected":false},"excerpt":{"rendered":"<p>Pel que fa a les normes de funcionament de la r\u00e0dio, i una vegada explicat el rols que la gestionen, potser el m\u00e9s important \u00e9s que tots aquest rols de c\u00e0rrecs roten continuament cada vegada que es fa un programa nou, es a dir que&hellip;  <a href=\"https:\/\/agora.xtec.cat\/col-carmelites\/projecte-educatiu\/normes-dorganitzacio-i-funcionament\/\" title=\"Read Funcionament\">Llegeix m\u00e9s\u00bb<\/a><\/p>\n","protected":false},"author":1,"featured_media":0,"parent":57,"menu_order":40,"comment_status":"closed","ping_status":"closed","template":"page-templates\/side-menu.php","meta":{"_bbp_topic_count":0,"_bbp_reply_count":0,"_bbp_total_topic_count":0,"_bbp_total_reply_count":0,"_bbp_voice_count":0,"_bbp_anonymous_reply_count":0,"_bbp_topic_count_hidden":0,"_bbp_reply_count_hidden":0,"_bbp_forum_subforum_count":0,"footnotes":""},"class_list":["post-49","page","type-page","status-publish","hentry"],"post_mailing_queue_ids":[],"_links":{"self":[{"href":"https:\/\/agora.xtec.cat\/col-carmelites\/wp-json\/wp\/v2\/pages\/49","targetHints":{"allow":["GET"]}}],"collection":[{"href":"https:\/\/agora.xtec.cat\/col-carmelites\/wp-json\/wp\/v2\/pages"}],"about":[{"href":"https:\/\/agora.xtec.cat\/col-carmelites\/wp-json\/wp\/v2\/types\/page"}],"author":[{"embeddable":true,"href":"https:\/\/agora.xtec.cat\/col-carmelites\/wp-json\/wp\/v2\/users\/1"}],"replies":[{"embeddable":true,"href":"https:\/\/agora.xtec.cat\/col-carmelites\/wp-json\/wp\/v2\/comments?post=49"}],"version-history":[{"count":4,"href":"https:\/\/agora.xtec.cat\/col-carmelites\/wp-json\/wp\/v2\/pages\/49\/revisions"}],"predecessor-version":[{"id":694,"href":"https:\/\/agora.xtec.cat\/col-carmelites\/wp-json\/wp\/v2\/pages\/49\/revisions\/694"}],"up":[{"embeddable":true,"href":"https:\/\/agora.xtec.cat\/col-carmelites\/wp-json\/wp\/v2\/pages\/57"}],"wp:attachment":[{"href":"https:\/\/agora.xtec.cat\/col-carmelites\/wp-json\/wp\/v2\/media?parent=49"}],"curies":[{"name":"wp","href":"https:\/\/api.w.org\/{rel}","templated":true}]}}