{"id":46,"date":"2014-09-17T16:53:45","date_gmt":"2014-09-17T14:53:45","guid":{"rendered":"http:\/\/agora.xtec.cat\/col-carmelites\/?page_id=46"},"modified":"2017-09-04T19:17:34","modified_gmt":"2017-09-04T17:17:34","slug":"organigrama","status":"publish","type":"page","link":"https:\/\/agora.xtec.cat\/col-carmelites\/projecte-educatiu\/organigrama\/","title":{"rendered":"Organigrama"},"content":{"rendered":"<p>La r\u00e0dio est\u00e0 <strong>gestionada pels alumnes de 4t de l&#8217;eso<\/strong>, per\u00f2 tot i aix\u00f2 hi ha <strong>un professor responsable<\/strong> del bon funcionament de la mateixa, de forma que es faci un bon us de l&#8217;espai i del material aix\u00ed com dels recursos que s&#8217;utilitzen, ja que els aparells i elements que formen una r\u00e0dio son delicats i cars.<\/p>\n<p style=\"text-align: center;\"><a href=\"http:\/\/agora.xtec.cat\/col-carmelites\/wp-content\/uploads\/usu25\/2014\/09\/organigrama.jpg\"><img loading=\"lazy\" decoding=\"async\" class=\"alignnone size-full wp-image-658\" src=\"http:\/\/agora.xtec.cat\/col-carmelites\/wp-content\/uploads\/usu25\/2014\/09\/organigrama.jpg\" alt=\"\" width=\"700\" height=\"420\" srcset=\"https:\/\/agora.xtec.cat\/col-carmelites\/wp-content\/uploads\/usu25\/2014\/09\/organigrama.jpg 700w, https:\/\/agora.xtec.cat\/col-carmelites\/wp-content\/uploads\/usu25\/2014\/09\/organigrama-300x180.jpg 300w\" sizes=\"auto, (max-width: 700px) 100vw, 700px\" \/><\/a><\/p>\n<p style=\"text-align: center;\">Foto1. Recreaci\u00f3 d&#8217;organigrama.<\/p>\n<p>El m\u00e0xim responsable de l&#8217;activitat no deixa de ser el professor que al cap i a la fi a de valorar el seu treball i es podria entendre com el director\/gestor de la r\u00e0dio, per\u00f2 podr\u00edem dir que dintre de l&#8217;organigrama del funcionament de la r\u00e0dio no hi ha cap c\u00e0rrec que estigui per damunt o per sota de ning\u00fa ja que el seu funcionament \u00e9s un bloc, que queda determinat per les seg\u00fcents\u00a0funcions:<\/p>\n<ul>\n<li><strong>direcci\u00f3<\/strong> (professor)<\/li>\n<li><strong>coordinaci\u00f3 de redacci\u00f3<\/strong> (professor i alumnes)<\/li>\n<li><strong>moderador<\/strong> (alumnes)<\/li>\n<li><strong>locutors<\/strong> (alumnes)<\/li>\n<li><strong>control de taula<\/strong> (alumnes)<\/li>\n<li><strong>control de m\u00fasica<\/strong> (alumnes)<\/li>\n<li><strong>control de gravaci\u00f3 de so<\/strong> (alumnes)<\/li>\n<li><strong>control de v\u00eddeo<\/strong> (alumnes)<\/li>\n<li><strong>control d&#8217;imatge<\/strong> (alumnes)<\/li>\n<li><strong>Gesti\u00f3 de comunicaci\u00f3 3.0<\/strong>.(alumnes)<\/li>\n<\/ul>\n","protected":false},"excerpt":{"rendered":"<p>La r\u00e0dio est\u00e0 gestionada pels alumnes de 4t de l&#8217;eso, per\u00f2 tot i aix\u00f2 hi ha un professor responsable del bon funcionament de la mateixa, de forma que es faci un bon us de l&#8217;espai i del material aix\u00ed com dels recursos que s&#8217;utilitzen, ja&hellip;  <a href=\"https:\/\/agora.xtec.cat\/col-carmelites\/projecte-educatiu\/organigrama\/\" title=\"Read Organigrama\">Llegeix m\u00e9s\u00bb<\/a><\/p>\n","protected":false},"author":1,"featured_media":0,"parent":57,"menu_order":30,"comment_status":"closed","ping_status":"closed","template":"page-templates\/side-menu.php","meta":{"_bbp_topic_count":0,"_bbp_reply_count":0,"_bbp_total_topic_count":0,"_bbp_total_reply_count":0,"_bbp_voice_count":0,"_bbp_anonymous_reply_count":0,"_bbp_topic_count_hidden":0,"_bbp_reply_count_hidden":0,"_bbp_forum_subforum_count":0,"footnotes":""},"class_list":["post-46","page","type-page","status-publish","hentry"],"post_mailing_queue_ids":[],"_links":{"self":[{"href":"https:\/\/agora.xtec.cat\/col-carmelites\/wp-json\/wp\/v2\/pages\/46","targetHints":{"allow":["GET"]}}],"collection":[{"href":"https:\/\/agora.xtec.cat\/col-carmelites\/wp-json\/wp\/v2\/pages"}],"about":[{"href":"https:\/\/agora.xtec.cat\/col-carmelites\/wp-json\/wp\/v2\/types\/page"}],"author":[{"embeddable":true,"href":"https:\/\/agora.xtec.cat\/col-carmelites\/wp-json\/wp\/v2\/users\/1"}],"replies":[{"embeddable":true,"href":"https:\/\/agora.xtec.cat\/col-carmelites\/wp-json\/wp\/v2\/comments?post=46"}],"version-history":[{"count":4,"href":"https:\/\/agora.xtec.cat\/col-carmelites\/wp-json\/wp\/v2\/pages\/46\/revisions"}],"predecessor-version":[{"id":660,"href":"https:\/\/agora.xtec.cat\/col-carmelites\/wp-json\/wp\/v2\/pages\/46\/revisions\/660"}],"up":[{"embeddable":true,"href":"https:\/\/agora.xtec.cat\/col-carmelites\/wp-json\/wp\/v2\/pages\/57"}],"wp:attachment":[{"href":"https:\/\/agora.xtec.cat\/col-carmelites\/wp-json\/wp\/v2\/media?parent=46"}],"curies":[{"name":"wp","href":"https:\/\/api.w.org\/{rel}","templated":true}]}}