{"id":617,"date":"2021-08-15T12:36:22","date_gmt":"2021-08-15T10:36:22","guid":{"rendered":"https:\/\/agora.xtec.cat\/col-alfageme-barcelona\/?page_id=617"},"modified":"2023-06-28T16:27:56","modified_gmt":"2023-06-28T14:27:56","slug":"drets-i-deures-de-lalumnat","status":"publish","type":"page","link":"https:\/\/agora.xtec.cat\/col-alfageme-barcelona\/documents\/drets-i-deures-de-lalumnat\/","title":{"rendered":"Drets i Deures de l&#8217;alumnat"},"content":{"rendered":"<p><strong>DRETS I DEURES DE L&#8217;ALUMNAT\u00a0\u00a0\u00a0 <\/strong><\/p>\n<p>Tot l\u2019alumnat t\u00e9 els mateixos <strong><em>drets i deures<\/em><\/strong>, sense m\u00e9s distincions que aquelles que es deriven de la seva edat i dels ensenyaments que cursen.<\/p>\n<p>L&#8217;exercici dels drets per part de l&#8217;alumnat implica el deure correlatiu del coneixement i respecte dels drets de tots els membres de la comunitat escolar.<\/p>\n<p><strong><em>Drets de l&#8217;alumnat:<\/em><\/strong><\/p>\n<p>L&#8217;alumnat t\u00e9 dret a rebre una formaci\u00f3 que li permeti aconseguir el desenvolupament integral de la seva personalitat, dintre dels principis \u00e8tics, morals i socials comunament acceptats en la nostra societat.<\/p>\n<p>L\u2019alumne\/a t\u00e9 dret a:<\/p>\n<p>&#8211; que el seu rendiment escolar sigui valorat objectivament<\/p>\n<p>&#8211; que es respectin les pr\u00f2pies conviccions<\/p>\n<p>&#8211; que es respectin la seva integritat i dignitat personal<\/p>\n<p><em>\u00a0<\/em><strong><em>Deures de l\u2019alumnat:<\/em><\/strong><\/p>\n<ol style=\"list-style-type: lower-alpha;\">\n<li>Assistir a classe, participar en les activitats formatives previstes a la programaci\u00f3 general del centre i respectar els horaris establerts.<\/li>\n<li>Realitzar les tasques encomanades pel professorat en l&#8217;exercici de les seves funcions docents.<\/li>\n<li>Respectar l&#8217;exercici del dret a l&#8217;estudi dels seus companys i companyes.<\/li>\n<li>Respectar les normes de conviv\u00e8ncia que implica les obligacions seg\u00fcents:<\/li>\n<\/ol>\n<ol>\n<li>Respectar la llibertat de consci\u00e8ncia i les conviccions religioses, morals i ideol\u00f2giques, com tamb\u00e9 la dignitat, la integritat i la intimitat de tots els membres de la comunitat educativa.<\/li>\n<li>No discriminar cap membre de la comunitat educativa per ra\u00f3 de naixement, ra\u00e7a, sexe o per qualsevol altra circumst\u00e0ncia personal o social.<\/li>\n<li>No participar en accions dins o fora del recinte escolar que impliquin ofensa o menyspreu per a qualsevol membre de la comunitat educativa.<\/li>\n<li>Respectar el car\u00e0cter propi del centre.<\/li>\n<li>Respectar, utilitzar correctament i compartir les instal\u00b7lacions del centre i els seus materials.<\/li>\n<li>Respectar tot el personal que treballa al centre i atendre les seves indicacions.<\/li>\n<li>Participar i col\u00b7laborar activament amb la resta de membres de la comunitat escolar, per tal d&#8217;afavorir el millor desenvolupament de l&#8217;activitat educativa i la conviv\u00e8ncia en el centre.<\/li>\n<li>Propiciar un ambient de conviv\u00e8ncia positiu i respectar el dret de la resta de l&#8217;alumnat a que no sigui pertorbada l&#8217;activitat normal a les aules.<\/li>\n<\/ol>\n","protected":false},"excerpt":{"rendered":"<p>DRETS I DEURES DE L&#8217;ALUMNAT\u00a0\u00a0\u00a0<br \/>\nTot l\u2019alumnat t\u00e9 els mateixos drets i deures, sense m\u00e9s distincions que aquelles que es deriven de la seva edat i dels ensenyaments que cursen.<br \/>\nL&#8217;exercici dels drets per part de l&#8217;alumnat implica el deure correlatiu del coneixement i respecte dels&hellip;  <a href=\"https:\/\/agora.xtec.cat\/col-alfageme-barcelona\/documents\/drets-i-deures-de-lalumnat\/\" title=\"Read Drets i Deures de l&#8217;alumnat\">Llegeix m\u00e9s\u00bb<\/a><\/p>\n","protected":false},"author":1,"featured_media":0,"parent":619,"menu_order":0,"comment_status":"closed","ping_status":"closed","template":"page-templates\/side-menu.php","meta":{"_bbp_topic_count":0,"_bbp_reply_count":0,"_bbp_total_topic_count":0,"_bbp_total_reply_count":0,"_bbp_voice_count":0,"_bbp_anonymous_reply_count":0,"_bbp_topic_count_hidden":0,"_bbp_reply_count_hidden":0,"_bbp_forum_subforum_count":0,"footnotes":""},"class_list":["post-617","page","type-page","status-publish","hentry"],"post_mailing_queue_ids":[],"_links":{"self":[{"href":"https:\/\/agora.xtec.cat\/col-alfageme-barcelona\/wp-json\/wp\/v2\/pages\/617","targetHints":{"allow":["GET"]}}],"collection":[{"href":"https:\/\/agora.xtec.cat\/col-alfageme-barcelona\/wp-json\/wp\/v2\/pages"}],"about":[{"href":"https:\/\/agora.xtec.cat\/col-alfageme-barcelona\/wp-json\/wp\/v2\/types\/page"}],"author":[{"embeddable":true,"href":"https:\/\/agora.xtec.cat\/col-alfageme-barcelona\/wp-json\/wp\/v2\/users\/1"}],"replies":[{"embeddable":true,"href":"https:\/\/agora.xtec.cat\/col-alfageme-barcelona\/wp-json\/wp\/v2\/comments?post=617"}],"version-history":[{"count":2,"href":"https:\/\/agora.xtec.cat\/col-alfageme-barcelona\/wp-json\/wp\/v2\/pages\/617\/revisions"}],"predecessor-version":[{"id":9426,"href":"https:\/\/agora.xtec.cat\/col-alfageme-barcelona\/wp-json\/wp\/v2\/pages\/617\/revisions\/9426"}],"up":[{"embeddable":true,"href":"https:\/\/agora.xtec.cat\/col-alfageme-barcelona\/wp-json\/wp\/v2\/pages\/619"}],"wp:attachment":[{"href":"https:\/\/agora.xtec.cat\/col-alfageme-barcelona\/wp-json\/wp\/v2\/media?parent=617"}],"curies":[{"name":"wp","href":"https:\/\/api.w.org\/{rel}","templated":true}]}}