{"id":564,"date":"2021-08-09T18:11:57","date_gmt":"2021-08-09T16:11:57","guid":{"rendered":"https:\/\/agora.xtec.cat\/col-alfageme-barcelona\/?page_id=564"},"modified":"2025-07-10T11:16:02","modified_gmt":"2025-07-10T09:16:02","slug":"alimentacio-sostenible","status":"publish","type":"page","link":"https:\/\/agora.xtec.cat\/col-alfageme-barcelona\/projectes\/alimentacio-sostenible\/","title":{"rendered":"Alimentaci\u00f3 Sostenible"},"content":{"rendered":"<p>L\u2018alimentaci\u00f3 sostenible \u00e9s un model d\u2019alimentaci\u00f3 que t\u00e9 com a objectiu afrontar les preocupacions de salut i ambientals associades a la producci\u00f3 i el consum d\u2019aliments. \u00c9s per aix\u00f2 que, a m\u00e9s de garantir la salut de les persones, busca promoure la producci\u00f3 i consum responsables, genera un impacte mediambiental redu\u00eft, lluita contra el canvi clim\u00e0tic, respecta la cultura, la biodiversitat, i protegeix els ecosistemes terrestres i la vida submarina.<\/p>\n<p>Procurem transmetre al nostre alumnat els principis fonamentals d\u2019una alimentaci\u00f3 sostenible que els afavoreixi la seva salut, i tamb\u00e9 tingui present el medi ambient. Ja fa alguns cursos que fomentem el consum de fruita a l\u2019hora d\u2019esmorzar i, en aquest sentit, tenim els dimecres com el <strong><em>dia de la fruita<\/em><\/strong>. A m\u00e9s, participem en projectes relacionats amb l\u2019alimentaci\u00f3 i la salut: <strong>1,2,3 emoci\u00f3!<\/strong>, <strong>Ens fem grans, Bon dia, somriu!, <em>Creixem Sans<\/em><\/strong> i <strong>Creixem m\u00e9s sans<\/strong>.<\/p>\n<p>Com en altres cursos anteriors, tenim programada la <strong><em>visita al Mercat de la Marina<\/em><\/strong>, on totes les parades tenen productes de proximitat i fomenten una alimentaci\u00f3 sostenible.<\/p>\n<p><a href=\"https:\/\/agora.xtec.cat\/col-alfageme-barcelona\/wp-content\/uploads\/usu2634\/2021\/09\/Imagen14.jpg\"><img loading=\"lazy\" decoding=\"async\" class=\"wp-image-2212 aligncenter\" src=\"https:\/\/agora.xtec.cat\/col-alfageme-barcelona\/wp-content\/uploads\/usu2634\/2021\/09\/Imagen14.jpg\" alt=\"\" width=\"276\" height=\"276\" srcset=\"https:\/\/agora.xtec.cat\/col-alfageme-barcelona\/wp-content\/uploads\/usu2634\/2021\/09\/Imagen14.jpg 944w, https:\/\/agora.xtec.cat\/col-alfageme-barcelona\/wp-content\/uploads\/usu2634\/2021\/09\/Imagen14-300x300.jpg 300w, https:\/\/agora.xtec.cat\/col-alfageme-barcelona\/wp-content\/uploads\/usu2634\/2021\/09\/Imagen14-150x150.jpg 150w, https:\/\/agora.xtec.cat\/col-alfageme-barcelona\/wp-content\/uploads\/usu2634\/2021\/09\/Imagen14-768x768.jpg 768w\" sizes=\"auto, (max-width: 276px) 100vw, 276px\" \/><\/a><\/p>\n","protected":false},"excerpt":{"rendered":"<p>L\u2018alimentaci\u00f3 sostenible \u00e9s un model d\u2019alimentaci\u00f3 que t\u00e9 com a objectiu afrontar les preocupacions de salut i ambientals associades a la producci\u00f3 i el consum d\u2019aliments. \u00c9s per aix\u00f2 que, a m\u00e9s de garantir la salut de les persones, busca promoure la producci\u00f3 i consum&hellip;  <a href=\"https:\/\/agora.xtec.cat\/col-alfageme-barcelona\/projectes\/alimentacio-sostenible\/\" title=\"Read Alimentaci\u00f3 Sostenible\">Llegeix m\u00e9s\u00bb<\/a><\/p>\n","protected":false},"author":1,"featured_media":0,"parent":557,"menu_order":0,"comment_status":"closed","ping_status":"closed","template":"page-templates\/side-menu.php","meta":{"_bbp_topic_count":0,"_bbp_reply_count":0,"_bbp_total_topic_count":0,"_bbp_total_reply_count":0,"_bbp_voice_count":0,"_bbp_anonymous_reply_count":0,"_bbp_topic_count_hidden":0,"_bbp_reply_count_hidden":0,"_bbp_forum_subforum_count":0,"footnotes":""},"class_list":["post-564","page","type-page","status-publish","hentry"],"post_mailing_queue_ids":[],"_links":{"self":[{"href":"https:\/\/agora.xtec.cat\/col-alfageme-barcelona\/wp-json\/wp\/v2\/pages\/564","targetHints":{"allow":["GET"]}}],"collection":[{"href":"https:\/\/agora.xtec.cat\/col-alfageme-barcelona\/wp-json\/wp\/v2\/pages"}],"about":[{"href":"https:\/\/agora.xtec.cat\/col-alfageme-barcelona\/wp-json\/wp\/v2\/types\/page"}],"author":[{"embeddable":true,"href":"https:\/\/agora.xtec.cat\/col-alfageme-barcelona\/wp-json\/wp\/v2\/users\/1"}],"replies":[{"embeddable":true,"href":"https:\/\/agora.xtec.cat\/col-alfageme-barcelona\/wp-json\/wp\/v2\/comments?post=564"}],"version-history":[{"count":5,"href":"https:\/\/agora.xtec.cat\/col-alfageme-barcelona\/wp-json\/wp\/v2\/pages\/564\/revisions"}],"predecessor-version":[{"id":13644,"href":"https:\/\/agora.xtec.cat\/col-alfageme-barcelona\/wp-json\/wp\/v2\/pages\/564\/revisions\/13644"}],"up":[{"embeddable":true,"href":"https:\/\/agora.xtec.cat\/col-alfageme-barcelona\/wp-json\/wp\/v2\/pages\/557"}],"wp:attachment":[{"href":"https:\/\/agora.xtec.cat\/col-alfageme-barcelona\/wp-json\/wp\/v2\/media?parent=564"}],"curies":[{"name":"wp","href":"https:\/\/api.w.org\/{rel}","templated":true}]}}