{"id":2229,"date":"2021-09-09T19:26:25","date_gmt":"2021-09-09T17:26:25","guid":{"rendered":"https:\/\/agora.xtec.cat\/col-alfageme-barcelona\/?page_id=2229"},"modified":"2025-07-10T11:16:39","modified_gmt":"2025-07-10T09:16:39","slug":"objectius-de-desenvolupament-sostenible","status":"publish","type":"page","link":"https:\/\/agora.xtec.cat\/col-alfageme-barcelona\/projectes\/objectius-de-desenvolupament-sostenible\/","title":{"rendered":"ODS"},"content":{"rendered":"<p>Els <strong>O<\/strong>bjectius de <strong>D<\/strong>esenvolupament <strong>S<\/strong>ostenible (<strong>ODS<\/strong>) van ser aprovats per l\u2019ONU l\u2019any 2015. Aquests objectius formen part de l\u2019agenda 2030 per al Desenvolupament Sostenible, i s\u2019articulen al voltant de 17 l\u00ednies estrat\u00e8giques de treball amb diferents reptes. Els 17 objectius intenten cobrir tots els \u00e0mbits, des de la lluita contra la fam i la pobresa, passant per l\u2019educaci\u00f3, la salut i la igualtat de g\u00e8nere, fins a la sostenibilitat ambiental, la reducci\u00f3 de les desigualtats o el consum responsable, amb l\u2019objectiu final de no deixar res ni ning\u00fa enrere.<\/p>\n<p><a href=\"https:\/\/agora.xtec.cat\/col-alfageme-barcelona\/wp-content\/uploads\/usu2634\/2021\/09\/Imagen18.jpg\"><img loading=\"lazy\" decoding=\"async\" class=\"size-full wp-image-2230 aligncenter\" src=\"https:\/\/agora.xtec.cat\/col-alfageme-barcelona\/wp-content\/uploads\/usu2634\/2021\/09\/Imagen18.jpg\" alt=\"\" width=\"474\" height=\"278\" srcset=\"https:\/\/agora.xtec.cat\/col-alfageme-barcelona\/wp-content\/uploads\/usu2634\/2021\/09\/Imagen18.jpg 474w, https:\/\/agora.xtec.cat\/col-alfageme-barcelona\/wp-content\/uploads\/usu2634\/2021\/09\/Imagen18-300x176.jpg 300w\" sizes=\"auto, (max-width: 474px) 100vw, 474px\" \/><\/a><\/p>\n<p>L\u2019educaci\u00f3 \u00e9s un element clau per respondre als reptes globals de la humanitat marcats pels <strong>ODS<\/strong>. \u00c9s per aix\u00f2 que la nostra escola, s\u2019alinea amb el Departament d\u2019Educaci\u00f3, i durant el curs 2023-2024, sense perdre de vista tots els altres objectius, vol posar el focus en aquests quatre:<\/p>\n<p>1-Fi de la pobresa<\/p>\n<p>3-Salut i Benestar<\/p>\n<p>4-Educaci\u00f3 de qualitat<\/p>\n<p>13-Acci\u00f3 pel clima<\/p>\n<p>A l\u2019escola podem respondre especialment a l\u2019objectiu n\u00famero 4: <em>\u2018Garantir una educaci\u00f3 de qualitat, inclusiva i equitativa, i generar oportunitats d\u2019aprenentatge al llarg de la vida per a tothom\u2019.<\/em> En aquest sentit, hem iniciat tot un seguit de canvis enfocats a assolir aquest objectiu. Tal i com va dir Piaget en el seu moment: <em>\u2018L\u2019objectiu de l\u2019educaci\u00f3 \u00e9s crear persones que puguin fer coses noves enlloc de repetir les que altres generacions han fet\u2019. <\/em>Tenim un gran repte per endavant i moltes ganes d\u2019aconseguir-lo.<\/p>\n<p>A fi i efecte de con\u00e8ixer m\u00e9s a fons cadascun dels 17 objectius, el Departament d\u2019Educaci\u00f3 ha produ\u00eft, en col.laboraci\u00f3 amb TV3, el programa <strong><em>Objectiu 2030 <\/em><\/strong>per donar-los a con\u00e8ixer entre les nenes i els nens de Prim\u00e0ria:<\/p>\n<p><a href=\"https:\/\/www.ccma.cat\/tv3\/super3\/objectiu-2030\/videos\/\" target=\"_blank\" rel=\"noopener\">https:\/\/www.ccma.cat\/tv3\/super3\/objectiu-2030\/videos\/<\/a><\/p>\n<p><strong>EST\u00c0 A LES NOSTRES MANS FER UN M\u00d3N M\u00c9S JUST, PR\u00d2SPER I SOSTENIBLE.<\/strong><\/p>\n","protected":false},"excerpt":{"rendered":"<p>Els Objectius de Desenvolupament Sostenible (ODS) van ser aprovats per l\u2019ONU l\u2019any 2015. Aquests objectius formen part de l\u2019agenda 2030 per al Desenvolupament Sostenible, i s\u2019articulen al voltant de 17 l\u00ednies estrat\u00e8giques de treball amb diferents reptes. Els 17 objectius intenten cobrir tots els \u00e0mbits,&hellip;  <a href=\"https:\/\/agora.xtec.cat\/col-alfageme-barcelona\/projectes\/objectius-de-desenvolupament-sostenible\/\" title=\"Read ODS\">Llegeix m\u00e9s\u00bb<\/a><\/p>\n","protected":false},"author":1,"featured_media":0,"parent":557,"menu_order":0,"comment_status":"closed","ping_status":"closed","template":"page-templates\/side-menu.php","meta":{"_bbp_topic_count":0,"_bbp_reply_count":0,"_bbp_total_topic_count":0,"_bbp_total_reply_count":0,"_bbp_voice_count":0,"_bbp_anonymous_reply_count":0,"_bbp_topic_count_hidden":0,"_bbp_reply_count_hidden":0,"_bbp_forum_subforum_count":0,"footnotes":""},"class_list":["post-2229","page","type-page","status-publish","hentry"],"post_mailing_queue_ids":[],"_links":{"self":[{"href":"https:\/\/agora.xtec.cat\/col-alfageme-barcelona\/wp-json\/wp\/v2\/pages\/2229","targetHints":{"allow":["GET"]}}],"collection":[{"href":"https:\/\/agora.xtec.cat\/col-alfageme-barcelona\/wp-json\/wp\/v2\/pages"}],"about":[{"href":"https:\/\/agora.xtec.cat\/col-alfageme-barcelona\/wp-json\/wp\/v2\/types\/page"}],"author":[{"embeddable":true,"href":"https:\/\/agora.xtec.cat\/col-alfageme-barcelona\/wp-json\/wp\/v2\/users\/1"}],"replies":[{"embeddable":true,"href":"https:\/\/agora.xtec.cat\/col-alfageme-barcelona\/wp-json\/wp\/v2\/comments?post=2229"}],"version-history":[{"count":4,"href":"https:\/\/agora.xtec.cat\/col-alfageme-barcelona\/wp-json\/wp\/v2\/pages\/2229\/revisions"}],"predecessor-version":[{"id":13645,"href":"https:\/\/agora.xtec.cat\/col-alfageme-barcelona\/wp-json\/wp\/v2\/pages\/2229\/revisions\/13645"}],"up":[{"embeddable":true,"href":"https:\/\/agora.xtec.cat\/col-alfageme-barcelona\/wp-json\/wp\/v2\/pages\/557"}],"wp:attachment":[{"href":"https:\/\/agora.xtec.cat\/col-alfageme-barcelona\/wp-json\/wp\/v2\/media?parent=2229"}],"curies":[{"name":"wp","href":"https:\/\/api.w.org\/{rel}","templated":true}]}}