{"id":65,"date":"2014-09-18T10:12:22","date_gmt":"2014-09-18T10:12:22","guid":{"rendered":"http:\/\/agora.xtec.cat\/cfgselgalliner\/?page_id=65"},"modified":"2022-02-10T09:31:44","modified_gmt":"2022-02-10T08:31:44","slug":"biblioteca","status":"publish","type":"page","link":"https:\/\/agora.xtec.cat\/cfgselgalliner\/serveis\/biblioteca\/","title":{"rendered":"Biblioteca"},"content":{"rendered":"<p>El Galliner disposa d\u2019una biblioteca especialitzada en teatre, oberta al p\u00fablic, amb un fons que depassa els 3.000 t\u00edtols. Els usuaris no nom\u00e9s trobaran una bona col\u00b7lecci\u00f3 sobre obres de teatre i pedagogia, sin\u00f3 tamb\u00e9 un registre ordenat per autors, o, si es vol, per t\u00edtols.<\/p>\n<p>El servei es completa amb una hemeroteca especialitzada en teatre i dansa, una videoteca (amb aparells reproductors), WIFI i ordinadors amb connexi\u00f3 a Internet.<\/p>\n<p>L\u2019Escola posa a disposici\u00f3 dels seus alumnes l\u2019enregistrament dels\u00a0<a href=\"https:\/\/elgalliner.cat\/activitats\/els-tallers\">Tallers\u00a0de final de curs<\/a>, com un document en pr\u00e9stec m\u00e9s.<\/p>\n<ul>\n<li><strong>Horaris<\/strong>: de dilluns a divendres, de 9h a 13h i de 16h a 20h i dissabtes lectius de 10h a 13h i de 16h a 19h<\/li>\n<\/ul>\n<p><em>La Biblioteca \u00e9s tamb\u00e9 la sala polivalent de l\u2019Escola i s\u2019hi desenvolupen diverses activitats durant el curs. Recomanem trucar abans (tel. 972 20 58 84) per assegurar que l\u2019espai est\u00e0 disponible.<\/em><\/p>\n<p>Pots fer-te el carnet de la Biblioteca pagant nom\u00e9s 3\u20ac i podr\u00e0s agafar en pr\u00e9stec tot el material que necessitis, demana&#8217;l abans de venir enviant un correu a <a href=\"mailto:elgalliner@elgalliner.cat\">elgalliner<span class=\"atwho-query\">@elgalliner.cat<\/span><\/a><\/p>\n","protected":false},"excerpt":{"rendered":"<p>El Galliner disposa d\u2019una biblioteca especialitzada en teatre, oberta al p\u00fablic, amb un fons que depassa els 3.000 t\u00edtols. Els usuaris no nom\u00e9s trobaran una bona col\u00b7lecci\u00f3 sobre obres de teatre i pedagogia, sin\u00f3 tamb\u00e9 un registre ordenat per autors, o, si es vol, per&hellip;  <a href=\"https:\/\/agora.xtec.cat\/cfgselgalliner\/serveis\/biblioteca\/\" title=\"Read Biblioteca\">Llegeix m\u00e9s\u00bb<\/a><\/p>\n","protected":false},"author":1,"featured_media":0,"parent":63,"menu_order":10,"comment_status":"closed","ping_status":"closed","template":"page-templates\/side-menu.php","meta":{"_bbp_topic_count":0,"_bbp_reply_count":0,"_bbp_total_topic_count":0,"_bbp_total_reply_count":0,"_bbp_voice_count":0,"_bbp_anonymous_reply_count":0,"_bbp_topic_count_hidden":0,"_bbp_reply_count_hidden":0,"_bbp_forum_subforum_count":0,"footnotes":""},"class_list":["post-65","page","type-page","status-publish","hentry"],"post_mailing_queue_ids":[],"_links":{"self":[{"href":"https:\/\/agora.xtec.cat\/cfgselgalliner\/wp-json\/wp\/v2\/pages\/65","targetHints":{"allow":["GET"]}}],"collection":[{"href":"https:\/\/agora.xtec.cat\/cfgselgalliner\/wp-json\/wp\/v2\/pages"}],"about":[{"href":"https:\/\/agora.xtec.cat\/cfgselgalliner\/wp-json\/wp\/v2\/types\/page"}],"author":[{"embeddable":true,"href":"https:\/\/agora.xtec.cat\/cfgselgalliner\/wp-json\/wp\/v2\/users\/1"}],"replies":[{"embeddable":true,"href":"https:\/\/agora.xtec.cat\/cfgselgalliner\/wp-json\/wp\/v2\/comments?post=65"}],"version-history":[{"count":1,"href":"https:\/\/agora.xtec.cat\/cfgselgalliner\/wp-json\/wp\/v2\/pages\/65\/revisions"}],"predecessor-version":[{"id":623,"href":"https:\/\/agora.xtec.cat\/cfgselgalliner\/wp-json\/wp\/v2\/pages\/65\/revisions\/623"}],"up":[{"embeddable":true,"href":"https:\/\/agora.xtec.cat\/cfgselgalliner\/wp-json\/wp\/v2\/pages\/63"}],"wp:attachment":[{"href":"https:\/\/agora.xtec.cat\/cfgselgalliner\/wp-json\/wp\/v2\/media?parent=65"}],"curies":[{"name":"wp","href":"https:\/\/api.w.org\/{rel}","templated":true}]}}

<p>El Galliner disposa d’una biblioteca especialitzada en teatre, oberta al públic, amb un fons que depassa els 3.000 títols. Els usuaris no només trobaran una bona col·lecció sobre obres de teatre i pedagogia, sinó també un registre ordenat per autors, o, si es vol, per títols.</p>
<p>El servei es completa amb una hemeroteca especialitzada en teatre i dansa, una videoteca (amb aparells reproductors), WIFI i ordinadors amb connexió a Internet.</p>
<p>L’Escola posa a disposició dels seus alumnes l’enregistrament dels <a href="https://elgalliner.cat/activitats/els-tallers">Tallers de final de curs</a>, com un document en préstec més.</p>
<ul>
<li><strong>Horaris</strong>: de dilluns a divendres, de 9h a 13h i de 16h a 20h i dissabtes lectius de 10h a 13h i de 16h a 19h</li>
</ul>
<p><em>La Biblioteca és també la sala polivalent de l’Escola i s’hi desenvolupen diverses activitats durant el curs. Recomanem trucar abans (tel. 972 20 58 84) per assegurar que l’espai està disponible.</em></p>
<p>Pots fer-te el carnet de la Biblioteca pagant només 3€ i podràs agafar en préstec tot el material que necessitis, demana&#8217;l abans de venir enviant un correu a <a href="mailto:elgalliner@elgalliner.cat">elgalliner<span class="atwho-query">@elgalliner.cat</span></a></p>

<p>El Galliner disposa d’una biblioteca especialitzada en teatre, oberta al públic, amb un fons que depassa els 3.000 títols. Els usuaris no només trobaran una bona col·lecció sobre obres de teatre i pedagogia, sinó també un registre ordenat per autors, o, si es vol, per&hellip;  <a href="https://agora.xtec.cat/cfgselgalliner/serveis/biblioteca/" title="Read Biblioteca">Llegeix més»</a></p>
