{"id":502,"date":"2022-02-04T18:06:19","date_gmt":"2022-02-04T17:06:19","guid":{"rendered":"https:\/\/agora.xtec.cat\/cfgselgalliner\/?page_id=502"},"modified":"2022-02-04T18:06:19","modified_gmt":"2022-02-04T17:06:19","slug":"veu-ii","status":"publish","type":"page","link":"https:\/\/agora.xtec.cat\/cfgselgalliner\/ensenyaments\/ensenyaments-transprofessionals\/veu-ii\/","title":{"rendered":"Veu II"},"content":{"rendered":"<p>El segon curs de veu \u00e9s la continuaci\u00f3 del primer curs; assimilaci\u00f3 dels coneixements apuntats al curs anterior, ampliaci\u00f3 del grau de coneixement i conscienciaci\u00f3 respecte els propis h\u00e0bits (bloquejos musculars, respiratoris, sonors&#8230;) i creaci\u00f3 de nous h\u00e0bits en l\u2019\u00fas de la veu. Introducci\u00f3 al treball del text: emissi\u00f3, projecci\u00f3, intencionalitat i capacitat expressiva en dir un text&#8230;<\/p>\n<p>Professora: Marta Montiel<\/p>\n","protected":false},"excerpt":{"rendered":"<p>El segon curs de veu \u00e9s la continuaci\u00f3 del primer curs; assimilaci\u00f3 dels coneixements apuntats al curs anterior, ampliaci\u00f3 del grau de coneixement i conscienciaci\u00f3 respecte els propis h\u00e0bits (bloquejos musculars, respiratoris, sonors&#8230;) i creaci\u00f3 de nous h\u00e0bits en l\u2019\u00fas de la veu. Introducci\u00f3 al&hellip;  <a href=\"https:\/\/agora.xtec.cat\/cfgselgalliner\/ensenyaments\/ensenyaments-transprofessionals\/veu-ii\/\" title=\"Read Veu II\">Llegeix m\u00e9s\u00bb<\/a><\/p>\n","protected":false},"author":1,"featured_media":0,"parent":286,"menu_order":0,"comment_status":"closed","ping_status":"closed","template":"page-templates\/side-menu.php","meta":{"_bbp_topic_count":0,"_bbp_reply_count":0,"_bbp_total_topic_count":0,"_bbp_total_reply_count":0,"_bbp_voice_count":0,"_bbp_anonymous_reply_count":0,"_bbp_topic_count_hidden":0,"_bbp_reply_count_hidden":0,"_bbp_forum_subforum_count":0,"footnotes":""},"class_list":["post-502","page","type-page","status-publish","hentry"],"post_mailing_queue_ids":[],"_links":{"self":[{"href":"https:\/\/agora.xtec.cat\/cfgselgalliner\/wp-json\/wp\/v2\/pages\/502","targetHints":{"allow":["GET"]}}],"collection":[{"href":"https:\/\/agora.xtec.cat\/cfgselgalliner\/wp-json\/wp\/v2\/pages"}],"about":[{"href":"https:\/\/agora.xtec.cat\/cfgselgalliner\/wp-json\/wp\/v2\/types\/page"}],"author":[{"embeddable":true,"href":"https:\/\/agora.xtec.cat\/cfgselgalliner\/wp-json\/wp\/v2\/users\/1"}],"replies":[{"embeddable":true,"href":"https:\/\/agora.xtec.cat\/cfgselgalliner\/wp-json\/wp\/v2\/comments?post=502"}],"version-history":[{"count":1,"href":"https:\/\/agora.xtec.cat\/cfgselgalliner\/wp-json\/wp\/v2\/pages\/502\/revisions"}],"predecessor-version":[{"id":503,"href":"https:\/\/agora.xtec.cat\/cfgselgalliner\/wp-json\/wp\/v2\/pages\/502\/revisions\/503"}],"up":[{"embeddable":true,"href":"https:\/\/agora.xtec.cat\/cfgselgalliner\/wp-json\/wp\/v2\/pages\/286"}],"wp:attachment":[{"href":"https:\/\/agora.xtec.cat\/cfgselgalliner\/wp-json\/wp\/v2\/media?parent=502"}],"curies":[{"name":"wp","href":"https:\/\/api.w.org\/{rel}","templated":true}]}}

<p>El segon curs de veu és la continuació del primer curs; assimilació dels coneixements apuntats al curs anterior, ampliació del grau de coneixement i conscienciació respecte els propis hàbits (bloquejos musculars, respiratoris, sonors&#8230;) i creació de nous hàbits en l’ús de la veu. Introducció al treball del text: emissió, projecció, intencionalitat i capacitat expressiva en dir un text&#8230;</p>
<p>Professora: Marta Montiel</p>

<p>El segon curs de veu és la continuació del primer curs; assimilació dels coneixements apuntats al curs anterior, ampliació del grau de coneixement i conscienciació respecte els propis hàbits (bloquejos musculars, respiratoris, sonors&#8230;) i creació de nous hàbits en l’ús de la veu. Introducció al&hellip;  <a href="https://agora.xtec.cat/cfgselgalliner/ensenyaments/ensenyaments-transprofessionals/veu-ii/" title="Read Veu II">Llegeix més»</a></p>
