{"id":500,"date":"2022-02-04T18:05:05","date_gmt":"2022-02-04T17:05:05","guid":{"rendered":"https:\/\/agora.xtec.cat\/cfgselgalliner\/?page_id=500"},"modified":"2022-02-04T18:05:05","modified_gmt":"2022-02-04T17:05:05","slug":"taller-escenic","status":"publish","type":"page","link":"https:\/\/agora.xtec.cat\/cfgselgalliner\/ensenyaments\/ensenyaments-transprofessionals\/taller-escenic\/","title":{"rendered":"Taller esc\u00e8nic"},"content":{"rendered":"<p>Com a continuaci\u00f3 del treball d\u2019an\u00e0lisi d\u2019escenes, es cerca potenciar la creativitat i la imaginaci\u00f3 de l\u2019actor en la creaci\u00f3 de personatges: trets f\u00edsics i psicol\u00f2gics, hist\u00f2ria del personatge, la seva caracteritzaci\u00f3 (veu, cos, vestuari, maquillatge&#8230;).<\/p>\n<p>Professor\/a: Elies Barber\u00e0\/Mireia Vall\u00e8s<\/p>\n","protected":false},"excerpt":{"rendered":"<p>Com a continuaci\u00f3 del treball d\u2019an\u00e0lisi d\u2019escenes, es cerca potenciar la creativitat i la imaginaci\u00f3 de l\u2019actor en la creaci\u00f3 de personatges: trets f\u00edsics i psicol\u00f2gics, hist\u00f2ria del personatge, la seva caracteritzaci\u00f3 (veu, cos, vestuari, maquillatge&#8230;).<br \/>\nProfessor\/a: Elies Barber\u00e0\/Mireia Vall\u00e8s<\/p>\n","protected":false},"author":1,"featured_media":0,"parent":286,"menu_order":0,"comment_status":"closed","ping_status":"closed","template":"page-templates\/side-menu.php","meta":{"_bbp_topic_count":0,"_bbp_reply_count":0,"_bbp_total_topic_count":0,"_bbp_total_reply_count":0,"_bbp_voice_count":0,"_bbp_anonymous_reply_count":0,"_bbp_topic_count_hidden":0,"_bbp_reply_count_hidden":0,"_bbp_forum_subforum_count":0,"footnotes":""},"class_list":["post-500","page","type-page","status-publish","hentry"],"post_mailing_queue_ids":[],"_links":{"self":[{"href":"https:\/\/agora.xtec.cat\/cfgselgalliner\/wp-json\/wp\/v2\/pages\/500","targetHints":{"allow":["GET"]}}],"collection":[{"href":"https:\/\/agora.xtec.cat\/cfgselgalliner\/wp-json\/wp\/v2\/pages"}],"about":[{"href":"https:\/\/agora.xtec.cat\/cfgselgalliner\/wp-json\/wp\/v2\/types\/page"}],"author":[{"embeddable":true,"href":"https:\/\/agora.xtec.cat\/cfgselgalliner\/wp-json\/wp\/v2\/users\/1"}],"replies":[{"embeddable":true,"href":"https:\/\/agora.xtec.cat\/cfgselgalliner\/wp-json\/wp\/v2\/comments?post=500"}],"version-history":[{"count":1,"href":"https:\/\/agora.xtec.cat\/cfgselgalliner\/wp-json\/wp\/v2\/pages\/500\/revisions"}],"predecessor-version":[{"id":501,"href":"https:\/\/agora.xtec.cat\/cfgselgalliner\/wp-json\/wp\/v2\/pages\/500\/revisions\/501"}],"up":[{"embeddable":true,"href":"https:\/\/agora.xtec.cat\/cfgselgalliner\/wp-json\/wp\/v2\/pages\/286"}],"wp:attachment":[{"href":"https:\/\/agora.xtec.cat\/cfgselgalliner\/wp-json\/wp\/v2\/media?parent=500"}],"curies":[{"name":"wp","href":"https:\/\/api.w.org\/{rel}","templated":true}]}}

Taller escènic

<p>Com a continuació del treball d’anàlisi d’escenes, es cerca potenciar la creativitat i la imaginació de l’actor en la creació de personatges: trets físics i psicològics, història del personatge, la seva caracterització (veu, cos, vestuari, maquillatge&#8230;).</p>
<p>Professor/a: Elies Barberà/Mireia Vallès</p>

<p>Com a continuació del treball d’anàlisi d’escenes, es cerca potenciar la creativitat i la imaginació de l’actor en la creació de personatges: trets físics i psicològics, història del personatge, la seva caracterització (veu, cos, vestuari, maquillatge&#8230;).<br />
Professor/a: Elies Barberà/Mireia Vallès</p>
