{"id":494,"date":"2022-02-04T17:59:17","date_gmt":"2022-02-04T16:59:17","guid":{"rendered":"https:\/\/agora.xtec.cat\/cfgselgalliner\/?page_id=494"},"modified":"2022-02-04T17:59:17","modified_gmt":"2022-02-04T16:59:17","slug":"preparacio-al-casting","status":"publish","type":"page","link":"https:\/\/agora.xtec.cat\/cfgselgalliner\/ensenyaments\/ensenyaments-transprofessionals\/preparacio-al-casting\/","title":{"rendered":"Preparaci\u00f3 al c\u00e0sting"},"content":{"rendered":"<p>Assignatura teorico-pr\u00e0ctica que ens ajudar\u00e0 a aprofundir de forma r\u00e0pida en tots els aspectes del c\u00e0sting per a teatre, cinema i televisi\u00f3. Es treballar\u00e0 l\u2019entrevista personal, el videobook , les fotografies i la imatge personal, saber desenvolupar la t\u00e8cnica per a l&#8217;audici\u00f3 davant de la c\u00e0mera. Els alumnes hauran de\u00a0 preparar diferents mon\u00f2legs de com\u00e8dia i drama.<\/p>\n<p>Professora: Marta Corral<\/p>\n","protected":false},"excerpt":{"rendered":"<p>Assignatura teorico-pr\u00e0ctica que ens ajudar\u00e0 a aprofundir de forma r\u00e0pida en tots els aspectes del c\u00e0sting per a teatre, cinema i televisi\u00f3. Es treballar\u00e0 l\u2019entrevista personal, el videobook , les fotografies i la imatge personal, saber desenvolupar la t\u00e8cnica per a l&#8217;audici\u00f3 davant de la&hellip;  <a href=\"https:\/\/agora.xtec.cat\/cfgselgalliner\/ensenyaments\/ensenyaments-transprofessionals\/preparacio-al-casting\/\" title=\"Read Preparaci\u00f3 al c\u00e0sting\">Llegeix m\u00e9s\u00bb<\/a><\/p>\n","protected":false},"author":1,"featured_media":0,"parent":286,"menu_order":0,"comment_status":"closed","ping_status":"closed","template":"page-templates\/side-menu.php","meta":{"_bbp_topic_count":0,"_bbp_reply_count":0,"_bbp_total_topic_count":0,"_bbp_total_reply_count":0,"_bbp_voice_count":0,"_bbp_anonymous_reply_count":0,"_bbp_topic_count_hidden":0,"_bbp_reply_count_hidden":0,"_bbp_forum_subforum_count":0,"footnotes":""},"class_list":["post-494","page","type-page","status-publish","hentry"],"post_mailing_queue_ids":[],"_links":{"self":[{"href":"https:\/\/agora.xtec.cat\/cfgselgalliner\/wp-json\/wp\/v2\/pages\/494","targetHints":{"allow":["GET"]}}],"collection":[{"href":"https:\/\/agora.xtec.cat\/cfgselgalliner\/wp-json\/wp\/v2\/pages"}],"about":[{"href":"https:\/\/agora.xtec.cat\/cfgselgalliner\/wp-json\/wp\/v2\/types\/page"}],"author":[{"embeddable":true,"href":"https:\/\/agora.xtec.cat\/cfgselgalliner\/wp-json\/wp\/v2\/users\/1"}],"replies":[{"embeddable":true,"href":"https:\/\/agora.xtec.cat\/cfgselgalliner\/wp-json\/wp\/v2\/comments?post=494"}],"version-history":[{"count":1,"href":"https:\/\/agora.xtec.cat\/cfgselgalliner\/wp-json\/wp\/v2\/pages\/494\/revisions"}],"predecessor-version":[{"id":495,"href":"https:\/\/agora.xtec.cat\/cfgselgalliner\/wp-json\/wp\/v2\/pages\/494\/revisions\/495"}],"up":[{"embeddable":true,"href":"https:\/\/agora.xtec.cat\/cfgselgalliner\/wp-json\/wp\/v2\/pages\/286"}],"wp:attachment":[{"href":"https:\/\/agora.xtec.cat\/cfgselgalliner\/wp-json\/wp\/v2\/media?parent=494"}],"curies":[{"name":"wp","href":"https:\/\/api.w.org\/{rel}","templated":true}]}}