{"id":490,"date":"2022-02-04T17:50:43","date_gmt":"2022-02-04T16:50:43","guid":{"rendered":"https:\/\/agora.xtec.cat\/cfgselgalliner\/?page_id=490"},"modified":"2022-02-04T17:50:43","modified_gmt":"2022-02-04T16:50:43","slug":"escenografia","status":"publish","type":"page","link":"https:\/\/agora.xtec.cat\/cfgselgalliner\/ensenyaments\/ensenyaments-transprofessionals\/escenografia\/","title":{"rendered":"Escenografia"},"content":{"rendered":"<p>Aprendre eines de manera concisa i sobretot pr\u00e0ctica, nocions b\u00e0siques per poder entendre i treure el m\u00e0xim partit dels recursos de la tramoia i l\u2019escenografia.<\/p>\n<p>Parlarem del llenguatge espec\u00edfic d\u2019aquesta disciplina i obrirem una porta a les possibilitats que t\u00e9 aquesta eina per potenciar els projectes, partint sempre de la base que el nostre objectiu \u00e9s el d\u2019ajudar a la resta de l\u2019equip t\u00e8cnic i art\u00edstic a fer arribar la hist\u00f2ria al p\u00fablic.<\/p>\n<p>Professor: Pablo Paz<\/p>\n","protected":false},"excerpt":{"rendered":"<p>Aprendre eines de manera concisa i sobretot pr\u00e0ctica, nocions b\u00e0siques per poder entendre i treure el m\u00e0xim partit dels recursos de la tramoia i l\u2019escenografia.<br \/>\nParlarem del llenguatge espec\u00edfic d\u2019aquesta disciplina i obrirem una porta a les possibilitats que t\u00e9 aquesta eina per potenciar els projectes,&hellip;  <a href=\"https:\/\/agora.xtec.cat\/cfgselgalliner\/ensenyaments\/ensenyaments-transprofessionals\/escenografia\/\" title=\"Read Escenografia\">Llegeix m\u00e9s\u00bb<\/a><\/p>\n","protected":false},"author":1,"featured_media":0,"parent":286,"menu_order":0,"comment_status":"closed","ping_status":"closed","template":"page-templates\/side-menu.php","meta":{"_bbp_topic_count":0,"_bbp_reply_count":0,"_bbp_total_topic_count":0,"_bbp_total_reply_count":0,"_bbp_voice_count":0,"_bbp_anonymous_reply_count":0,"_bbp_topic_count_hidden":0,"_bbp_reply_count_hidden":0,"_bbp_forum_subforum_count":0,"footnotes":""},"class_list":["post-490","page","type-page","status-publish","hentry"],"post_mailing_queue_ids":[],"_links":{"self":[{"href":"https:\/\/agora.xtec.cat\/cfgselgalliner\/wp-json\/wp\/v2\/pages\/490","targetHints":{"allow":["GET"]}}],"collection":[{"href":"https:\/\/agora.xtec.cat\/cfgselgalliner\/wp-json\/wp\/v2\/pages"}],"about":[{"href":"https:\/\/agora.xtec.cat\/cfgselgalliner\/wp-json\/wp\/v2\/types\/page"}],"author":[{"embeddable":true,"href":"https:\/\/agora.xtec.cat\/cfgselgalliner\/wp-json\/wp\/v2\/users\/1"}],"replies":[{"embeddable":true,"href":"https:\/\/agora.xtec.cat\/cfgselgalliner\/wp-json\/wp\/v2\/comments?post=490"}],"version-history":[{"count":1,"href":"https:\/\/agora.xtec.cat\/cfgselgalliner\/wp-json\/wp\/v2\/pages\/490\/revisions"}],"predecessor-version":[{"id":491,"href":"https:\/\/agora.xtec.cat\/cfgselgalliner\/wp-json\/wp\/v2\/pages\/490\/revisions\/491"}],"up":[{"embeddable":true,"href":"https:\/\/agora.xtec.cat\/cfgselgalliner\/wp-json\/wp\/v2\/pages\/286"}],"wp:attachment":[{"href":"https:\/\/agora.xtec.cat\/cfgselgalliner\/wp-json\/wp\/v2\/media?parent=490"}],"curies":[{"name":"wp","href":"https:\/\/api.w.org\/{rel}","templated":true}]}}