{"id":49,"date":"2014-09-17T16:55:55","date_gmt":"2014-09-17T16:55:55","guid":{"rendered":"http:\/\/agora.xtec.cat\/cfgselgalliner\/?page_id=49"},"modified":"2022-02-10T11:15:19","modified_gmt":"2022-02-10T10:15:19","slug":"normes-dorganitzacio-i-funcionament","status":"publish","type":"page","link":"https:\/\/agora.xtec.cat\/cfgselgalliner\/el-centre\/normes-dorganitzacio-i-funcionament\/","title":{"rendered":"Documents d&#8217;organitzaci\u00f3 i gesti\u00f3 del Centre"},"content":{"rendered":"<p>En aquesta secci\u00f3 podreu trobar tots els documents vigents per a l\u2019organitzaci\u00f3 i gesti\u00f3 del centre aprovats en Consell Escolar.<\/p>\n<p>El PEC (Projecte Educatiu de Centre) recull entre d\u2019altres:<br \/>\n\u2013 Trets d\u2019identitat del centre<br \/>\n\u2013 Principis pedag\u00f2gics<br \/>\n\u2013 Projecte Ling\u00fc\u00edstic<br \/>\n\u2013 Estructura organitzativa<br \/>\n\u2013 Avaluaci\u00f3 de centre<\/p>\n<p>Les NOFC (Normes d\u2019Organitzaci\u00f3 i Funcionament de Centre) recullen entre d\u2019altres:<br \/>\n\u2013 Estructura organitzativa i pedag\u00f2gica del centre<br \/>\n\u2013 Normes de conviv\u00e8ncia<br \/>\n\u2013 Drets i deures de l\u2019alumnat i professorat<br \/>\n\u2013 PAS<br \/>\n\u2013 Funcionament de centre<br \/>\n\u2013 Gesti\u00f3 econ\u00f2mica<br \/>\n\u2013 Avaluaci\u00f3 del centre<\/p>\n<table style=\"border-collapse: collapse; width: 100%;\">\n<tbody>\n<tr>\n<td style=\"width: 50%;\">PEC (Projecte Educatiu de Centre)<\/td>\n<td style=\"width: 50%;\"><a href=\"https:\/\/agora.xtec.cat\/cfgselgalliner\/el-centre\/normes-dorganitzacio-i-funcionament\/attachment\/projecte-educatiu-de-centre-_cfgs_\/\" rel=\"attachment wp-att-442\">Projecte educatiu de centre _CFGS_<\/a><\/td>\n<\/tr>\n<tr>\n<td style=\"width: 50%;\">NOFC (Normes d&#8217;Organitzaci\u00f3 i Funcionament de Centre)<\/td>\n<td style=\"width: 50%;\"><a href=\"https:\/\/agora.xtec.cat\/cfgselgalliner\/el-centre\/normes-dorganitzacio-i-funcionament\/attachment\/nofc-_cfgs_\/\" rel=\"attachment wp-att-440\">NOFC _CFGS_<\/a><\/td>\n<\/tr>\n<tr>\n<td style=\"width: 50%;\">Pla de reobertura de centre<\/td>\n<td style=\"width: 50%;\"><a href=\"https:\/\/agora.xtec.cat\/cfgselgalliner\/el-centre\/normes-dorganitzacio-i-funcionament\/attachment\/pla-reobertura-de-centre-cfgs-21-22\/\" rel=\"attachment wp-att-445\">Pla reobertura de centre CFGS 21-22<\/a><\/td>\n<\/tr>\n<tr>\n<td style=\"width: 50%;\">Perfil equip directiu (Direcci\u00f3 i Secretaria acad\u00e8mica)<\/td>\n<td style=\"width: 50%;\"><a href=\"https:\/\/agora.xtec.cat\/cfgselgalliner\/el-centre\/normes-dorganitzacio-i-funcionament\/attachment\/perfil-equip-directiu\/\" rel=\"attachment wp-att-444\">perfil equip directiu<\/a><\/td>\n<\/tr>\n<\/tbody>\n<\/table>\n","protected":false},"excerpt":{"rendered":"<p>En aquesta secci\u00f3 podreu trobar tots els documents vigents per a l\u2019organitzaci\u00f3 i gesti\u00f3 del centre aprovats en Consell Escolar.<br \/>\nEl PEC (Projecte Educatiu de Centre) recull entre d\u2019altres:<br \/>\n\u2013 Trets d\u2019identitat del centre<br \/>\n\u2013 Principis pedag\u00f2gics<br \/>\n\u2013 Projecte Ling\u00fc\u00edstic<br \/>\n\u2013 Estructura organitzativa<br \/>\n\u2013 Avaluaci\u00f3 de centre<br \/>\nLes NOFC (Normes d\u2019Organitzaci\u00f3 i&hellip;  <a href=\"https:\/\/agora.xtec.cat\/cfgselgalliner\/el-centre\/normes-dorganitzacio-i-funcionament\/\" title=\"Read Documents d&#8217;organitzaci\u00f3 i gesti\u00f3 del Centre\">Llegeix m\u00e9s\u00bb<\/a><\/p>\n","protected":false},"author":1,"featured_media":0,"parent":261,"menu_order":60,"comment_status":"closed","ping_status":"closed","template":"page-templates\/side-menu.php","meta":{"_bbp_topic_count":0,"_bbp_reply_count":0,"_bbp_total_topic_count":0,"_bbp_total_reply_count":0,"_bbp_voice_count":0,"_bbp_anonymous_reply_count":0,"_bbp_topic_count_hidden":0,"_bbp_reply_count_hidden":0,"_bbp_forum_subforum_count":0,"footnotes":""},"class_list":["post-49","page","type-page","status-publish","hentry"],"post_mailing_queue_ids":[],"_links":{"self":[{"href":"https:\/\/agora.xtec.cat\/cfgselgalliner\/wp-json\/wp\/v2\/pages\/49","targetHints":{"allow":["GET"]}}],"collection":[{"href":"https:\/\/agora.xtec.cat\/cfgselgalliner\/wp-json\/wp\/v2\/pages"}],"about":[{"href":"https:\/\/agora.xtec.cat\/cfgselgalliner\/wp-json\/wp\/v2\/types\/page"}],"author":[{"embeddable":true,"href":"https:\/\/agora.xtec.cat\/cfgselgalliner\/wp-json\/wp\/v2\/users\/1"}],"replies":[{"embeddable":true,"href":"https:\/\/agora.xtec.cat\/cfgselgalliner\/wp-json\/wp\/v2\/comments?post=49"}],"version-history":[{"count":3,"href":"https:\/\/agora.xtec.cat\/cfgselgalliner\/wp-json\/wp\/v2\/pages\/49\/revisions"}],"predecessor-version":[{"id":443,"href":"https:\/\/agora.xtec.cat\/cfgselgalliner\/wp-json\/wp\/v2\/pages\/49\/revisions\/443"}],"up":[{"embeddable":true,"href":"https:\/\/agora.xtec.cat\/cfgselgalliner\/wp-json\/wp\/v2\/pages\/261"}],"wp:attachment":[{"href":"https:\/\/agora.xtec.cat\/cfgselgalliner\/wp-json\/wp\/v2\/media?parent=49"}],"curies":[{"name":"wp","href":"https:\/\/api.w.org\/{rel}","templated":true}]}}

Documents d&#8217;organització i gestió del Centre

<p>En aquesta secció podreu trobar tots els documents vigents per a l’organització i gestió del centre aprovats en Consell Escolar.</p>
<p>El PEC (Projecte Educatiu de Centre) recull entre d’altres:<br />
– Trets d’identitat del centre<br />
– Principis pedagògics<br />
– Projecte Lingüístic<br />
– Estructura organitzativa<br />
– Avaluació de centre</p>
<p>Les NOFC (Normes d’Organització i Funcionament de Centre) recullen entre d’altres:<br />
– Estructura organitzativa i pedagògica del centre<br />
– Normes de convivència<br />
– Drets i deures de l’alumnat i professorat<br />
– PAS<br />
– Funcionament de centre<br />
– Gestió econòmica<br />
– Avaluació del centre</p>
<table style="border-collapse: collapse; width: 100%;">
<tbody>
<tr>
<td style="width: 50%;">PEC (Projecte Educatiu de Centre)</td>
<td style="width: 50%;"><a href="https://agora.xtec.cat/cfgselgalliner/el-centre/normes-dorganitzacio-i-funcionament/attachment/projecte-educatiu-de-centre-_cfgs_/" rel="attachment wp-att-442">Projecte educatiu de centre _CFGS_</a></td>
</tr>
<tr>
<td style="width: 50%;">NOFC (Normes d&#8217;Organització i Funcionament de Centre)</td>
<td style="width: 50%;"><a href="https://agora.xtec.cat/cfgselgalliner/el-centre/normes-dorganitzacio-i-funcionament/attachment/nofc-_cfgs_/" rel="attachment wp-att-440">NOFC _CFGS_</a></td>
</tr>
<tr>
<td style="width: 50%;">Pla de reobertura de centre</td>
<td style="width: 50%;"><a href="https://agora.xtec.cat/cfgselgalliner/el-centre/normes-dorganitzacio-i-funcionament/attachment/pla-reobertura-de-centre-cfgs-21-22/" rel="attachment wp-att-445">Pla reobertura de centre CFGS 21-22</a></td>
</tr>
<tr>
<td style="width: 50%;">Perfil equip directiu (Direcció i Secretaria acadèmica)</td>
<td style="width: 50%;"><a href="https://agora.xtec.cat/cfgselgalliner/el-centre/normes-dorganitzacio-i-funcionament/attachment/perfil-equip-directiu/" rel="attachment wp-att-444">perfil equip directiu</a></td>
</tr>
</tbody>
</table>

<p>En aquesta secció podreu trobar tots els documents vigents per a l’organització i gestió del centre aprovats en Consell Escolar.<br />
El PEC (Projecte Educatiu de Centre) recull entre d’altres:<br />
– Trets d’identitat del centre<br />
– Principis pedagògics<br />
– Projecte Lingüístic<br />
– Estructura organitzativa<br />
– Avaluació de centre<br />
Les NOFC (Normes d’Organització i&hellip;  <a href="https://agora.xtec.cat/cfgselgalliner/el-centre/normes-dorganitzacio-i-funcionament/" title="Read Documents d&#8217;organització i gestió del Centre">Llegeix més»</a></p>
