{"id":486,"date":"2022-02-04T17:41:12","date_gmt":"2022-02-04T16:41:12","guid":{"rendered":"https:\/\/agora.xtec.cat\/cfgselgalliner\/?page_id=486"},"modified":"2022-02-04T17:41:12","modified_gmt":"2022-02-04T16:41:12","slug":"diccio-castellana","status":"publish","type":"page","link":"https:\/\/agora.xtec.cat\/cfgselgalliner\/ensenyaments\/ensenyaments-transprofessionals\/diccio-castellana\/","title":{"rendered":"Dicci\u00f3 castellana"},"content":{"rendered":"<p>Per a un aprenentatge de la fon\u00e8tica castellana correcta, i millora de la dicci\u00f3, mitjan\u00e7ant exercicis voc\u00e0lics i articulatoris, i pr\u00e0ctiques en textos i en parla espont\u00e0nia. Identificaci\u00f3 d&#8217;errors i mals h\u00e0bits adquirits, per tal de definir estrat\u00e8gies per corregir-los. Millora de l&#8217;articulaci\u00f3 de les paraules. Soluci\u00f3 a problemes de pronunciaci\u00f3. Integraci\u00f3 de la coarticulaci\u00f3. Millora de la claredat del discurs: Entonaci\u00f3, flu\u00efdesa i ritme. Eliminaci\u00f3 de la segmentaci\u00f3. La pausa. Adequaci\u00f3 al text cient\u00edfic, interpretatiu &#8230;<\/p>\n<p>Professor: Elies Barber\u00e0<\/p>\n","protected":false},"excerpt":{"rendered":"<p>Per a un aprenentatge de la fon\u00e8tica castellana correcta, i millora de la dicci\u00f3, mitjan\u00e7ant exercicis voc\u00e0lics i articulatoris, i pr\u00e0ctiques en textos i en parla espont\u00e0nia. Identificaci\u00f3 d&#8217;errors i mals h\u00e0bits adquirits, per tal de definir estrat\u00e8gies per corregir-los. Millora de l&#8217;articulaci\u00f3 de les&hellip;  <a href=\"https:\/\/agora.xtec.cat\/cfgselgalliner\/ensenyaments\/ensenyaments-transprofessionals\/diccio-castellana\/\" title=\"Read Dicci\u00f3 castellana\">Llegeix m\u00e9s\u00bb<\/a><\/p>\n","protected":false},"author":1,"featured_media":0,"parent":286,"menu_order":0,"comment_status":"closed","ping_status":"closed","template":"page-templates\/side-menu.php","meta":{"_bbp_topic_count":0,"_bbp_reply_count":0,"_bbp_total_topic_count":0,"_bbp_total_reply_count":0,"_bbp_voice_count":0,"_bbp_anonymous_reply_count":0,"_bbp_topic_count_hidden":0,"_bbp_reply_count_hidden":0,"_bbp_forum_subforum_count":0,"footnotes":""},"class_list":["post-486","page","type-page","status-publish","hentry"],"post_mailing_queue_ids":[],"_links":{"self":[{"href":"https:\/\/agora.xtec.cat\/cfgselgalliner\/wp-json\/wp\/v2\/pages\/486","targetHints":{"allow":["GET"]}}],"collection":[{"href":"https:\/\/agora.xtec.cat\/cfgselgalliner\/wp-json\/wp\/v2\/pages"}],"about":[{"href":"https:\/\/agora.xtec.cat\/cfgselgalliner\/wp-json\/wp\/v2\/types\/page"}],"author":[{"embeddable":true,"href":"https:\/\/agora.xtec.cat\/cfgselgalliner\/wp-json\/wp\/v2\/users\/1"}],"replies":[{"embeddable":true,"href":"https:\/\/agora.xtec.cat\/cfgselgalliner\/wp-json\/wp\/v2\/comments?post=486"}],"version-history":[{"count":1,"href":"https:\/\/agora.xtec.cat\/cfgselgalliner\/wp-json\/wp\/v2\/pages\/486\/revisions"}],"predecessor-version":[{"id":487,"href":"https:\/\/agora.xtec.cat\/cfgselgalliner\/wp-json\/wp\/v2\/pages\/486\/revisions\/487"}],"up":[{"embeddable":true,"href":"https:\/\/agora.xtec.cat\/cfgselgalliner\/wp-json\/wp\/v2\/pages\/286"}],"wp:attachment":[{"href":"https:\/\/agora.xtec.cat\/cfgselgalliner\/wp-json\/wp\/v2\/media?parent=486"}],"curies":[{"name":"wp","href":"https:\/\/api.w.org\/{rel}","templated":true}]}}

Dicció castellana

<p>Per a un aprenentatge de la fonètica castellana correcta, i millora de la dicció, mitjançant exercicis vocàlics i articulatoris, i pràctiques en textos i en parla espontània. Identificació d&#8217;errors i mals hàbits adquirits, per tal de definir estratègies per corregir-los. Millora de l&#8217;articulació de les paraules. Solució a problemes de pronunciació. Integració de la coarticulació. Millora de la claredat del discurs: Entonació, fluïdesa i ritme. Eliminació de la segmentació. La pausa. Adequació al text científic, interpretatiu &#8230;</p>
<p>Professor: Elies Barberà</p>

<p>Per a un aprenentatge de la fonètica castellana correcta, i millora de la dicció, mitjançant exercicis vocàlics i articulatoris, i pràctiques en textos i en parla espontània. Identificació d&#8217;errors i mals hàbits adquirits, per tal de definir estratègies per corregir-los. Millora de l&#8217;articulació de les&hellip;  <a href="https://agora.xtec.cat/cfgselgalliner/ensenyaments/ensenyaments-transprofessionals/diccio-castellana/" title="Read Dicció castellana">Llegeix més»</a></p>
