{"id":482,"date":"2022-02-04T17:37:16","date_gmt":"2022-02-04T16:37:16","guid":{"rendered":"https:\/\/agora.xtec.cat\/cfgselgalliner\/?page_id=482"},"modified":"2022-02-04T17:37:53","modified_gmt":"2022-02-04T16:37:53","slug":"cos-ii","status":"publish","type":"page","link":"https:\/\/agora.xtec.cat\/cfgselgalliner\/ensenyaments\/ensenyaments-transprofessionals\/cos-ii\/","title":{"rendered":"Cos II"},"content":{"rendered":"<p>L\u2019actor en moviment. Continuaci\u00f3 i evoluci\u00f3 de Cos I. A m\u00e9s del treball espec\u00edficament de col\u00b7locaci\u00f3 postural, es posa l\u2019accent en dotar l\u2019alumnat d\u2019una independ\u00e8ncia en la construcci\u00f3 del seu propi entrenament corporal i en potenciar la seva creativitat a trav\u00e9s del moviment i l\u2019aplicaci\u00f3 d\u2019aquesta creativitat en situacions dram\u00e0tiques.<\/p>\n<p>Professora: Mireia Vall\u00e8s<\/p>\n","protected":false},"excerpt":{"rendered":"<p>L\u2019actor en moviment. Continuaci\u00f3 i evoluci\u00f3 de Cos I. A m\u00e9s del treball espec\u00edficament de col\u00b7locaci\u00f3 postural, es posa l\u2019accent en dotar l\u2019alumnat d\u2019una independ\u00e8ncia en la construcci\u00f3 del seu propi entrenament corporal i en potenciar la seva creativitat a trav\u00e9s del moviment i l\u2019aplicaci\u00f3&hellip;  <a href=\"https:\/\/agora.xtec.cat\/cfgselgalliner\/ensenyaments\/ensenyaments-transprofessionals\/cos-ii\/\" title=\"Read Cos II\">Llegeix m\u00e9s\u00bb<\/a><\/p>\n","protected":false},"author":1,"featured_media":0,"parent":286,"menu_order":0,"comment_status":"closed","ping_status":"closed","template":"page-templates\/side-menu.php","meta":{"_bbp_topic_count":0,"_bbp_reply_count":0,"_bbp_total_topic_count":0,"_bbp_total_reply_count":0,"_bbp_voice_count":0,"_bbp_anonymous_reply_count":0,"_bbp_topic_count_hidden":0,"_bbp_reply_count_hidden":0,"_bbp_forum_subforum_count":0,"footnotes":""},"class_list":["post-482","page","type-page","status-publish","hentry"],"post_mailing_queue_ids":[],"_links":{"self":[{"href":"https:\/\/agora.xtec.cat\/cfgselgalliner\/wp-json\/wp\/v2\/pages\/482","targetHints":{"allow":["GET"]}}],"collection":[{"href":"https:\/\/agora.xtec.cat\/cfgselgalliner\/wp-json\/wp\/v2\/pages"}],"about":[{"href":"https:\/\/agora.xtec.cat\/cfgselgalliner\/wp-json\/wp\/v2\/types\/page"}],"author":[{"embeddable":true,"href":"https:\/\/agora.xtec.cat\/cfgselgalliner\/wp-json\/wp\/v2\/users\/1"}],"replies":[{"embeddable":true,"href":"https:\/\/agora.xtec.cat\/cfgselgalliner\/wp-json\/wp\/v2\/comments?post=482"}],"version-history":[{"count":1,"href":"https:\/\/agora.xtec.cat\/cfgselgalliner\/wp-json\/wp\/v2\/pages\/482\/revisions"}],"predecessor-version":[{"id":483,"href":"https:\/\/agora.xtec.cat\/cfgselgalliner\/wp-json\/wp\/v2\/pages\/482\/revisions\/483"}],"up":[{"embeddable":true,"href":"https:\/\/agora.xtec.cat\/cfgselgalliner\/wp-json\/wp\/v2\/pages\/286"}],"wp:attachment":[{"href":"https:\/\/agora.xtec.cat\/cfgselgalliner\/wp-json\/wp\/v2\/media?parent=482"}],"curies":[{"name":"wp","href":"https:\/\/api.w.org\/{rel}","templated":true}]}}