{"id":474,"date":"2022-02-04T17:09:38","date_gmt":"2022-02-04T16:09:38","guid":{"rendered":"https:\/\/agora.xtec.cat\/cfgselgalliner\/?page_id=474"},"modified":"2022-02-04T17:09:38","modified_gmt":"2022-02-04T16:09:38","slug":"veu-i","status":"publish","type":"page","link":"https:\/\/agora.xtec.cat\/cfgselgalliner\/ensenyaments\/ensenyaments-inicials-i-formacio-basica\/veu-i\/","title":{"rendered":"Veu I"},"content":{"rendered":"<p>Contingut: iniciaci\u00f3 en la descoberta de la pr\u00f2pia veu. L\u2019observaci\u00f3 i\u00a0 l\u2019experimentaci\u00f3 s\u00f3n les principals eines per con\u00e8ixer les possibilitats de la veu. Es posa especial atenci\u00f3 en el treball postural i la relaxaci\u00f3 i s\u2019introdueixen conceptes b\u00e0sics de respiraci\u00f3 i desbloqueig de la veu. Durant tot el curs es posa l\u2019alumnat en contacte amb els principis b\u00e0sics de la t\u00e8cnica vocal.<\/p>\n<p>Professora: Emma Bover<\/p>\n","protected":false},"excerpt":{"rendered":"<p>Contingut: iniciaci\u00f3 en la descoberta de la pr\u00f2pia veu. L\u2019observaci\u00f3 i\u00a0 l\u2019experimentaci\u00f3 s\u00f3n les principals eines per con\u00e8ixer les possibilitats de la veu. Es posa especial atenci\u00f3 en el treball postural i la relaxaci\u00f3 i s\u2019introdueixen conceptes b\u00e0sics de respiraci\u00f3 i desbloqueig de la veu.&hellip;  <a href=\"https:\/\/agora.xtec.cat\/cfgselgalliner\/ensenyaments\/ensenyaments-inicials-i-formacio-basica\/veu-i\/\" title=\"Read Veu I\">Llegeix m\u00e9s\u00bb<\/a><\/p>\n","protected":false},"author":1,"featured_media":0,"parent":283,"menu_order":0,"comment_status":"closed","ping_status":"closed","template":"page-templates\/side-menu.php","meta":{"_bbp_topic_count":0,"_bbp_reply_count":0,"_bbp_total_topic_count":0,"_bbp_total_reply_count":0,"_bbp_voice_count":0,"_bbp_anonymous_reply_count":0,"_bbp_topic_count_hidden":0,"_bbp_reply_count_hidden":0,"_bbp_forum_subforum_count":0,"footnotes":""},"class_list":["post-474","page","type-page","status-publish","hentry"],"post_mailing_queue_ids":[],"_links":{"self":[{"href":"https:\/\/agora.xtec.cat\/cfgselgalliner\/wp-json\/wp\/v2\/pages\/474","targetHints":{"allow":["GET"]}}],"collection":[{"href":"https:\/\/agora.xtec.cat\/cfgselgalliner\/wp-json\/wp\/v2\/pages"}],"about":[{"href":"https:\/\/agora.xtec.cat\/cfgselgalliner\/wp-json\/wp\/v2\/types\/page"}],"author":[{"embeddable":true,"href":"https:\/\/agora.xtec.cat\/cfgselgalliner\/wp-json\/wp\/v2\/users\/1"}],"replies":[{"embeddable":true,"href":"https:\/\/agora.xtec.cat\/cfgselgalliner\/wp-json\/wp\/v2\/comments?post=474"}],"version-history":[{"count":1,"href":"https:\/\/agora.xtec.cat\/cfgselgalliner\/wp-json\/wp\/v2\/pages\/474\/revisions"}],"predecessor-version":[{"id":475,"href":"https:\/\/agora.xtec.cat\/cfgselgalliner\/wp-json\/wp\/v2\/pages\/474\/revisions\/475"}],"up":[{"embeddable":true,"href":"https:\/\/agora.xtec.cat\/cfgselgalliner\/wp-json\/wp\/v2\/pages\/283"}],"wp:attachment":[{"href":"https:\/\/agora.xtec.cat\/cfgselgalliner\/wp-json\/wp\/v2\/media?parent=474"}],"curies":[{"name":"wp","href":"https:\/\/api.w.org\/{rel}","templated":true}]}}

<p>Contingut: iniciació en la descoberta de la pròpia veu. L’observació i  l’experimentació són les principals eines per conèixer les possibilitats de la veu. Es posa especial atenció en el treball postural i la relaxació i s’introdueixen conceptes bàsics de respiració i desbloqueig de la veu. Durant tot el curs es posa l’alumnat en contacte amb els principis bàsics de la tècnica vocal.</p>
<p>Professora: Emma Bover</p>

<p>Contingut: iniciació en la descoberta de la pròpia veu. L’observació i  l’experimentació són les principals eines per conèixer les possibilitats de la veu. Es posa especial atenció en el treball postural i la relaxació i s’introdueixen conceptes bàsics de respiració i desbloqueig de la veu.&hellip;  <a href="https://agora.xtec.cat/cfgselgalliner/ensenyaments/ensenyaments-inicials-i-formacio-basica/veu-i/" title="Read Veu I">Llegeix més»</a></p>
