{"id":472,"date":"2022-02-04T17:08:24","date_gmt":"2022-02-04T16:08:24","guid":{"rendered":"https:\/\/agora.xtec.cat\/cfgselgalliner\/?page_id=472"},"modified":"2022-02-04T17:08:24","modified_gmt":"2022-02-04T16:08:24","slug":"parlar-en-public","status":"publish","type":"page","link":"https:\/\/agora.xtec.cat\/cfgselgalliner\/ensenyaments\/ensenyaments-inicials-i-formacio-basica\/parlar-en-public\/","title":{"rendered":"Parlar en p\u00fablic"},"content":{"rendered":"<p>Assignatura pr\u00e0ctica d\u2019introducci\u00f3 a l\u2019orat\u00f2ria on es treballar\u00e0 l\u2019autopresentaci\u00f3 i l\u2019an\u00e0lisi d\u2019altres oradors, la claredat del llenguatge verbal i la seva precisi\u00f3, aix\u00ed com la import\u00e0ncia del llenguatge no verbal (prox\u00e8mica, posici\u00f3 del cos, gesticulaci\u00f3, expressi\u00f3 facial&#8230;). Tamb\u00e9 es treballaran t\u00e8cniques de desinhibici\u00f3 i consci\u00e8ncia corporal.<\/p>\n<p>Professora: Emma Bover<\/p>\n","protected":false},"excerpt":{"rendered":"<p>Assignatura pr\u00e0ctica d\u2019introducci\u00f3 a l\u2019orat\u00f2ria on es treballar\u00e0 l\u2019autopresentaci\u00f3 i l\u2019an\u00e0lisi d\u2019altres oradors, la claredat del llenguatge verbal i la seva precisi\u00f3, aix\u00ed com la import\u00e0ncia del llenguatge no verbal (prox\u00e8mica, posici\u00f3 del cos, gesticulaci\u00f3, expressi\u00f3 facial&#8230;). Tamb\u00e9 es treballaran t\u00e8cniques de desinhibici\u00f3 i consci\u00e8ncia&hellip;  <a href=\"https:\/\/agora.xtec.cat\/cfgselgalliner\/ensenyaments\/ensenyaments-inicials-i-formacio-basica\/parlar-en-public\/\" title=\"Read Parlar en p\u00fablic\">Llegeix m\u00e9s\u00bb<\/a><\/p>\n","protected":false},"author":1,"featured_media":0,"parent":283,"menu_order":0,"comment_status":"closed","ping_status":"closed","template":"page-templates\/side-menu.php","meta":{"_bbp_topic_count":0,"_bbp_reply_count":0,"_bbp_total_topic_count":0,"_bbp_total_reply_count":0,"_bbp_voice_count":0,"_bbp_anonymous_reply_count":0,"_bbp_topic_count_hidden":0,"_bbp_reply_count_hidden":0,"_bbp_forum_subforum_count":0,"footnotes":""},"class_list":["post-472","page","type-page","status-publish","hentry"],"post_mailing_queue_ids":[],"_links":{"self":[{"href":"https:\/\/agora.xtec.cat\/cfgselgalliner\/wp-json\/wp\/v2\/pages\/472","targetHints":{"allow":["GET"]}}],"collection":[{"href":"https:\/\/agora.xtec.cat\/cfgselgalliner\/wp-json\/wp\/v2\/pages"}],"about":[{"href":"https:\/\/agora.xtec.cat\/cfgselgalliner\/wp-json\/wp\/v2\/types\/page"}],"author":[{"embeddable":true,"href":"https:\/\/agora.xtec.cat\/cfgselgalliner\/wp-json\/wp\/v2\/users\/1"}],"replies":[{"embeddable":true,"href":"https:\/\/agora.xtec.cat\/cfgselgalliner\/wp-json\/wp\/v2\/comments?post=472"}],"version-history":[{"count":1,"href":"https:\/\/agora.xtec.cat\/cfgselgalliner\/wp-json\/wp\/v2\/pages\/472\/revisions"}],"predecessor-version":[{"id":473,"href":"https:\/\/agora.xtec.cat\/cfgselgalliner\/wp-json\/wp\/v2\/pages\/472\/revisions\/473"}],"up":[{"embeddable":true,"href":"https:\/\/agora.xtec.cat\/cfgselgalliner\/wp-json\/wp\/v2\/pages\/283"}],"wp:attachment":[{"href":"https:\/\/agora.xtec.cat\/cfgselgalliner\/wp-json\/wp\/v2\/media?parent=472"}],"curies":[{"name":"wp","href":"https:\/\/api.w.org\/{rel}","templated":true}]}}

Parlar en públic

<p>Assignatura pràctica d’introducció a l’oratòria on es treballarà l’autopresentació i l’anàlisi d’altres oradors, la claredat del llenguatge verbal i la seva precisió, així com la importància del llenguatge no verbal (proxèmica, posició del cos, gesticulació, expressió facial&#8230;). També es treballaran tècniques de desinhibició i consciència corporal.</p>
<p>Professora: Emma Bover</p>

<p>Assignatura pràctica d’introducció a l’oratòria on es treballarà l’autopresentació i l’anàlisi d’altres oradors, la claredat del llenguatge verbal i la seva precisió, així com la importància del llenguatge no verbal (proxèmica, posició del cos, gesticulació, expressió facial&#8230;). També es treballaran tècniques de desinhibició i consciència&hellip;  <a href="https://agora.xtec.cat/cfgselgalliner/ensenyaments/ensenyaments-inicials-i-formacio-basica/parlar-en-public/" title="Read Parlar en públic">Llegeix més»</a></p>
