{"id":470,"date":"2022-02-04T17:06:42","date_gmt":"2022-02-04T16:06:42","guid":{"rendered":"https:\/\/agora.xtec.cat\/cfgselgalliner\/?page_id=470"},"modified":"2022-02-04T17:06:42","modified_gmt":"2022-02-04T16:06:42","slug":"mascara","status":"publish","type":"page","link":"https:\/\/agora.xtec.cat\/cfgselgalliner\/ensenyaments\/ensenyaments-inicials-i-formacio-basica\/mascara\/","title":{"rendered":"M\u00e0scara"},"content":{"rendered":"<p>Assignatura orientada a la presa de consci\u00e8ncia de la import\u00e0ncia del gest a l\u2019hora d\u2019interpretar tant a nivell individual com col\u00b7lectiu. Aprendre a comunicar-se sense paraules i a desenvolupar la capacitat gestual\u00a0 pr\u00f2pia de cadasc\u00fa. Es comen\u00e7ar\u00e0 amb la introducci\u00f3 al treball de la m\u00e0scara tot utilitzant la <em>m\u00e0scara neutra<\/em> (la m\u00e0scara que hi ha sota totes les m\u00e0scares) cercant rendibilitzar el moviment i el seu grau \u00f2ptim d\u2019expressi\u00f3. A continuaci\u00f3 es treballaran les <em>m<\/em><em>\u00e0scares expressives<\/em>, que, sense ser totalment definides, esbossen la caracteritzaci\u00f3 dels personatges.<\/p>\n<p>Professora: Marian Masoliver<\/p>\n","protected":false},"excerpt":{"rendered":"<p>Assignatura orientada a la presa de consci\u00e8ncia de la import\u00e0ncia del gest a l\u2019hora d\u2019interpretar tant a nivell individual com col\u00b7lectiu. Aprendre a comunicar-se sense paraules i a desenvolupar la capacitat gestual\u00a0 pr\u00f2pia de cadasc\u00fa. Es comen\u00e7ar\u00e0 amb la introducci\u00f3 al treball de la m\u00e0scara&hellip;  <a href=\"https:\/\/agora.xtec.cat\/cfgselgalliner\/ensenyaments\/ensenyaments-inicials-i-formacio-basica\/mascara\/\" title=\"Read M\u00e0scara\">Llegeix m\u00e9s\u00bb<\/a><\/p>\n","protected":false},"author":1,"featured_media":0,"parent":283,"menu_order":0,"comment_status":"closed","ping_status":"closed","template":"page-templates\/side-menu.php","meta":{"_bbp_topic_count":0,"_bbp_reply_count":0,"_bbp_total_topic_count":0,"_bbp_total_reply_count":0,"_bbp_voice_count":0,"_bbp_anonymous_reply_count":0,"_bbp_topic_count_hidden":0,"_bbp_reply_count_hidden":0,"_bbp_forum_subforum_count":0,"footnotes":""},"class_list":["post-470","page","type-page","status-publish","hentry"],"post_mailing_queue_ids":[],"_links":{"self":[{"href":"https:\/\/agora.xtec.cat\/cfgselgalliner\/wp-json\/wp\/v2\/pages\/470","targetHints":{"allow":["GET"]}}],"collection":[{"href":"https:\/\/agora.xtec.cat\/cfgselgalliner\/wp-json\/wp\/v2\/pages"}],"about":[{"href":"https:\/\/agora.xtec.cat\/cfgselgalliner\/wp-json\/wp\/v2\/types\/page"}],"author":[{"embeddable":true,"href":"https:\/\/agora.xtec.cat\/cfgselgalliner\/wp-json\/wp\/v2\/users\/1"}],"replies":[{"embeddable":true,"href":"https:\/\/agora.xtec.cat\/cfgselgalliner\/wp-json\/wp\/v2\/comments?post=470"}],"version-history":[{"count":1,"href":"https:\/\/agora.xtec.cat\/cfgselgalliner\/wp-json\/wp\/v2\/pages\/470\/revisions"}],"predecessor-version":[{"id":471,"href":"https:\/\/agora.xtec.cat\/cfgselgalliner\/wp-json\/wp\/v2\/pages\/470\/revisions\/471"}],"up":[{"embeddable":true,"href":"https:\/\/agora.xtec.cat\/cfgselgalliner\/wp-json\/wp\/v2\/pages\/283"}],"wp:attachment":[{"href":"https:\/\/agora.xtec.cat\/cfgselgalliner\/wp-json\/wp\/v2\/media?parent=470"}],"curies":[{"name":"wp","href":"https:\/\/api.w.org\/{rel}","templated":true}]}}

Màscara

<p>Assignatura orientada a la presa de consciència de la importància del gest a l’hora d’interpretar tant a nivell individual com col·lectiu. Aprendre a comunicar-se sense paraules i a desenvolupar la capacitat gestual  pròpia de cadascú. Es començarà amb la introducció al treball de la màscara tot utilitzant la <em>màscara neutra</em> (la màscara que hi ha sota totes les màscares) cercant rendibilitzar el moviment i el seu grau òptim d’expressió. A continuació es treballaran les <em>m</em><em>àscares expressives</em>, que, sense ser totalment definides, esbossen la caracterització dels personatges.</p>
<p>Professora: Marian Masoliver</p>

<p>Assignatura orientada a la presa de consciència de la importància del gest a l’hora d’interpretar tant a nivell individual com col·lectiu. Aprendre a comunicar-se sense paraules i a desenvolupar la capacitat gestual  pròpia de cadascú. Es començarà amb la introducció al treball de la màscara&hellip;  <a href="https://agora.xtec.cat/cfgselgalliner/ensenyaments/ensenyaments-inicials-i-formacio-basica/mascara/" title="Read Màscara">Llegeix més»</a></p>
