{"id":461,"date":"2022-02-04T17:00:09","date_gmt":"2022-02-04T16:00:09","guid":{"rendered":"https:\/\/agora.xtec.cat\/cfgselgalliner\/?page_id=461"},"modified":"2022-02-04T17:00:33","modified_gmt":"2022-02-04T16:00:33","slug":"diccio-catalana","status":"publish","type":"page","link":"https:\/\/agora.xtec.cat\/cfgselgalliner\/ensenyaments\/ensenyaments-inicials-i-formacio-basica\/diccio-catalana\/","title":{"rendered":"Dicci\u00f3 catalana"},"content":{"rendered":"<p>Per con\u00e8ixer el sistema fon\u00e8tic catal\u00e0 i saber recon\u00e8ixer els ritmes del text. Presa de consci\u00e8ncia de la pr\u00f2pia parla i coneixement de la llengua. Introducci\u00f3 a l\u2019estudi i l\u2019aplicaci\u00f3 de l\u2019est\u00e0ndard oral, amb tota la seva flexibilitat (variants, \u00e0mbits d\u2019\u00fas i registres). Pr\u00e0ctiques d\u2019ortologia i pros\u00f2dia. Es treballaran diferents textos en vers i en prosa, de diferents g\u00e8neres i estils, (puntuaci\u00f3 i entonaci\u00f3, m\u00e8trica, accent i ritme).<\/p>\n<p>Professora: Marta Montiel<\/p>\n","protected":false},"excerpt":{"rendered":"<p>Per con\u00e8ixer el sistema fon\u00e8tic catal\u00e0 i saber recon\u00e8ixer els ritmes del text. Presa de consci\u00e8ncia de la pr\u00f2pia parla i coneixement de la llengua. Introducci\u00f3 a l\u2019estudi i l\u2019aplicaci\u00f3 de l\u2019est\u00e0ndard oral, amb tota la seva flexibilitat (variants, \u00e0mbits d\u2019\u00fas i registres). Pr\u00e0ctiques d\u2019ortologia&hellip;  <a href=\"https:\/\/agora.xtec.cat\/cfgselgalliner\/ensenyaments\/ensenyaments-inicials-i-formacio-basica\/diccio-catalana\/\" title=\"Read Dicci\u00f3 catalana\">Llegeix m\u00e9s\u00bb<\/a><\/p>\n","protected":false},"author":1,"featured_media":0,"parent":283,"menu_order":0,"comment_status":"closed","ping_status":"closed","template":"page-templates\/side-menu.php","meta":{"_bbp_topic_count":0,"_bbp_reply_count":0,"_bbp_total_topic_count":0,"_bbp_total_reply_count":0,"_bbp_voice_count":0,"_bbp_anonymous_reply_count":0,"_bbp_topic_count_hidden":0,"_bbp_reply_count_hidden":0,"_bbp_forum_subforum_count":0,"footnotes":""},"class_list":["post-461","page","type-page","status-publish","hentry"],"post_mailing_queue_ids":[],"_links":{"self":[{"href":"https:\/\/agora.xtec.cat\/cfgselgalliner\/wp-json\/wp\/v2\/pages\/461","targetHints":{"allow":["GET"]}}],"collection":[{"href":"https:\/\/agora.xtec.cat\/cfgselgalliner\/wp-json\/wp\/v2\/pages"}],"about":[{"href":"https:\/\/agora.xtec.cat\/cfgselgalliner\/wp-json\/wp\/v2\/types\/page"}],"author":[{"embeddable":true,"href":"https:\/\/agora.xtec.cat\/cfgselgalliner\/wp-json\/wp\/v2\/users\/1"}],"replies":[{"embeddable":true,"href":"https:\/\/agora.xtec.cat\/cfgselgalliner\/wp-json\/wp\/v2\/comments?post=461"}],"version-history":[{"count":1,"href":"https:\/\/agora.xtec.cat\/cfgselgalliner\/wp-json\/wp\/v2\/pages\/461\/revisions"}],"predecessor-version":[{"id":462,"href":"https:\/\/agora.xtec.cat\/cfgselgalliner\/wp-json\/wp\/v2\/pages\/461\/revisions\/462"}],"up":[{"embeddable":true,"href":"https:\/\/agora.xtec.cat\/cfgselgalliner\/wp-json\/wp\/v2\/pages\/283"}],"wp:attachment":[{"href":"https:\/\/agora.xtec.cat\/cfgselgalliner\/wp-json\/wp\/v2\/media?parent=461"}],"curies":[{"name":"wp","href":"https:\/\/api.w.org\/{rel}","templated":true}]}}

Dicció catalana

<p>Per conèixer el sistema fonètic català i saber reconèixer els ritmes del text. Presa de consciència de la pròpia parla i coneixement de la llengua. Introducció a l’estudi i l’aplicació de l’estàndard oral, amb tota la seva flexibilitat (variants, àmbits d’ús i registres). Pràctiques d’ortologia i prosòdia. Es treballaran diferents textos en vers i en prosa, de diferents gèneres i estils, (puntuació i entonació, mètrica, accent i ritme).</p>
<p>Professora: Marta Montiel</p>

<p>Per conèixer el sistema fonètic català i saber reconèixer els ritmes del text. Presa de consciència de la pròpia parla i coneixement de la llengua. Introducció a l’estudi i l’aplicació de l’estàndard oral, amb tota la seva flexibilitat (variants, àmbits d’ús i registres). Pràctiques d’ortologia&hellip;  <a href="https://agora.xtec.cat/cfgselgalliner/ensenyaments/ensenyaments-inicials-i-formacio-basica/diccio-catalana/" title="Read Dicció catalana">Llegeix més»</a></p>
