{"id":39,"date":"2014-09-17T16:36:44","date_gmt":"2014-09-17T16:36:44","guid":{"rendered":"http:\/\/agora.xtec.cat\/cfgselgalliner\/?page_id=39"},"modified":"2022-02-07T18:39:10","modified_gmt":"2022-02-07T17:39:10","slug":"instal%c2%b7lacions","status":"publish","type":"page","link":"https:\/\/agora.xtec.cat\/cfgselgalliner\/el-centre\/instal%c2%b7lacions\/","title":{"rendered":"Instal\u00b7lacions"},"content":{"rendered":"\r\n\t<div class=\"slideshow_container slideshow_container_style-light\" style=\"height: 500px; \" data-slideshow-id=\"31\" data-style-name=\"style-light\" data-style-version=\"2.3.1\" >\r\n\r\n\t\t\t\t\t<div class=\"slideshow_loading_icon\"><\/div>\r\n\t\t\r\n\t\t<div class=\"slideshow_content\" style=\"display: none;\">\r\n\r\n\t\t\t<div class=\"slideshow_view\">\r\n\t\t\t\t<div class=\"slideshow_slide slideshow_slide_image\">\r\n\t\t\t\t\t\t\t\t\t\t\t<img src=\"https:\/\/agora.xtec.cat\/cfgselgalliner\/wp-content\/uploads\/usu2282\/2022\/02\/AULA-1-PETITA-1.jpg\" alt=\"Aula 1\" width=\"1024\" height=\"684\" \/>\r\n\t\t\t\t\t\t\t\t\t\t<div class=\"slideshow_description_box slideshow_transparent\">\r\n\t\t\t\t\t\t<div class=\"slideshow_title\">Aula 1<\/div>\t\t\t\t\t\t<div class=\"slideshow_description\">.<\/div>\t\t\t\t\t<\/div>\r\n\t\t\t\t<\/div>\r\n\r\n\t\t\t\t\t\t<div style=\"clear: both;\"><\/div><\/div><div class=\"slideshow_view\">\r\n\t\t\t\t<div class=\"slideshow_slide slideshow_slide_image\">\r\n\t\t\t\t\t\t\t\t\t\t\t<img src=\"https:\/\/agora.xtec.cat\/cfgselgalliner\/wp-content\/uploads\/usu2282\/2022\/02\/AULA-2-PETITA.jpg\" alt=\"Aula 2\" width=\"1024\" height=\"684\" \/>\r\n\t\t\t\t\t\t\t\t\t\t<div class=\"slideshow_description_box slideshow_transparent\">\r\n\t\t\t\t\t\t<div class=\"slideshow_title\">Aula 2<\/div>\t\t\t\t\t\t<div class=\"slideshow_description\">.<\/div>\t\t\t\t\t<\/div>\r\n\t\t\t\t<\/div>\r\n\r\n\t\t\t\t\t\t<div style=\"clear: both;\"><\/div><\/div><div class=\"slideshow_view\">\r\n\t\t\t\t<div class=\"slideshow_slide slideshow_slide_image\">\r\n\t\t\t\t\t\t\t\t\t\t\t<img src=\"https:\/\/agora.xtec.cat\/cfgselgalliner\/wp-content\/uploads\/usu2282\/2022\/02\/AULA-4-PETITA.jpg\" alt=\"Aula 4\" width=\"1024\" height=\"684\" \/>\r\n\t\t\t\t\t\t\t\t\t\t<div class=\"slideshow_description_box slideshow_transparent\">\r\n\t\t\t\t\t\t<div class=\"slideshow_title\">Aula 4<\/div>\t\t\t\t\t\t<div class=\"slideshow_description\">.<\/div>\t\t\t\t\t<\/div>\r\n\t\t\t\t<\/div>\r\n\r\n\t\t\t\t\t\t<div style=\"clear: both;\"><\/div><\/div><div class=\"slideshow_view\">\r\n\t\t\t\t<div class=\"slideshow_slide slideshow_slide_image\">\r\n\t\t\t\t\t\t\t\t\t\t\t<img src=\"https:\/\/agora.xtec.cat\/cfgselgalliner\/wp-content\/uploads\/usu2282\/2022\/02\/BIBLIOTECA-PETITA.jpg\" alt=\"Biblioteca\" width=\"1024\" height=\"684\" \/>\r\n\t\t\t\t\t\t\t\t\t\t<div class=\"slideshow_description_box slideshow_transparent\">\r\n\t\t\t\t\t\t<div class=\"slideshow_title\">Biblioteca<\/div>\t\t\t\t\t\t<div class=\"slideshow_description\">.<\/div>\t\t\t\t\t<\/div>\r\n\t\t\t\t<\/div>\r\n\r\n\t\t\t\t\t\t<div style=\"clear: both;\"><\/div><\/div><div class=\"slideshow_view\">\r\n\t\t\t\t<div class=\"slideshow_slide slideshow_slide_image\">\r\n\t\t\t\t\t\t\t\t\t\t\t<img src=\"https:\/\/agora.xtec.cat\/cfgselgalliner\/wp-content\/uploads\/usu2282\/2022\/02\/VESTUARI-PETITA-2.jpg\" alt=\"Vestuari\" width=\"1024\" height=\"684\" \/>\r\n\t\t\t\t\t\t\t\t\t\t<div class=\"slideshow_description_box slideshow_transparent\">\r\n\t\t\t\t\t\t<div class=\"slideshow_title\">Vestuari<\/div>\t\t\t\t\t\t<div class=\"slideshow_description\">.<\/div>\t\t\t\t\t<\/div>\r\n\t\t\t\t<\/div>\r\n\r\n\t\t\t\t\t\t<div style=\"clear: both;\"><\/div><\/div>\r\n\t\t<\/div>\r\n\r\n\t\t<div class=\"slideshow_controlPanel slideshow_transparent\" style=\"display: none;\"><ul><li class=\"slideshow_togglePlay\" data-play-text=\"Visualitza\" data-pause-text=\"Pausa\"><\/li><\/ul><\/div>\r\n\r\n\t\t<div class=\"slideshow_button slideshow_previous slideshow_transparent\" role=\"button\" data-previous-text=\"Anterior\" style=\"display: none;\"><\/div>\r\n\t\t<div class=\"slideshow_button slideshow_next slideshow_transparent\" role=\"button\" data-next-text=\"Seg\u00fcent\" style=\"display: none;\"><\/div>\r\n\r\n\t\t<div class=\"slideshow_pagination\" style=\"display: none;\" data-go-to-text=\"V\u00e9s a la diapositiva\"><div class=\"slideshow_pagination_center\"><\/div><\/div>\r\n\r\n\t\t<!-- WordPress Slideshow Version 2.3.1 -->\r\n\r\n\t\t\t<\/div>\r\n\r\n\n<p>&nbsp;<\/p>\n<p style=\"text-align: center;\"><strong>El Centre de formaci\u00f3 teatral El Galliner comparteix l\u2019edifici amb el Conservatori de Girona, la Biblioteca P\u00fablica de Girona, i diverses sales d\u2019exposicions. Aquest fet facilita la interrelaci\u00f3 entre les diferents formes d\u2019expressi\u00f3 art\u00edstica i converteix el complex en un centre din\u00e0mic d\u2019intercanvi cultural.<\/strong><\/p>\n<p>&nbsp;<\/p>\n<p><strong>Aules<\/strong><\/p>\n<p>Les aules d&#8217;El Galliner estan totalment equipades per al desenvolupament de l&#8217;activitat teatral: parquet, equip de so i focus per il\u00b7luminar les escenes.<\/p>\n<p><strong>Biblioteca<\/strong><\/p>\n<p>El Galliner posa a disposici\u00f3 dels seu alumnat una biblioteca amb un fons bibliogr\u00e0fic amb m\u00e9s de 3.000 t\u00edtols (obres de teatre, pedagogia, hist\u00f2ria del teatre&#8230;), a banda de wifi, ordinadors amb connexi\u00f3 a internet, una videoteca amb aparells reproductors i una hemeroteca especialitzada en teatre.<br \/>\nAqu\u00ed tenim a la vostra disposici\u00f3 l\u2019enregistrament en v\u00eddeo i\/o fotografia d\u2019algunes de les activitats escolars (principalment els Tallers de final de curs), com un document en pr\u00e9stec m\u00e9s.<br \/>\nLa Biblioteca, que tamb\u00e9 funciona com a aula d\u2019estudi, est\u00e0 ubicada a la Sala Polivalent. El Galliner es reserva el dret de restringir-ne l\u2019acc\u00e9s en funci\u00f3 de les activitats que s\u2019estiguin desenvolupant en aquest espai en un moment determinat.<\/p>\n<p><strong>Vestuari<\/strong><\/p>\n<p>El Galliner disposa d\u2019un servei de Vestuari teatral i atrezzo (m\u00e9s de 2.000 peces de roba i complements), adre\u00e7at a professionals i amateurs, i que tamb\u00e9 d\u00f3na servei als alumnes de l\u2019Escola.<br \/>\nEl Servei de Vestuari fixa un preu per cada pe\u00e7a llogada i una fian\u00e7a (independentment del nombre de peces o del preu del lloguer), que varia depenent de les caracter\u00edstiques de la pe\u00e7a. \u00c9s un servei gratu\u00eft per a l\u2019alumnat, sempre que sigui per a activitats escolars. La fian\u00e7a, per\u00f2, cal abonar-la igualment.<br \/>\nTotes i cadascuna de les peces llogades s\u2019han de retornar netes i planxades de casa o de tintoreria (aix\u00f2 dependr\u00e0 de les caracter\u00edstiques de la pe\u00e7a en particular) en el per\u00edode fixat i nom\u00e9s en horari del Servei de Vestuari (dimarts i dijous de 17 a 20.30 h. Tancat durant els per\u00edodes de vacances escolars de Nadal, Setmana Santa i agost).<\/p>\n<p><strong>Hall\/menjador<\/strong><\/p>\n<p>Totalment il\u00b7luminat que porta fins al menjador on hi ha taules, cadires i microones per poder menjar tranquil\u00b7lament.<\/p>\n","protected":false},"excerpt":{"rendered":"<p>\t\t\t\t\t\tAula 1\t\t\t\t\t\t.\t\t\t\t\t<\/p>\n<p>\t\t\t\t\t\tAula 2\t\t\t\t\t\t.\t\t\t\t\t<\/p>\n<p>\t\t\t\t\t\tAula 4\t\t\t\t\t\t.\t\t\t\t\t<\/p>\n<p>\t\t\t\t\t\tBiblioteca\t\t\t\t\t\t.\t\t\t\t\t<\/p>\n<p>\t\t\t\t\t\tVestuari\t\t\t\t\t\t.\t\t\t\t\t<\/p>\n<ul>\n<li class=\"slideshow_togglePlay\" data-play-text=\"Visualitza\" data-pause-text=\"Pausa\"><\/li>\n<\/ul>\n<p>&nbsp;<br \/>\nEl Centre de formaci\u00f3 teatral El Galliner comparteix l\u2019edifici amb el Conservatori de Girona, la Biblioteca P\u00fablica de Girona, i diverses sales d\u2019exposicions. Aquest fet facilita la interrelaci\u00f3 entre les diferents formes d\u2019expressi\u00f3 art\u00edstica i converteix el complex en&hellip;  <a href=\"https:\/\/agora.xtec.cat\/cfgselgalliner\/el-centre\/instal%c2%b7lacions\/\" title=\"Read Instal\u00b7lacions\">Llegeix m\u00e9s\u00bb<\/a><\/p>\n","protected":false},"author":1,"featured_media":0,"parent":261,"menu_order":30,"comment_status":"closed","ping_status":"closed","template":"page-templates\/side-menu.php","meta":{"_bbp_topic_count":0,"_bbp_reply_count":0,"_bbp_total_topic_count":0,"_bbp_total_reply_count":0,"_bbp_voice_count":0,"_bbp_anonymous_reply_count":0,"_bbp_topic_count_hidden":0,"_bbp_reply_count_hidden":0,"_bbp_forum_subforum_count":0,"footnotes":""},"class_list":["post-39","page","type-page","status-publish","hentry"],"post_mailing_queue_ids":[],"_links":{"self":[{"href":"https:\/\/agora.xtec.cat\/cfgselgalliner\/wp-json\/wp\/v2\/pages\/39","targetHints":{"allow":["GET"]}}],"collection":[{"href":"https:\/\/agora.xtec.cat\/cfgselgalliner\/wp-json\/wp\/v2\/pages"}],"about":[{"href":"https:\/\/agora.xtec.cat\/cfgselgalliner\/wp-json\/wp\/v2\/types\/page"}],"author":[{"embeddable":true,"href":"https:\/\/agora.xtec.cat\/cfgselgalliner\/wp-json\/wp\/v2\/users\/1"}],"replies":[{"embeddable":true,"href":"https:\/\/agora.xtec.cat\/cfgselgalliner\/wp-json\/wp\/v2\/comments?post=39"}],"version-history":[{"count":3,"href":"https:\/\/agora.xtec.cat\/cfgselgalliner\/wp-json\/wp\/v2\/pages\/39\/revisions"}],"predecessor-version":[{"id":432,"href":"https:\/\/agora.xtec.cat\/cfgselgalliner\/wp-json\/wp\/v2\/pages\/39\/revisions\/432"}],"up":[{"embeddable":true,"href":"https:\/\/agora.xtec.cat\/cfgselgalliner\/wp-json\/wp\/v2\/pages\/261"}],"wp:attachment":[{"href":"https:\/\/agora.xtec.cat\/cfgselgalliner\/wp-json\/wp\/v2\/media?parent=39"}],"curies":[{"name":"wp","href":"https:\/\/api.w.org\/{rel}","templated":true}]}}