{"id":318,"date":"2015-01-28T11:34:47","date_gmt":"2015-01-28T10:34:47","guid":{"rendered":"http:\/\/agora.xtec.cat\/cfgselgalliner\/?page_id=318"},"modified":"2022-07-11T09:31:03","modified_gmt":"2022-07-11T07:31:03","slug":"a-cicles-formatius-de-grau-superior","status":"publish","type":"page","link":"https:\/\/agora.xtec.cat\/cfgselgalliner\/ensenyaments\/requisitsdacces\/a-cicles-formatius-de-grau-superior\/","title":{"rendered":"Proves d&#8217;acc\u00e9s"},"content":{"rendered":"<div class=\"double-column\">\n<div>\n<h3>Inscripci\u00f3 a les proves. Documentaci\u00f3 necess\u00e0ria<\/h3>\n<ul>\n<li>Formulari d\u2019inscripci\u00f3 complimentat. Trobareu el document a peu de p\u00e0gina.<\/li>\n<li>Fotoc\u00f2pia del DNI (o passaport o NIE).<\/li>\n<li>Foto de carnet.<\/li>\n<li>T\u00edtol de batxillerat o document acreditatiu.<\/li>\n<li>Pagament de la taxa d\u2019inscripci\u00f3 a les proves d\u2019acc\u00e9s (45\u20ac). Per transfer\u00e8ncia banc\u00e0ria, indicant <em>NOM I COGNOMS + PROVA CFGS<\/em> al n\u00fam: ES30 0081 0086 0600 0107 1512 (Banc de Sabadell)<\/li>\n<\/ul>\n<p><strong><em>Cal fer arribar la vostra documentaci\u00f3:<br \/>\n<\/em><\/strong><\/p>\n<ul>\n<li><strong>Per correu electr\u00f2nic<\/strong> (<a href=\"mailto:secretaria@elgalliner.cat\">secretaria@elgalliner.cat<\/a>): juntament amb el comprovant de pagament de la taxa d\u2019inscripci\u00f3 a les proves d\u2019acc\u00e9s al CFGS (45\u20ac)<\/li>\n<li><strong>Presencialment:<\/strong> de manera excepcional, per als casos en qu\u00e8 els sol\u00b7licitants no pugueu presentar els documents de forma telem\u00e0tica, cal demanar cita pr\u00e8via clicant el seg\u00fcent <a href=\"mailto:secretaria@elgalliner.cat\">ENLLA\u00c7.<\/a> <strong>L\u2019horari d\u2019atenci\u00f3 presencial \u00e9s de dilluns a divendres de 9.30h a 12.30h i 16.30h a 19.30h.<\/strong><\/li>\n<\/ul>\n<h3>Caracter\u00edstiques de les proves<\/h3>\n<p>Les proves d\u2019acc\u00e9s consten d\u2019un exercici individual de veu, cos i interpretaci\u00f3. L\u2019aspirant ha de memoritzar:<\/p>\n<ul>\n<li>un dels tres mon\u00f2legs a triar (noia o noi)<\/li>\n<li>un poema a triar<\/li>\n<\/ul>\n<p>A m\u00e9s, ha de preparar-se una proposta interpretativa pel mon\u00f2leg per tal de poder-hi treballar el dia de la prova.<\/p>\n<p><strong>Trobareu aquest material en el seg\u00fcent <a href=\"https:\/\/drive.google.com\/drive\/folders\/165l45-QSFXwBigrg6O5uXCOc3YZj8dZl?usp=sharing\">ENLLA\u00c7<\/a>.<\/strong><\/p>\n<\/div>\n<div>\n<h3>Admissi\u00f3 al CFGS<\/h3>\n<p>El fet d\u2019haver superat la prova no suposa l\u2019obtenci\u00f3 de pla\u00e7a escolar. Per tal de determinar les persones admeses al CFGS, s\u2019estableix el criteri d\u2019ordre decreixent de les puntuacions obtingudes a les proves d\u2019acc\u00e9s fins a esgotar les places ofertades (18). En cas d\u2019empat, les places s\u2019adjudiquen per sorteig.<br \/>\nEn el cas que la demanda de places sigui superior a l\u2019oferta, tenen prioritat les persones que han superat les proves d\u2019acc\u00e9s en el centre.<\/p>\n<p>L\u2019Escola comunicar\u00e0 els resultats als aspirants via correu electr\u00f2nic.<br \/>\nEl Galliner expedeix un certificat acreditatiu de la superaci\u00f3 de la prova d\u2019acc\u00e9s. Aquest document t\u00e9 validesa, pel curs acad\u00e8mic seg\u00fcent, en qualsevol dels centres que imparteixen aquest CFGS.<\/p>\n<p>Per completar la tramitaci\u00f3 nom\u00e9s cal abonar l\u2019import de la matr\u00edcula (35\u20ac) en el termini indicat.<\/p>\n<p>&nbsp;<\/p>\n<\/div>\n<\/div>\n<div>\n<h3>Calendari. Curs 2022-23<\/h3>\n<\/div>\n<div class=\"double-column\">\n<h2><strong>Convocat\u00f2ria de juny<\/strong><\/h2>\n<ul>\n<li><strong>Del 18 d\u2019abril al 3 de juny<\/strong>: inscripcions a la prova espec\u00edfica d\u2019acc\u00e9s.<\/li>\n<li><strong>9 de juny<\/strong>: llista provisional d\u2019admesos i exclosos a fer la prova.<\/li>\n<li><strong>Del 10 al 14 de juny: <\/strong>\u00a0per\u00edode de reclamacions, si s\u2019escau.<\/li>\n<li><strong>15 de juny<\/strong>: llista definitiva d\u2019admesos i exclosos a fer la prova.<\/li>\n<li><strong>27 de juny<\/strong>:<strong> prova espec\u00edfica d\u2019acc\u00e9s. De 10 a 13 h.<\/strong><\/li>\n<li><strong>1 de juliol<\/strong>: llista provisional de qualificacions.<\/li>\n<li><strong>Del 4 al 6 de juliol<\/strong>: per\u00edode de reclamacions, si s\u2019escau.<\/li>\n<li><strong>11 de juliol<\/strong>: llista definitiva de qualificacions.<\/li>\n<li><strong>Del 12 al 23 de juliol<\/strong>: <u>matriculaci\u00f3.<\/u><\/li>\n<\/ul>\n<h2><strong>Convocat\u00f2ria de setembre<\/strong><\/h2>\n<ul>\n<li><strong>Del 10 de juliol a l\u20191 de setembre<\/strong>: inscripcions a la prova espec\u00edfica d\u2019acc\u00e9s.<\/li>\n<li><strong>2 de setembre<\/strong>: llista provisional d\u2019admesos i exclosos a fer la prova.<\/li>\n<li><strong>Del 5 al 6 de setembre: <\/strong>\u00a0per\u00edode de reclamacions, si s\u2019escau.<\/li>\n<li><strong>7 de setembre<\/strong>: llista definitiva d\u2019admesos i exclosos a fer la prova.<\/li>\n<li><strong>8 de setembre<\/strong>:<strong> prova espec\u00edfica d\u2019acc\u00e9s. De 10 a 13 h.<\/strong><\/li>\n<li><strong>14 de setembre<\/strong>: llista provisional de qualificacions.<\/li>\n<li><strong>Del 15 al 17 de setembre<\/strong>: per\u00edode de reclamacions, si s\u2019escau.<\/li>\n<li><strong>20 de setembre<\/strong>: llista definitiva de qualificacions.<\/li>\n<li><strong>Del 21 al 24 de setembre<\/strong>: <u>matriculaci\u00f3<\/u>.<\/li>\n<\/ul>\n<p>&nbsp;<\/p>\n<table style=\"border-collapse: collapse; width: 100%; height: 677px;\">\n<tbody>\n<tr style=\"height: 32px;\">\n<td style=\"width: 50%; height: 32px;\"><strong>Formulari proves acc\u00e9s CFGS TAT<\/strong><\/td>\n<td style=\"width: 50%; height: 32px;\"><a href=\"https:\/\/drive.google.com\/drive\/u\/4\/folders\/14bRtjbVRWm3mGhRxpV7k8D5-9z17fuoX\">Entra en aquest enlla\u00e7 per descarregar-te el document<\/a><\/td>\n<\/tr>\n<tr style=\"height: 96px;\">\n<td style=\"width: 50%; height: 38px;\">\n<div class=\"download-info\">\n<p class=\"h4 text-transform-initial no-margin-y\"><strong>Prova espec\u00edfica d&#8217;acc\u00e9s CFGS El Galliner<\/strong><\/p>\n<p class=\"highlighted-text\">Tota la informaci\u00f3. Convocat\u00f2ria Curs 22-23<\/p>\n<\/div>\n<\/td>\n<td style=\"width: 50%; height: 38px;\"><a href=\"https:\/\/drive.google.com\/drive\/u\/4\/folders\/1_NqZQ6ytY0mktHidZ0yA2IRLIV9U2Y2i\">Entra en aquest enlla\u00e7 per descarregar-te el document<\/a><\/td>\n<\/tr>\n<tr style=\"height: 96px;\">\n<td style=\"width: 50%; height: 96px;\">\n<div class=\"download-info\">\n<p class=\"h4 text-transform-initial no-margin-y\"><strong>CFGS en T\u00e8cniques d\u2019Actuaci\u00f3 Teatral<\/strong><\/p>\n<p class=\"highlighted-text\">Llibret informatiu<\/p>\n<\/div>\n<\/td>\n<td style=\"width: 50%; height: 96px;\"><a href=\"https:\/\/drive.google.com\/drive\/u\/4\/folders\/10YPMTc11Ol8hpKVDd0Lu9FQw69keGGFC\">Entra en aquest enlla\u00e7 per descarregar-te el document<\/a><\/td>\n<\/tr>\n<tr style=\"height: 96px;\">\n<td style=\"width: 50%; height: 96px;\">\n<div class=\"download-info\">\n<p class=\"h4 text-transform-initial no-margin-y\"><strong>Requisits per accedir sense titulaci\u00f3 homologada<\/strong><\/p>\n<p class=\"highlighted-text\">Altres informacions<\/p>\n<\/div>\n<\/td>\n<td style=\"width: 50%; height: 96px;\"><a href=\"https:\/\/drive.google.com\/drive\/u\/4\/folders\/1a_pksV9AB4VSIi2yh2I0VUkoeYpNSAR6\">Entra en aquest enlla\u00e7 per descarregar-te el document<\/a><\/td>\n<\/tr>\n<tr style=\"height: 48px;\">\n<td style=\"width: 50%; height: 48px;\"><strong>Publicaci\u00f3 definitiva d\u2019admesos i exclosos de les proves CFGS (juny)<\/strong><\/td>\n<td style=\"width: 50%; height: 48px;\"><a href=\"https:\/\/drive.google.com\/drive\/u\/3\/folders\/1w43kY5eVccKAi2JZ7PKuc4T8lXtR4TA7\">Entra en aquest enlla\u00e7 per a descarregar-te el document<\/a><\/td>\n<\/tr>\n<tr style=\"height: 48px;\">\n<td style=\"width: 50%; height: 48px;\"><strong>Llista provisional de qualificacions. Prova d&#8217;acc\u00e9s 22-23 (juny)<\/strong><\/td>\n<td style=\"width: 50%; height: 48px;\"><a href=\"https:\/\/drive.google.com\/drive\/folders\/1O9Zmg9iJCC8G5sZuqYfuKsoscpjjFlwD?usp=sharing\">Entra en aquest enlla\u00e7 per a descarregar-te el document<\/a><\/td>\n<\/tr>\n<tr style=\"height: 79px;\">\n<td style=\"width: 50%; height: 79px;\">\n<div class=\"download-info\">\n<p class=\"h4 text-transform-initial no-margin-y\"><strong>Procediment reclamacions contra la qualificaci\u00f3 provisional de les proves<\/strong><\/p>\n<\/div>\n<\/td>\n<td style=\"width: 50%; height: 79px;\"><a href=\"https:\/\/drive.google.com\/drive\/u\/4\/folders\/1U8GU9MCrL7sGZr9rBHllWnAEbkiAvaQk\">Entra en aquest enlla\u00e7 per descarregar-te el document<\/a><\/td>\n<\/tr>\n<tr style=\"height: 32px;\">\n<td style=\"width: 50%; height: 32px;\"><strong>Model de reclamacions contra la qualificaci\u00f3 provisional de les proves<\/strong><\/td>\n<td style=\"width: 50%; height: 32px;\"><a href=\"https:\/\/drive.google.com\/drive\/u\/4\/folders\/1HYufrds2bdO2ooqO816C6vGufW3TlKrb\">Entra en aquest enlla\u00e7 per descarregar-te el document<\/a><\/td>\n<\/tr>\n<tr style=\"height: 32px;\">\n<td style=\"width: 50%; height: 32px;\"><strong>Llista DEFINITIVA de qualificacions. Prova d&#8217;acc\u00e9s 22-23 (juliol)<\/strong><\/td>\n<td style=\"width: 50%; height: 32px;\"><a href=\"https:\/\/drive.google.com\/drive\/folders\/1HEklF0Q3ac0HSmlHpMJFnNZMlk9nzeaz?usp=sharing\">Entra en aquest enlla\u00e7 per descarregar-te el document<\/a><\/td>\n<\/tr>\n<tr style=\"height: 32px;\">\n<td style=\"width: 50%; height: 32px;\"><strong>Llista provisional d\u2019admesos i exclosos a fer la Prova d&#8217;acc\u00e9s 22-23 (setembre)<\/strong><\/td>\n<td style=\"width: 50%; height: 32px;\"><\/td>\n<\/tr>\n<tr style=\"height: 48px;\">\n<td style=\"width: 50%; height: 48px;\"><strong>Publicaci\u00f3 definitiva d\u2019admesos i exclosos de les proves CFGS (setembre)<\/strong><\/td>\n<td style=\"width: 50%; height: 48px;\"><\/td>\n<\/tr>\n<tr style=\"height: 48px;\">\n<td style=\"width: 50%; height: 48px;\"><strong>Llista provisional de qualificacions. Prova d&#8217;acc\u00e9s 22-23 (setembre)<\/strong><\/td>\n<td style=\"width: 50%; height: 48px;\"><\/td>\n<\/tr>\n<tr style=\"height: 48px;\">\n<td style=\"width: 50%; height: 48px;\"><strong>Llista definitiva de qualificacions. Prova d&#8217;acc\u00e9s 22-23 (setembre)<\/strong><\/td>\n<td style=\"width: 50%; height: 48px;\"><\/td>\n<\/tr>\n<\/tbody>\n<\/table>\n<\/div>\n","protected":false},"excerpt":{"rendered":"<p>Inscripci\u00f3 a les proves. Documentaci\u00f3 necess\u00e0ria<\/p>\n<ul>\n<li>Formulari d\u2019inscripci\u00f3 complimentat. Trobareu el document a peu de p\u00e0gina.<\/li>\n<li>Fotoc\u00f2pia del DNI (o passaport o NIE).<\/li>\n<li>Foto de carnet.<\/li>\n<li>T\u00edtol de batxillerat o document acreditatiu.<\/li>\n<li>Pagament de la taxa d\u2019inscripci\u00f3 a les proves d\u2019acc\u00e9s (45\u20ac). Per transfer\u00e8ncia banc\u00e0ria, indicant NOM I COGNOMS +&hellip;  <a href=\"https:\/\/agora.xtec.cat\/cfgselgalliner\/ensenyaments\/requisitsdacces\/a-cicles-formatius-de-grau-superior\/\" title=\"Read Proves d&#8217;acc\u00e9s\">Llegeix m\u00e9s\u00bb<\/a><br \/>\n","protected":false},"author":1,"featured_media":0,"parent":288,"menu_order":0,"comment_status":"closed","ping_status":"closed","template":"page-templates\/side-menu.php","meta":{"_bbp_topic_count":0,"_bbp_reply_count":0,"_bbp_total_topic_count":0,"_bbp_total_reply_count":0,"_bbp_voice_count":0,"_bbp_anonymous_reply_count":0,"_bbp_topic_count_hidden":0,"_bbp_reply_count_hidden":0,"_bbp_forum_subforum_count":0,"footnotes":""},"class_list":["post-318","page","type-page","status-publish","hentry"],"post_mailing_queue_ids":[],"_links":{"self":[{"href":"https:\/\/agora.xtec.cat\/cfgselgalliner\/wp-json\/wp\/v2\/pages\/318","targetHints":{"allow":["GET"]}}],"collection":[{"href":"https:\/\/agora.xtec.cat\/cfgselgalliner\/wp-json\/wp\/v2\/pages"}],"about":[{"href":"https:\/\/agora.xtec.cat\/cfgselgalliner\/wp-json\/wp\/v2\/types\/page"}],"author":[{"embeddable":true,"href":"https:\/\/agora.xtec.cat\/cfgselgalliner\/wp-json\/wp\/v2\/users\/1"}],"replies":[{"embeddable":true,"href":"https:\/\/agora.xtec.cat\/cfgselgalliner\/wp-json\/wp\/v2\/comments?post=318"}],"version-history":[{"count":4,"href":"https:\/\/agora.xtec.cat\/cfgselgalliner\/wp-json\/wp\/v2\/pages\/318\/revisions"}],"predecessor-version":[{"id":693,"href":"https:\/\/agora.xtec.cat\/cfgselgalliner\/wp-json\/wp\/v2\/pages\/318\/revisions\/693"}],"up":[{"embeddable":true,"href":"https:\/\/agora.xtec.cat\/cfgselgalliner\/wp-json\/wp\/v2\/pages\/288"}],"wp:attachment":[{"href":"https:\/\/agora.xtec.cat\/cfgselgalliner\/wp-json\/wp\/v2\/media?parent=318"}],"curies":[{"name":"wp","href":"https:\/\/api.w.org\/{rel}","templated":true}]}}