{"id":312,"date":"2015-01-28T11:32:38","date_gmt":"2015-01-28T10:32:38","guid":{"rendered":"http:\/\/agora.xtec.cat\/cfgselgalliner\/?page_id=312"},"modified":"2022-02-04T17:25:45","modified_gmt":"2022-02-04T16:25:45","slug":"llengua-anglesa","status":"publish","type":"page","link":"https:\/\/agora.xtec.cat\/cfgselgalliner\/ensenyaments\/ensenyaments-transprofessionals\/llengua-anglesa\/","title":{"rendered":"Cant II"},"content":{"rendered":"<p>Continuaci\u00f3 de Cant I aprofundint en la capacitat d\u2019interpretaci\u00f3 a partir d\u2019un text musicat i fent servir el cant com a expressi\u00f3 art\u00edstica. Es treballar\u00e0 la comprensi\u00f3 del text, la dicci\u00f3 i el fraseig, la implicaci\u00f3 emotiva i la construcci\u00f3 del personatge, la mem\u00f2ria musical i textual, saber interpretar el repertori amb la correcta afinaci\u00f3 i presici\u00f3 r\u00edtmica i ser capa\u00e7 d\u00a1\u2019actuar en p\u00fablic amb autocontrol, domini de la mem\u00f2ria i amb capacitat comunicativa.<\/p>\n<p>Professora: J\u00falia Mora<\/p>\n","protected":false},"excerpt":{"rendered":"<p>Continuaci\u00f3 de Cant I aprofundint en la capacitat d\u2019interpretaci\u00f3 a partir d\u2019un text musicat i fent servir el cant com a expressi\u00f3 art\u00edstica. Es treballar\u00e0 la comprensi\u00f3 del text, la dicci\u00f3 i el fraseig, la implicaci\u00f3 emotiva i la construcci\u00f3 del personatge, la mem\u00f2ria musical&hellip;  <a href=\"https:\/\/agora.xtec.cat\/cfgselgalliner\/ensenyaments\/ensenyaments-transprofessionals\/llengua-anglesa\/\" title=\"Read Cant II\">Llegeix m\u00e9s\u00bb<\/a><\/p>\n","protected":false},"author":1,"featured_media":0,"parent":286,"menu_order":0,"comment_status":"closed","ping_status":"closed","template":"page-templates\/side-menu.php","meta":{"_bbp_topic_count":0,"_bbp_reply_count":0,"_bbp_total_topic_count":0,"_bbp_total_reply_count":0,"_bbp_voice_count":0,"_bbp_anonymous_reply_count":0,"_bbp_topic_count_hidden":0,"_bbp_reply_count_hidden":0,"_bbp_forum_subforum_count":0,"footnotes":""},"class_list":["post-312","page","type-page","status-publish","hentry"],"post_mailing_queue_ids":[],"_links":{"self":[{"href":"https:\/\/agora.xtec.cat\/cfgselgalliner\/wp-json\/wp\/v2\/pages\/312","targetHints":{"allow":["GET"]}}],"collection":[{"href":"https:\/\/agora.xtec.cat\/cfgselgalliner\/wp-json\/wp\/v2\/pages"}],"about":[{"href":"https:\/\/agora.xtec.cat\/cfgselgalliner\/wp-json\/wp\/v2\/types\/page"}],"author":[{"embeddable":true,"href":"https:\/\/agora.xtec.cat\/cfgselgalliner\/wp-json\/wp\/v2\/users\/1"}],"replies":[{"embeddable":true,"href":"https:\/\/agora.xtec.cat\/cfgselgalliner\/wp-json\/wp\/v2\/comments?post=312"}],"version-history":[{"count":1,"href":"https:\/\/agora.xtec.cat\/cfgselgalliner\/wp-json\/wp\/v2\/pages\/312\/revisions"}],"predecessor-version":[{"id":479,"href":"https:\/\/agora.xtec.cat\/cfgselgalliner\/wp-json\/wp\/v2\/pages\/312\/revisions\/479"}],"up":[{"embeddable":true,"href":"https:\/\/agora.xtec.cat\/cfgselgalliner\/wp-json\/wp\/v2\/pages\/286"}],"wp:attachment":[{"href":"https:\/\/agora.xtec.cat\/cfgselgalliner\/wp-json\/wp\/v2\/media?parent=312"}],"curies":[{"name":"wp","href":"https:\/\/api.w.org\/{rel}","templated":true}]}}

<p>Continuació de Cant I aprofundint en la capacitat d’interpretació a partir d’un text musicat i fent servir el cant com a expressió artística. Es treballarà la comprensió del text, la dicció i el fraseig, la implicació emotiva i la construcció del personatge, la memòria musical i textual, saber interpretar el repertori amb la correcta afinació i presició rítmica i ser capaç d¡’actuar en públic amb autocontrol, domini de la memòria i amb capacitat comunicativa.</p>
<p>Professora: Júlia Mora</p>

<p>Continuació de Cant I aprofundint en la capacitat d’interpretació a partir d’un text musicat i fent servir el cant com a expressió artística. Es treballarà la comprensió del text, la dicció i el fraseig, la implicació emotiva i la construcció del personatge, la memòria musical&hellip;  <a href="https://agora.xtec.cat/cfgselgalliner/ensenyaments/ensenyaments-transprofessionals/llengua-anglesa/" title="Read Cant II">Llegeix més»</a></p>
