{"id":305,"date":"2015-01-28T11:24:04","date_gmt":"2015-01-28T10:24:04","guid":{"rendered":"http:\/\/agora.xtec.cat\/cfgselgalliner\/?page_id=305"},"modified":"2022-02-04T16:28:37","modified_gmt":"2022-02-04T15:28:37","slug":"curs-dacces-als-cicles-de-grau-mitja","status":"publish","type":"page","link":"https:\/\/agora.xtec.cat\/cfgselgalliner\/ensenyaments\/ensenyaments-inicials-i-formacio-basica\/curs-dacces-als-cicles-de-grau-mitja\/","title":{"rendered":"Acrob\u00e0cia"},"content":{"rendered":"<p>A m\u00e9s d\u2019oferir un coneixement anat\u00f2mic de l\u2019aparell locomotriu, es treballar\u00e0 les t\u00e8cniques acrob\u00e0tiques b\u00e0siques en fase a\u00e8ria (tombarelles, rondada&#8230;), com de mitjana complexitat (rondada amb salts, paloma&#8230;); t\u00e8cniques\u00a0 individuals encadenades i col\u00b7lectives, i t\u00e8cniques acrob\u00e0tiques amb material divers i aparells especialitzats (plint, bancs, minitramp&#8230;). finalment es treballaran exercicis d\u2019acrob\u00e0cia teatral en petits grups: equilibris i formes jugades de complexitat mitjana.<\/p>\n<p>Professor: Aram Pou<\/p>\n","protected":false},"excerpt":{"rendered":"<p>A m\u00e9s d\u2019oferir un coneixement anat\u00f2mic de l\u2019aparell locomotriu, es treballar\u00e0 les t\u00e8cniques acrob\u00e0tiques b\u00e0siques en fase a\u00e8ria (tombarelles, rondada&#8230;), com de mitjana complexitat (rondada amb salts, paloma&#8230;); t\u00e8cniques\u00a0 individuals encadenades i col\u00b7lectives, i t\u00e8cniques acrob\u00e0tiques amb material divers i aparells especialitzats (plint, bancs, minitramp&#8230;).&hellip;  <a href=\"https:\/\/agora.xtec.cat\/cfgselgalliner\/ensenyaments\/ensenyaments-inicials-i-formacio-basica\/curs-dacces-als-cicles-de-grau-mitja\/\" title=\"Read Acrob\u00e0cia\">Llegeix m\u00e9s\u00bb<\/a><\/p>\n","protected":false},"author":1,"featured_media":0,"parent":283,"menu_order":0,"comment_status":"closed","ping_status":"closed","template":"page-templates\/side-menu.php","meta":{"_bbp_topic_count":0,"_bbp_reply_count":0,"_bbp_total_topic_count":0,"_bbp_total_reply_count":0,"_bbp_voice_count":0,"_bbp_anonymous_reply_count":0,"_bbp_topic_count_hidden":0,"_bbp_reply_count_hidden":0,"_bbp_forum_subforum_count":0,"footnotes":""},"class_list":["post-305","page","type-page","status-publish","hentry"],"post_mailing_queue_ids":[],"_links":{"self":[{"href":"https:\/\/agora.xtec.cat\/cfgselgalliner\/wp-json\/wp\/v2\/pages\/305","targetHints":{"allow":["GET"]}}],"collection":[{"href":"https:\/\/agora.xtec.cat\/cfgselgalliner\/wp-json\/wp\/v2\/pages"}],"about":[{"href":"https:\/\/agora.xtec.cat\/cfgselgalliner\/wp-json\/wp\/v2\/types\/page"}],"author":[{"embeddable":true,"href":"https:\/\/agora.xtec.cat\/cfgselgalliner\/wp-json\/wp\/v2\/users\/1"}],"replies":[{"embeddable":true,"href":"https:\/\/agora.xtec.cat\/cfgselgalliner\/wp-json\/wp\/v2\/comments?post=305"}],"version-history":[{"count":1,"href":"https:\/\/agora.xtec.cat\/cfgselgalliner\/wp-json\/wp\/v2\/pages\/305\/revisions"}],"predecessor-version":[{"id":454,"href":"https:\/\/agora.xtec.cat\/cfgselgalliner\/wp-json\/wp\/v2\/pages\/305\/revisions\/454"}],"up":[{"embeddable":true,"href":"https:\/\/agora.xtec.cat\/cfgselgalliner\/wp-json\/wp\/v2\/pages\/283"}],"wp:attachment":[{"href":"https:\/\/agora.xtec.cat\/cfgselgalliner\/wp-json\/wp\/v2\/media?parent=305"}],"curies":[{"name":"wp","href":"https:\/\/api.w.org\/{rel}","templated":true}]}}