{"id":1131,"date":"2025-06-14T10:00:00","date_gmt":"2025-06-14T08:00:00","guid":{"rendered":"http:\/\/agora.xtec.cat\/cfavilaseca\/?page_id=1131"},"modified":"2025-07-08T13:55:14","modified_gmt":"2025-07-08T11:55:14","slug":"matricula25-26","status":"publish","type":"page","link":"https:\/\/agora.xtec.cat\/cfavilaseca\/curs-2025-2026\/matricula25-26\/","title":{"rendered":"2025-2026 Matr\u00edcula alumnat de continu\u00eftat"},"content":{"rendered":"<p><span style=\"text-decoration: underline;\"><b>Instruccions MATR\u00cdCULA de confirmaci\u00f3 de pla\u00e7a<\/b><\/span><\/p>\n<p><span style=\"font-weight: 400;\">L\u2019alumnat que va demanar la continu\u00eftat per seguir estudiant al CFA Vila-seca el curs 2025-2026 ha de confirmar la seva matr\u00edcula entre el 27 de juny i 8 de juliol mitjan\u00e7ant el pagament de l&#8217;aportaci\u00f3 de material:<\/span><\/p>\n<ol>\n<li style=\"font-weight: 400;\" aria-level=\"1\"><span style=\"font-weight: 400;\">O b\u00e9 fer un <\/span><b>ingr\u00e9s o transfer\u00e8ncia<\/b><span style=\"font-weight: 400;\"> banc\u00e0ria de l\u2019import d\u2019aportaci\u00f3 de material corresponent al curs al qual us voleu matricular al compte del CFA Vila-seca (CaixaBank).:\u00a0<\/span><\/li>\n<\/ol>\n<p><b>\u00a0 \u00a0 \u00a0 \u00a0 \u00a0 \u00a0 \u00a0 \u00a0 \u00a0 \u00a0 \u00a0 \u00a0 \u00a0 \u00a0 \u00a0 \u00a0 \u00a0 \u00a0 \u00a0 N\u00ba de compte:<\/b><em><strong> ES91 2100 0154 4302 0045 0108<\/strong><\/em><\/p>\n<p><b>\u00a0 \u00a0 \u00a0 \u00a0 \u00a0 \u00a0 \u00a0Concepte:<\/b><span style=\"font-weight: 400;\"> COGNOM_NOM_CURS. <\/span><i><span style=\"font-weight: 400;\">(Exemple concepte transfer\u00e8ncia: smith_john_COMP1)<\/span><\/i><\/p>\n<p><span style=\"font-weight: 400;\">RECORDAR D\u2019ENVIAR EL JUSTIFICANT DE PAGAMENT PER TAL QUE QUEDI CONST\u00c0NCIA AL CORREU: <\/span><a href=\"mailto:secretaria@cfavilaseca.com\"><i><span style=\"font-weight: 400;\">\u00a0 \u00a0 \u00a0 \u00a0 \u00a0 \u00a0 \u00a0 \u00a0 \u00a0 \u00a0 \u00a0 \u00a0 \u00a0 \u00a0 \u00a0 \u00a0 \u00a0 \u00a0 \u00a0 \u00a0 \u00a0 \u00a0 \u00a0 \u00a0 \u00a0 \u00a0 \u00a0 \u00a0 \u00a0 \u00a0 \u00a0 \u00a0 \u00a0 secretaria@cfavilaseca.com<\/span><\/i><\/a><\/p>\n<p><span style=\"font-weight: 400;\">2. O b\u00e9 fer el pagament en efectiu al centre del <strong>27 de juny i 8 de juliol<\/strong><\/span><span style=\"font-weight: 400;\">\u00a0en horari d\u2019atenci\u00f3 al p\u00fablic, sense cita pr\u00e8via, de <\/span><b>9h a 14:30h<\/b><span style=\"font-weight: 400;\">.\u00a0<\/span><\/p>\n<p><span style=\"text-decoration: underline;\"><b>Recordatori aportacions de material 2025-2026<\/b><\/span><\/p>\n<p><span style=\"font-weight: 400;\">Ensenyaments inicials (castell\u00e0, catal\u00e0): 20 \u20ac<\/span><\/p>\n<p><span style=\"font-weight: 400;\">Ensenyaments b\u00e0sics (GESO): 30 \u20ac<\/span><\/p>\n<p><span style=\"font-weight: 400;\">COMPETIC: 40 \u20ac<\/span><\/p>\n<p><span style=\"font-weight: 400;\">Angl\u00e8s funcional: 40 \u20ac<\/span><\/p>\n<p><span style=\"font-weight: 400;\">PACFGS: 40 \u20ac\u00a0<\/span><\/p>\n<p><span style=\"font-weight: 400;\">En cas de cursar m\u00e9s d\u2019un ensenyament, es far\u00e0 l\u2019aportaci\u00f3 de material corresponent a cadascun dels ensenyaments, tret de l\u2019alumnat del GES que nom\u00e9s far\u00e0 l\u2019aportaci\u00f3 de material dels estudis de GES. A la resta d\u2019ensenyaments l\u2019aportaci\u00f3 ser\u00e0 \u00fanica i anual.<\/span><\/p>\n<p>Les aportacions de material que l&#8217;alumnat far\u00e0 al centre s&#8217;adre\u00e7aran a:<\/p>\n<ul>\n<li style=\"font-weight: 400;\" aria-level=\"1\"><span style=\"font-weight: 400;\">asseguran\u00e7a escolar<\/span><\/li>\n<li style=\"font-weight: 400;\" aria-level=\"1\"><span style=\"font-weight: 400;\">activitats, viatges i sortides<\/span><\/li>\n<li style=\"font-weight: 400;\" aria-level=\"1\"><span style=\"font-weight: 400;\">fotoc\u00f2pies\/<\/span><span style=\"font-weight: 400;\">ex\u00e0mens<\/span><\/li>\n<li style=\"font-weight: 400;\" aria-level=\"1\"><span style=\"font-weight: 400;\">material fungible d\u2019aula (retoladors, llapis, bol\u00edgrafs, gomes, etc.)<\/span><\/li>\n<li aria-level=\"1\">participaci\u00f3 en plans i projectes<\/li>\n<li aria-level=\"1\">actes de cloenda i representaci\u00f3<\/li>\n<li style=\"font-weight: 400;\" aria-level=\"1\"><span style=\"font-weight: 400;\">carpetes i agendes escolars<\/span><\/li>\n<li style=\"font-weight: 400;\" aria-level=\"1\"><span style=\"font-weight: 400;\">millora de les instal\u00b7lacions del centre. <\/span><\/li>\n<\/ul>\n","protected":false},"excerpt":{"rendered":"<p>Instruccions MATR\u00cdCULA de confirmaci\u00f3 de pla\u00e7a L\u2019alumnat que va demanar la continu\u00eftat per seguir estudiant al CFA Vila-seca el curs 2025-2026 ha de confirmar la seva matr\u00edcula entre el 27 de juny i 8 de juliol mitjan\u00e7ant el pagament de l&#8217;aportaci\u00f3 de material: O b\u00e9 fer un ingr\u00e9s o transfer\u00e8ncia banc\u00e0ria de l\u2019import d\u2019aportaci\u00f3 de [&hellip;]<\/p>\n","protected":false},"author":1,"featured_media":0,"parent":2334,"menu_order":10,"comment_status":"closed","ping_status":"closed","template":"","meta":{"_bbp_topic_count":0,"_bbp_reply_count":0,"_bbp_total_topic_count":0,"_bbp_total_reply_count":0,"_bbp_voice_count":0,"_bbp_anonymous_reply_count":0,"_bbp_topic_count_hidden":0,"_bbp_reply_count_hidden":0,"_bbp_forum_subforum_count":0,"site-sidebar-layout":"default","site-content-layout":"","ast-site-content-layout":"default","site-content-style":"default","site-sidebar-style":"default","ast-global-header-display":"","ast-banner-title-visibility":"","ast-main-header-display":"","ast-hfb-above-header-display":"","ast-hfb-below-header-display":"","ast-hfb-mobile-header-display":"","site-post-title":"","ast-breadcrumbs-content":"","ast-featured-img":"","footer-sml-layout":"","theme-transparent-header-meta":"","adv-header-id-meta":"","stick-header-meta":"","header-above-stick-meta":"","header-main-stick-meta":"","header-below-stick-meta":"","astra-migrate-meta-layouts":"set","ast-page-background-enabled":"default","ast-page-background-meta":{"desktop":{"background-color":"var(--ast-global-color-4)","background-image":"","background-repeat":"repeat","background-position":"center center","background-size":"auto","background-attachment":"scroll","background-type":"","background-media":"","overlay-type":"","overlay-color":"","overlay-opacity":"","overlay-gradient":""},"tablet":{"background-color":"","background-image":"","background-repeat":"repeat","background-position":"center center","background-size":"auto","background-attachment":"scroll","background-type":"","background-media":"","overlay-type":"","overlay-color":"","overlay-opacity":"","overlay-gradient":""},"mobile":{"background-color":"","background-image":"","background-repeat":"repeat","background-position":"center center","background-size":"auto","background-attachment":"scroll","background-type":"","background-media":"","overlay-type":"","overlay-color":"","overlay-opacity":"","overlay-gradient":""}},"ast-content-background-meta":{"desktop":{"background-color":"var(--ast-global-color-5)","background-image":"","background-repeat":"repeat","background-position":"center center","background-size":"auto","background-attachment":"scroll","background-type":"","background-media":"","overlay-type":"","overlay-color":"","overlay-opacity":"","overlay-gradient":""},"tablet":{"background-color":"var(--ast-global-color-5)","background-image":"","background-repeat":"repeat","background-position":"center center","background-size":"auto","background-attachment":"scroll","background-type":"","background-media":"","overlay-type":"","overlay-color":"","overlay-opacity":"","overlay-gradient":""},"mobile":{"background-color":"var(--ast-global-color-5)","background-image":"","background-repeat":"repeat","background-position":"center center","background-size":"auto","background-attachment":"scroll","background-type":"","background-media":"","overlay-type":"","overlay-color":"","overlay-opacity":"","overlay-gradient":""}},"footnotes":""},"class_list":["post-1131","page","type-page","status-publish","hentry"],"post_mailing_queue_ids":[],"_links":{"self":[{"href":"https:\/\/agora.xtec.cat\/cfavilaseca\/wp-json\/wp\/v2\/pages\/1131","targetHints":{"allow":["GET"]}}],"collection":[{"href":"https:\/\/agora.xtec.cat\/cfavilaseca\/wp-json\/wp\/v2\/pages"}],"about":[{"href":"https:\/\/agora.xtec.cat\/cfavilaseca\/wp-json\/wp\/v2\/types\/page"}],"author":[{"embeddable":true,"href":"https:\/\/agora.xtec.cat\/cfavilaseca\/wp-json\/wp\/v2\/users\/1"}],"replies":[{"embeddable":true,"href":"https:\/\/agora.xtec.cat\/cfavilaseca\/wp-json\/wp\/v2\/comments?post=1131"}],"version-history":[{"count":6,"href":"https:\/\/agora.xtec.cat\/cfavilaseca\/wp-json\/wp\/v2\/pages\/1131\/revisions"}],"predecessor-version":[{"id":2653,"href":"https:\/\/agora.xtec.cat\/cfavilaseca\/wp-json\/wp\/v2\/pages\/1131\/revisions\/2653"}],"up":[{"embeddable":true,"href":"https:\/\/agora.xtec.cat\/cfavilaseca\/wp-json\/wp\/v2\/pages\/2334"}],"wp:attachment":[{"href":"https:\/\/agora.xtec.cat\/cfavilaseca\/wp-json\/wp\/v2\/media?parent=1131"}],"curies":[{"name":"wp","href":"https:\/\/api.w.org\/{rel}","templated":true}]}}