{"id":2820,"date":"2024-04-24T08:48:55","date_gmt":"2024-04-24T06:48:55","guid":{"rendered":"https:\/\/agora.xtec.cat\/cfavilafrancadelpenedes\/?page_id=2820"},"modified":"2024-04-24T20:16:28","modified_gmt":"2024-04-24T18:16:28","slug":"projecte-linguistic","status":"publish","type":"page","link":"https:\/\/agora.xtec.cat\/cfavilafrancadelpenedes\/projecte-educatiu\/projecte-linguistic\/","title":{"rendered":"Projecte Ling\u00fc\u00edstic"},"content":{"rendered":"<p style=\"text-align: justify;\">El Projecte Ling\u00fc\u00edstic de Centre \u00e9s l\u2019instrument que possibilita els centres educatius a organitzar-se i gestionar, d\u2019acord amb la normativa vigent, per\u00f2 de manera aut\u00f2noma, els aspectes referents a l\u2019estat i a l\u2019\u00fas de les lleng\u00fces al centre (llengua vehicular i llengua d\u2019aprenentatge) i al tractament curricular de les diferents lleng\u00fces que hi s\u00f3n presents. Tamb\u00e9 permet assolir els objectius generals referents a la compet\u00e8ncia ling\u00fc\u00edstica que defineix la normativa vigent. A m\u00e9s, \u00e9s el document que inclou el proc\u00e9s de reflexi\u00f3 i l\u2019experi\u00e8ncia del tractament de les lleng\u00fces al CFA. Forma part del Projecte Educatiu del Centre i es defineix, pel que hem esmentat, en el paper de la llengua vehicular, el tractament de les lleng\u00fces curriculars i els aspectes d\u2019organitzaci\u00f3 i de gesti\u00f3 en qu\u00e8 hi tenen repercussions les lleng\u00fces. \u00c9s, doncs, el text de refer\u00e8ncia per a l\u2019\u00fas de les lleng\u00fces en el centre.<\/p>\n<p style=\"text-align: justify;\">El CFA VILAFRANCA DEL PENED\u00c8S aposta per l\u00b4\u00fas de la llengua pr\u00f2pia, el catal\u00e0, com a llengua vehicular del centre i dels seus ensenyaments, tal com marquen les directrius de l\u2019Estatut, del Departament d\u2019Educaci\u00f3 i de la normativa educativa vigent. El catal\u00e0 \u00e9s, tamb\u00e9, llengua de cohesi\u00f3 social en el centre i la llengua d\u2019integraci\u00f3 de les persones nouvingudes, a m\u00e9s, llengua de transmissi\u00f3 de coneixements a tots els nivells.<\/p>\n<p><center><iframe loading=\"lazy\" src=\"https:\/\/drive.google.com\/file\/d\/1PbXJj8ibvuEqET7IMlXEb_gV6-Ivur59\/preview\" width=\"640\" height=\"480\" allow=\"autoplay\"><\/iframe><\/center><\/p>\n","protected":false},"excerpt":{"rendered":"<p>El Projecte Ling\u00fc\u00edstic de Centre \u00e9s l\u2019instrument que possibilita els centres educatius a organitzar-se i gestionar, d\u2019acord amb la normativa vigent, per\u00f2 de manera aut\u00f2noma, els aspectes referents a l\u2019estat i a l\u2019\u00fas de les lleng\u00fces al centre (llengua vehicular i llengua d\u2019aprenentatge) i al tractament curricular de les diferents lleng\u00fces que hi s\u00f3n presents. [&hellip;]<\/p>\n","protected":false},"author":1,"featured_media":0,"parent":57,"menu_order":0,"comment_status":"closed","ping_status":"closed","template":"","meta":{"_bbp_topic_count":0,"_bbp_reply_count":0,"_bbp_total_topic_count":0,"_bbp_total_reply_count":0,"_bbp_voice_count":0,"_bbp_anonymous_reply_count":0,"_bbp_topic_count_hidden":0,"_bbp_reply_count_hidden":0,"_bbp_forum_subforum_count":0,"site-sidebar-layout":"default","site-content-layout":"","ast-site-content-layout":"","site-content-style":"default","site-sidebar-style":"default","ast-global-header-display":"","ast-banner-title-visibility":"","ast-main-header-display":"","ast-hfb-above-header-display":"","ast-hfb-below-header-display":"","ast-hfb-mobile-header-display":"","site-post-title":"","ast-breadcrumbs-content":"","ast-featured-img":"","footer-sml-layout":"","theme-transparent-header-meta":"","adv-header-id-meta":"","stick-header-meta":"","header-above-stick-meta":"","header-main-stick-meta":"","header-below-stick-meta":"","astra-migrate-meta-layouts":"default","ast-page-background-enabled":"default","ast-page-background-meta":{"desktop":{"background-color":"var(--ast-global-color-4)","background-image":"","background-repeat":"repeat","background-position":"center center","background-size":"auto","background-attachment":"scroll","background-type":"","background-media":"","overlay-type":"","overlay-color":"","overlay-opacity":"","overlay-gradient":""},"tablet":{"background-color":"","background-image":"","background-repeat":"repeat","background-position":"center center","background-size":"auto","background-attachment":"scroll","background-type":"","background-media":"","overlay-type":"","overlay-color":"","overlay-opacity":"","overlay-gradient":""},"mobile":{"background-color":"","background-image":"","background-repeat":"repeat","background-position":"center center","background-size":"auto","background-attachment":"scroll","background-type":"","background-media":"","overlay-type":"","overlay-color":"","overlay-opacity":"","overlay-gradient":""}},"ast-content-background-meta":{"desktop":{"background-color":"var(--ast-global-color-5)","background-image":"","background-repeat":"repeat","background-position":"center center","background-size":"auto","background-attachment":"scroll","background-type":"","background-media":"","overlay-type":"","overlay-color":"","overlay-opacity":"","overlay-gradient":""},"tablet":{"background-color":"var(--ast-global-color-5)","background-image":"","background-repeat":"repeat","background-position":"center center","background-size":"auto","background-attachment":"scroll","background-type":"","background-media":"","overlay-type":"","overlay-color":"","overlay-opacity":"","overlay-gradient":""},"mobile":{"background-color":"var(--ast-global-color-5)","background-image":"","background-repeat":"repeat","background-position":"center center","background-size":"auto","background-attachment":"scroll","background-type":"","background-media":"","overlay-type":"","overlay-color":"","overlay-opacity":"","overlay-gradient":""}},"footnotes":""},"class_list":["post-2820","page","type-page","status-publish","hentry"],"post_mailing_queue_ids":[],"_links":{"self":[{"href":"https:\/\/agora.xtec.cat\/cfavilafrancadelpenedes\/wp-json\/wp\/v2\/pages\/2820","targetHints":{"allow":["GET"]}}],"collection":[{"href":"https:\/\/agora.xtec.cat\/cfavilafrancadelpenedes\/wp-json\/wp\/v2\/pages"}],"about":[{"href":"https:\/\/agora.xtec.cat\/cfavilafrancadelpenedes\/wp-json\/wp\/v2\/types\/page"}],"author":[{"embeddable":true,"href":"https:\/\/agora.xtec.cat\/cfavilafrancadelpenedes\/wp-json\/wp\/v2\/users\/1"}],"replies":[{"embeddable":true,"href":"https:\/\/agora.xtec.cat\/cfavilafrancadelpenedes\/wp-json\/wp\/v2\/comments?post=2820"}],"version-history":[{"count":3,"href":"https:\/\/agora.xtec.cat\/cfavilafrancadelpenedes\/wp-json\/wp\/v2\/pages\/2820\/revisions"}],"predecessor-version":[{"id":2887,"href":"https:\/\/agora.xtec.cat\/cfavilafrancadelpenedes\/wp-json\/wp\/v2\/pages\/2820\/revisions\/2887"}],"up":[{"embeddable":true,"href":"https:\/\/agora.xtec.cat\/cfavilafrancadelpenedes\/wp-json\/wp\/v2\/pages\/57"}],"wp:attachment":[{"href":"https:\/\/agora.xtec.cat\/cfavilafrancadelpenedes\/wp-json\/wp\/v2\/media?parent=2820"}],"curies":[{"name":"wp","href":"https:\/\/api.w.org\/{rel}","templated":true}]}}