{"id":9604,"date":"2024-12-28T15:46:51","date_gmt":"2024-12-28T14:46:51","guid":{"rendered":"https:\/\/agora.xtec.cat\/cfavictorinavila\/?page_id=9604"},"modified":"2026-08-29T20:33:04","modified_gmt":"2026-08-29T18:33:04","slug":"consell-escolar","status":"publish","type":"page","link":"https:\/\/agora.xtec.cat\/cfavictorinavila\/el-centre\/consell-escolar\/","title":{"rendered":"Consell escolar"},"content":{"rendered":"\n<div style=\"height:25px\" aria-hidden=\"true\" class=\"wp-block-spacer\"><\/div>\n\n\n\n<p style=\"font-size:25px;line-height:1.6\">El <em>consell escolar<\/em>&nbsp; \u00e9s l\u2019\u00f2rgan col\u00b7legiat de participaci\u00f3 de la comunitat escolar en el govern del centre, en ell hi ha representats tots els col\u00b7lectius que intervenen en la comunitat educativa: direcci\u00f3, professorat, alumnat i personal d\u2019administraci\u00f3 i serveis. <\/p>\n\n\n\n<p style=\"font-size:25px;line-height:1.6\">La funci\u00f3 principal del consell escolar \u00e9s participar en la presa de decisions en els temes importants per al funcionament i l\u2019organitzaci\u00f3 del centre: el projecte educatiu, la programaci\u00f3 general, la gesti\u00f3 econ\u00f2mica, etc.<\/p>\n\n\n\n<p style=\"font-size:25px;line-height:1.6\">El consell escolar del CFA Victorina Vila el formen 5 representants de l\u2019alumnat, 5 representants del professorat, una representant de l\u2019Ajuntament, la representant del PAS, la secret\u00e0ria acad\u00e8mica, la cap d\u2019estudis i el director, que n\u2019exerceix la presid\u00e8ncia.<\/p>\n\n\n\n<div style=\"height:30px\" aria-hidden=\"true\" class=\"wp-block-spacer\"><\/div>\n\n\n\n<figure class=\"wp-block-image aligncenter size-full is-resized\"><img loading=\"lazy\" decoding=\"async\" width=\"1079\" height=\"411\" src=\"https:\/\/agora.xtec.cat\/cfavictorinavila\/wp-content\/uploads\/usu417\/2024\/12\/IMG_20241228_153248.jpg\" alt=\"\" class=\"wp-image-9611\" style=\"width:320px\" srcset=\"https:\/\/agora.xtec.cat\/cfavictorinavila\/wp-content\/uploads\/usu417\/2024\/12\/IMG_20241228_153248.jpg 1079w, https:\/\/agora.xtec.cat\/cfavictorinavila\/wp-content\/uploads\/usu417\/2024\/12\/IMG_20241228_153248-768x293.jpg 768w\" sizes=\"auto, (max-width: 1079px) 100vw, 1079px\" \/><\/figure>\n","protected":false},"excerpt":{"rendered":"<p>El consell escolar&nbsp; \u00e9s l\u2019\u00f2rgan col\u00b7legiat de participaci\u00f3 de la comunitat escolar en el govern del centre, en ell hi ha representats tots els col\u00b7lectius que intervenen en la comunitat educativa: direcci\u00f3, professorat, alumnat i personal d\u2019administraci\u00f3 i serveis. La funci\u00f3 principal del consell escolar \u00e9s participar en la presa de decisions en els temes [&hellip;]<\/p>\n","protected":false},"author":1,"featured_media":0,"parent":261,"menu_order":10,"comment_status":"closed","ping_status":"close","template":"","meta":{"site-sidebar-layout":"default","site-content-layout":"","ast-site-content-layout":"default","site-content-style":"default","site-sidebar-style":"default","ast-global-header-display":"","ast-banner-title-visibility":"","ast-main-header-display":"","ast-hfb-above-header-display":"","ast-hfb-below-header-display":"","ast-hfb-mobile-header-display":"","site-post-title":"","ast-breadcrumbs-content":"","ast-featured-img":"","footer-sml-layout":"","theme-transparent-header-meta":"","adv-header-id-meta":"","stick-header-meta":"","header-above-stick-meta":"","header-main-stick-meta":"","header-below-stick-meta":"","astra-migrate-meta-layouts":"set","ast-page-background-enabled":"default","ast-page-background-meta":{"desktop":{"background-color":"var(--ast-global-color-4)","background-image":"","background-repeat":"repeat","background-position":"center center","background-size":"auto","background-attachment":"scroll","background-type":"","background-media":"","overlay-type":"","overlay-color":"","overlay-opacity":"","overlay-gradient":""},"tablet":{"background-color":"","background-image":"","background-repeat":"repeat","background-position":"center center","background-size":"auto","background-attachment":"scroll","background-type":"","background-media":"","overlay-type":"","overlay-color":"","overlay-opacity":"","overlay-gradient":""},"mobile":{"background-color":"","background-image":"","background-repeat":"repeat","background-position":"center center","background-size":"auto","background-attachment":"scroll","background-type":"","background-media":"","overlay-type":"","overlay-color":"","overlay-opacity":"","overlay-gradient":""}},"ast-content-background-meta":{"desktop":{"background-color":"var(--ast-global-color-5)","background-image":"","background-repeat":"repeat","background-position":"center center","background-size":"auto","background-attachment":"scroll","background-type":"","background-media":"","overlay-type":"","overlay-color":"","overlay-opacity":"","overlay-gradient":""},"tablet":{"background-color":"var(--ast-global-color-5)","background-image":"","background-repeat":"repeat","background-position":"center center","background-size":"auto","background-attachment":"scroll","background-type":"","background-media":"","overlay-type":"","overlay-color":"","overlay-opacity":"","overlay-gradient":""},"mobile":{"background-color":"var(--ast-global-color-5)","background-image":"","background-repeat":"repeat","background-position":"center center","background-size":"auto","background-attachment":"scroll","background-type":"","background-media":"","overlay-type":"","overlay-color":"","overlay-opacity":"","overlay-gradient":""}},"footnotes":""},"class_list":["post-9604","page","type-page","status-publish","hentry"],"post_mailing_queue_ids":[],"_links":{"self":[{"href":"https:\/\/agora.xtec.cat\/cfavictorinavila\/wp-json\/wp\/v2\/pages\/9604","targetHints":{"allow":["GET"]}}],"collection":[{"href":"https:\/\/agora.xtec.cat\/cfavictorinavila\/wp-json\/wp\/v2\/pages"}],"about":[{"href":"https:\/\/agora.xtec.cat\/cfavictorinavila\/wp-json\/wp\/v2\/types\/page"}],"author":[{"embeddable":true,"href":"https:\/\/agora.xtec.cat\/cfavictorinavila\/wp-json\/wp\/v2\/users\/1"}],"replies":[{"embeddable":true,"href":"https:\/\/agora.xtec.cat\/cfavictorinavila\/wp-json\/wp\/v2\/comments?post=9604"}],"version-history":[{"count":6,"href":"https:\/\/agora.xtec.cat\/cfavictorinavila\/wp-json\/wp\/v2\/pages\/9604\/revisions"}],"predecessor-version":[{"id":14237,"href":"https:\/\/agora.xtec.cat\/cfavictorinavila\/wp-json\/wp\/v2\/pages\/9604\/revisions\/14237"}],"up":[{"embeddable":true,"href":"https:\/\/agora.xtec.cat\/cfavictorinavila\/wp-json\/wp\/v2\/pages\/261"}],"wp:attachment":[{"href":"https:\/\/agora.xtec.cat\/cfavictorinavila\/wp-json\/wp\/v2\/media?parent=9604"}],"curies":[{"name":"wp","href":"https:\/\/api.w.org\/{rel}","templated":true}]}}

<div style="height:25px" aria-hidden="true" class="wp-block-spacer"></div>



<p style="font-size:25px;line-height:1.6">El <em>consell escolar</em>&nbsp; és l’òrgan col·legiat de participació de la comunitat escolar en el govern del centre, en ell hi ha representats tots els col·lectius que intervenen en la comunitat educativa: direcció, professorat, alumnat i personal d’administració i serveis. </p>



<p style="font-size:25px;line-height:1.6">La funció principal del consell escolar és participar en la presa de decisions en els temes importants per al funcionament i l’organització del centre: el projecte educatiu, la programació general, la gestió econòmica, etc.</p>



<p style="font-size:25px;line-height:1.6">El consell escolar del CFA Victorina Vila el formen 5 representants de l’alumnat, 5 representants del professorat, una representant de l’Ajuntament, la representant del PAS, la secretària acadèmica, la cap d’estudis i el director, que n’exerceix la presidència.</p>



<div style="height:30px" aria-hidden="true" class="wp-block-spacer"></div>



<figure class="wp-block-image aligncenter size-full is-resized"><img loading="lazy" decoding="async" width="1079" height="411" src="https://agora.xtec.cat/cfavictorinavila/wp-content/uploads/usu417/2024/12/IMG_20241228_153248.jpg" alt="" class="wp-image-9611" style="width:320px" srcset="https://agora.xtec.cat/cfavictorinavila/wp-content/uploads/usu417/2024/12/IMG_20241228_153248.jpg 1079w, https://agora.xtec.cat/cfavictorinavila/wp-content/uploads/usu417/2024/12/IMG_20241228_153248-768x293.jpg 768w" sizes="auto, (max-width: 1079px) 100vw, 1079px" /></figure>

<p>El consell escolar&nbsp; és l’òrgan col·legiat de participació de la comunitat escolar en el govern del centre, en ell hi ha representats tots els col·lectius que intervenen en la comunitat educativa: direcció, professorat, alumnat i personal d’administració i serveis. La funció principal del consell escolar és participar en la presa de decisions en els temes [&hellip;]</p>
