{"id":8381,"date":"2024-03-30T22:27:12","date_gmt":"2024-03-30T21:27:12","guid":{"rendered":"https:\/\/agora.xtec.cat\/cfavictorinavila\/?page_id=8381"},"modified":"2025-05-03T17:05:25","modified_gmt":"2025-05-03T15:05:25","slug":"canals-de-catala-i-castella","status":"publish","type":"page","link":"https:\/\/agora.xtec.cat\/cfavictorinavila\/canals-de-telegram-2\/canals-de-catala-i-castella\/","title":{"rendered":"Canals de Catal\u00e0 i Castell\u00e0"},"content":{"rendered":"\n<div class=\"wp-block-columns is-layout-flex wp-container-core-columns-is-layout-1 wp-block-columns-is-layout-flex\">\n<div class=\"wp-block-column is-layout-flow wp-block-column-is-layout-flow\">\n<div class=\"row\" style=\"margin-bottom: 1em !important;\">\n<div class=\"small-12 large-4 text-center columns\">\n<figure><a href=\"https:\/\/t.me\/+zSBN09AVpCdlZmU0\" target=\"_blank\" rel=\"noopener\"><img loading=\"lazy\" decoding=\"async\" class=\"aligncenter wp-image-8305\" src=\"https:\/\/agora.xtec.cat\/cfavictorinavila\/wp-content\/uploads\/usu417\/2024\/03\/CASTELLANO-1-MANANA-amb-permis.jpg\" alt=\"\" width=\"250\" height=\"250\" srcset=\"https:\/\/agora.xtec.cat\/cfavictorinavila\/wp-content\/uploads\/usu417\/2024\/03\/CASTELLANO-1-MANANA-amb-permis.jpg 786w, https:\/\/agora.xtec.cat\/cfavictorinavila\/wp-content\/uploads\/usu417\/2024\/03\/CASTELLANO-1-MANANA-amb-permis-768x768.jpg 768w\" sizes=\"auto, (max-width: 250px) 100vw, 250px\" \/><\/a><\/figure>\n<h3 style=\"text-align: center;\"><a href=\"https:\/\/t.me\/+zSBN09AVpCdlZmU0\" target=\"_blank\" rel=\"noopener\">Castellano 1 Ma\u00f1ana<\/a><\/h3>\n<p>&nbsp;<\/p>\n<\/div>\n<div class=\"small-12 large-4 text-center columns\">\n<figure><a href=\"https:\/\/t.me\/+nz85MStKnGY3NThk\" target=\"_blank\" rel=\"noopener\"><img loading=\"lazy\" decoding=\"async\" class=\"aligncenter wp-image-8306\" src=\"https:\/\/agora.xtec.cat\/cfavictorinavila\/wp-content\/uploads\/usu417\/2024\/03\/CASTELLANO-1-TARDE-ANUAL-amb-permis.jpg\" alt=\"\" width=\"250\" height=\"250\" srcset=\"https:\/\/agora.xtec.cat\/cfavictorinavila\/wp-content\/uploads\/usu417\/2024\/03\/CASTELLANO-1-TARDE-ANUAL-amb-permis.jpg 786w, https:\/\/agora.xtec.cat\/cfavictorinavila\/wp-content\/uploads\/usu417\/2024\/03\/CASTELLANO-1-TARDE-ANUAL-amb-permis-768x768.jpg 768w\" sizes=\"auto, (max-width: 250px) 100vw, 250px\" \/><\/a><\/figure>\n<h3 style=\"text-align: center;\"><a href=\"https:\/\/t.me\/+nz85MStKnGY3NThk\" target=\"_blank\" rel=\"noopener\">Castellano 1 Tarde Anual<\/a><\/h3>\n<p>&nbsp;<\/p>\n<\/div>\n<div class=\"small-12 large-4 text-center columns\">\n<figure><a href=\"https:\/\/t.me\/+FX-wfexfGxsyYTI0\" target=\"_blank\" rel=\"noopener\"><img loading=\"lazy\" decoding=\"async\" class=\"aligncenter wp-image-8307\" src=\"https:\/\/agora.xtec.cat\/cfavictorinavila\/wp-content\/uploads\/usu417\/2024\/03\/CASTELLANO-1-TARDE-CUATRIMESTRAL-amb-permis.jpg\" alt=\"\" width=\"250\" height=\"250\" srcset=\"https:\/\/agora.xtec.cat\/cfavictorinavila\/wp-content\/uploads\/usu417\/2024\/03\/CASTELLANO-1-TARDE-CUATRIMESTRAL-amb-permis.jpg 786w, https:\/\/agora.xtec.cat\/cfavictorinavila\/wp-content\/uploads\/usu417\/2024\/03\/CASTELLANO-1-TARDE-CUATRIMESTRAL-amb-permis-768x768.jpg 768w\" sizes=\"auto, (max-width: 250px) 100vw, 250px\" \/><\/a><\/figure>\n<h3 style=\"text-align: center;\"><a href=\"https:\/\/t.me\/+FX-wfexfGxsyYTI0\" target=\"_blank\" rel=\"noopener\">Castellano 1 Tarde Cuatrimestral<\/a><\/h3>\n<p>&nbsp;<\/p>\n<\/div>\n<\/div>\n<\/div>\n\n\n\n<div class=\"wp-block-column is-layout-flow wp-block-column-is-layout-flow\">\n<div class=\"row\" style=\"margin-bottom: 1em !important;\">\n<div class=\"small-12 large-4 text-center columns\">\n<figure><a href=\"https:\/\/t.me\/+jGtrMdPJjOowNTNk\" target=\"_blank\" rel=\"noopener\"><img loading=\"lazy\" decoding=\"async\" class=\"aligncenter wp-image-8308\" src=\"https:\/\/agora.xtec.cat\/cfavictorinavila\/wp-content\/uploads\/usu417\/2024\/03\/CASTELLANO-2-amb-permis.jpg\" alt=\"\" width=\"250\" height=\"250\" srcset=\"https:\/\/agora.xtec.cat\/cfavictorinavila\/wp-content\/uploads\/usu417\/2024\/03\/CASTELLANO-2-amb-permis.jpg 786w, https:\/\/agora.xtec.cat\/cfavictorinavila\/wp-content\/uploads\/usu417\/2024\/03\/CASTELLANO-2-amb-permis-768x768.jpg 768w\" sizes=\"auto, (max-width: 250px) 100vw, 250px\" \/><\/a><\/figure>\n<h3 style=\"text-align: center;\"><a href=\"https:\/\/t.me\/+jGtrMdPJjOowNTNk\" target=\"_blank\" rel=\"noopener\">Castellano 2<\/a><\/h3>\n<p>&nbsp;<\/p>\n<\/div>\n<div class=\"small-12 large-4 text-center columns\">\n<figure><a href=\"https:\/\/t.me\/+pSUUMPXk2qY0ZmU0\" target=\"_blank\" rel=\"noopener\"><img loading=\"lazy\" decoding=\"async\" class=\"aligncenter wp-image-8309\" src=\"https:\/\/agora.xtec.cat\/cfavictorinavila\/wp-content\/uploads\/usu417\/2024\/03\/CATALA-1-MATI-amb-permis.jpg\" alt=\"\" width=\"250\" height=\"250\" srcset=\"https:\/\/agora.xtec.cat\/cfavictorinavila\/wp-content\/uploads\/usu417\/2024\/03\/CATALA-1-MATI-amb-permis.jpg 786w, https:\/\/agora.xtec.cat\/cfavictorinavila\/wp-content\/uploads\/usu417\/2024\/03\/CATALA-1-MATI-amb-permis-768x768.jpg 768w\" sizes=\"auto, (max-width: 250px) 100vw, 250px\" \/><\/a><\/figure>\n<h3 style=\"text-align: center;\"><a href=\"https:\/\/t.me\/+pSUUMPXk2qY0ZmU0\" target=\"_blank\" rel=\"noopener\">Catal\u00e0 1 Mat\u00ed<\/a><\/h3>\n<p>&nbsp;<\/p>\n<\/div>\n<div class=\"small-12 large-4 text-center columns\">\n<figure><a href=\"https:\/\/t.me\/+XYv-rGvC1i02MzFk\" target=\"_blank\" rel=\"noopener\"><img loading=\"lazy\" decoding=\"async\" class=\"aligncenter wp-image-8310\" src=\"https:\/\/agora.xtec.cat\/cfavictorinavila\/wp-content\/uploads\/usu417\/2024\/03\/CATALA-1-TARDA-amb-permis.jpg\" alt=\"\" width=\"250\" height=\"250\" srcset=\"https:\/\/agora.xtec.cat\/cfavictorinavila\/wp-content\/uploads\/usu417\/2024\/03\/CATALA-1-TARDA-amb-permis.jpg 786w, https:\/\/agora.xtec.cat\/cfavictorinavila\/wp-content\/uploads\/usu417\/2024\/03\/CATALA-1-TARDA-amb-permis-768x768.jpg 768w\" sizes=\"auto, (max-width: 250px) 100vw, 250px\" \/><\/a><\/figure>\n<h3 style=\"text-align: center;\"><a href=\"https:\/\/t.me\/+XYv-rGvC1i02MzFk\" target=\"_blank\" rel=\"noopener\">Catal\u00e0 1 Tarda<\/a><\/h3>\n<p>&nbsp;<\/p>\n<\/div>\n<\/div>\n<\/div>\n\n\n\n<div class=\"wp-block-column is-layout-flow wp-block-column-is-layout-flow\">\n<div class=\"row\" style=\"margin-bottom: 1em !important;\">\n<div class=\"small-12 large-4 text-center columns\">\n<figure><a href=\"https:\/\/t.me\/+GiBfm1AykplkZGU0\" target=\"_blank\" rel=\"noopener\"><img loading=\"lazy\" decoding=\"async\" class=\"aligncenter wp-image-8311\" src=\"https:\/\/agora.xtec.cat\/cfavictorinavila\/wp-content\/uploads\/usu417\/2024\/03\/CATALA-2-amb-permis.jpg\" alt=\"\" width=\"250\" height=\"250\" srcset=\"https:\/\/agora.xtec.cat\/cfavictorinavila\/wp-content\/uploads\/usu417\/2024\/03\/CATALA-2-amb-permis.jpg 786w, https:\/\/agora.xtec.cat\/cfavictorinavila\/wp-content\/uploads\/usu417\/2024\/03\/CATALA-2-amb-permis-768x768.jpg 768w\" sizes=\"auto, (max-width: 250px) 100vw, 250px\" \/><\/a><\/figure>\n<h3 style=\"text-align: center;\"><a href=\"https:\/\/t.me\/+GiBfm1AykplkZGU0\" target=\"_blank\" rel=\"noopener\">Catal\u00e0 2<\/a><\/h3>\n<p>\u00a0<\/p>\n<\/div>\n<div class=\"small-12 large-4 text-center columns\">\n<figure><a href=\"https:\/\/t.me\/+7SvDRs3usHw1MGQ8\" target=\"_blank\" rel=\"noopener\"><img loading=\"lazy\" decoding=\"async\" class=\"aligncenter wp-image-8312\" src=\"https:\/\/agora.xtec.cat\/cfavictorinavila\/wp-content\/uploads\/usu417\/2024\/03\/CATALA-3-amb-permis.jpg\" alt=\"\" width=\"250\" height=\"250\" srcset=\"https:\/\/agora.xtec.cat\/cfavictorinavila\/wp-content\/uploads\/usu417\/2024\/03\/CATALA-3-amb-permis.jpg 786w, https:\/\/agora.xtec.cat\/cfavictorinavila\/wp-content\/uploads\/usu417\/2024\/03\/CATALA-3-amb-permis-768x768.jpg 768w\" sizes=\"auto, (max-width: 250px) 100vw, 250px\" \/><\/a><\/figure>\n<h3 style=\"text-align: center;\"><a href=\"https:\/\/t.me\/+7SvDRs3usHw1MGQ8\" target=\"_blank\" rel=\"noopener\">Catal\u00e0 3<\/a><\/h3>\n<p>\u00a0<\/p>\n<\/div>\n<\/div>\n<\/div>\n<\/div>\n","protected":false},"excerpt":{"rendered":"<p>Castellano 1 Ma\u00f1ana &nbsp; Castellano 1 Tarde Anual &nbsp; Castellano 1 Tarde Cuatrimestral &nbsp; Castellano 2 &nbsp; Catal\u00e0 1 Mat\u00ed &nbsp; Catal\u00e0 1 Tarda &nbsp; Catal\u00e0 2 \u00a0 Catal\u00e0 3 \u00a0<\/p>\n","protected":false},"author":1,"featured_media":0,"parent":8322,"menu_order":4,"comment_status":"closed","ping_status":"closed","template":"","meta":{"site-sidebar-layout":"default","site-content-layout":"","ast-site-content-layout":"default","site-content-style":"default","site-sidebar-style":"default","ast-global-header-display":"","ast-banner-title-visibility":"","ast-main-header-display":"","ast-hfb-above-header-display":"","ast-hfb-below-header-display":"","ast-hfb-mobile-header-display":"","site-post-title":"","ast-breadcrumbs-content":"","ast-featured-img":"","footer-sml-layout":"","theme-transparent-header-meta":"","adv-header-id-meta":"","stick-header-meta":"","header-above-stick-meta":"","header-main-stick-meta":"","header-below-stick-meta":"","astra-migrate-meta-layouts":"set","ast-page-background-enabled":"default","ast-page-background-meta":{"desktop":{"background-color":"var(--ast-global-color-4)","background-image":"","background-repeat":"repeat","background-position":"center center","background-size":"auto","background-attachment":"scroll","background-type":"","background-media":"","overlay-type":"","overlay-color":"","overlay-opacity":"","overlay-gradient":""},"tablet":{"background-color":"","background-image":"","background-repeat":"repeat","background-position":"center center","background-size":"auto","background-attachment":"scroll","background-type":"","background-media":"","overlay-type":"","overlay-color":"","overlay-opacity":"","overlay-gradient":""},"mobile":{"background-color":"","background-image":"","background-repeat":"repeat","background-position":"center center","background-size":"auto","background-attachment":"scroll","background-type":"","background-media":"","overlay-type":"","overlay-color":"","overlay-opacity":"","overlay-gradient":""}},"ast-content-background-meta":{"desktop":{"background-color":"var(--ast-global-color-5)","background-image":"","background-repeat":"repeat","background-position":"center center","background-size":"auto","background-attachment":"scroll","background-type":"","background-media":"","overlay-type":"","overlay-color":"","overlay-opacity":"","overlay-gradient":""},"tablet":{"background-color":"var(--ast-global-color-5)","background-image":"","background-repeat":"repeat","background-position":"center center","background-size":"auto","background-attachment":"scroll","background-type":"","background-media":"","overlay-type":"","overlay-color":"","overlay-opacity":"","overlay-gradient":""},"mobile":{"background-color":"var(--ast-global-color-5)","background-image":"","background-repeat":"repeat","background-position":"center center","background-size":"auto","background-attachment":"scroll","background-type":"","background-media":"","overlay-type":"","overlay-color":"","overlay-opacity":"","overlay-gradient":""}},"footnotes":""},"class_list":["post-8381","page","type-page","status-publish","hentry"],"post_mailing_queue_ids":[],"_links":{"self":[{"href":"https:\/\/agora.xtec.cat\/cfavictorinavila\/wp-json\/wp\/v2\/pages\/8381","targetHints":{"allow":["GET"]}}],"collection":[{"href":"https:\/\/agora.xtec.cat\/cfavictorinavila\/wp-json\/wp\/v2\/pages"}],"about":[{"href":"https:\/\/agora.xtec.cat\/cfavictorinavila\/wp-json\/wp\/v2\/types\/page"}],"author":[{"embeddable":true,"href":"https:\/\/agora.xtec.cat\/cfavictorinavila\/wp-json\/wp\/v2\/users\/1"}],"replies":[{"embeddable":true,"href":"https:\/\/agora.xtec.cat\/cfavictorinavila\/wp-json\/wp\/v2\/comments?post=8381"}],"version-history":[{"count":6,"href":"https:\/\/agora.xtec.cat\/cfavictorinavila\/wp-json\/wp\/v2\/pages\/8381\/revisions"}],"predecessor-version":[{"id":12140,"href":"https:\/\/agora.xtec.cat\/cfavictorinavila\/wp-json\/wp\/v2\/pages\/8381\/revisions\/12140"}],"up":[{"embeddable":true,"href":"https:\/\/agora.xtec.cat\/cfavictorinavila\/wp-json\/wp\/v2\/pages\/8322"}],"wp:attachment":[{"href":"https:\/\/agora.xtec.cat\/cfavictorinavila\/wp-json\/wp\/v2\/media?parent=8381"}],"curies":[{"name":"wp","href":"https:\/\/api.w.org\/{rel}","templated":true}]}}