{"id":301,"date":"2015-01-28T11:21:46","date_gmt":"2015-01-28T10:21:46","guid":{"rendered":"http:\/\/agora.xtec.cat\/cfajoancarles\/?page_id=301"},"modified":"2025-10-30T18:43:18","modified_gmt":"2025-10-30T17:43:18","slug":"formacio-instrumental","status":"publish","type":"page","link":"https:\/\/agora.xtec.cat\/cfavictorinavila\/ensenyaments\/oferta-formativa\/formacio-instrumental\/","title":{"rendered":"Formaci\u00f3 instrumental"},"content":{"rendered":"\n<div style=\"height:1px\" aria-hidden=\"true\" class=\"wp-block-spacer\"><\/div>\n\n\n<h3 data-canvas-width=\"374.20000000000005\">\u00a0<\/h3>\n<p style=\"text-align: justify;\" data-canvas-width=\"374.20000000000005\">L&#8217;objectiu d&#8217;aquests estudis \u00e9s aconseguir que les persones adultes adquireixin unes compet\u00e8ncies m\u00ednimes per facilitar la seva integraci\u00f3 i participaci\u00f3 social, una millor conviv\u00e8ncia en l\u2019entorn actual, la inserci\u00f3 laboral i el desenvolupament de la pr\u00f2pia autonomia. La superaci\u00f3 d&#8217;aquests estudis permet l&#8217;obtenci\u00f3 del <strong>Certificat de Formaci\u00f3 Instrumental.<\/strong><\/p>\n<h3 data-canvas-width=\"374.20000000000005\">\u00a0<\/h3>\n<h3 data-canvas-width=\"96.74499999999999\">Continguts<\/h3>\n<p data-canvas-width=\"51.88333333333333\">El curr\u00edculum t\u00e9 una durada de 980 hores lectives i s&#8217;estructura en 4 nivells, organitzats en dos cicles de dos nivells cadascun:<\/p>\n<ul>\n<li style=\"list-style-type: none;\">\n<ul style=\"list-style-type: disc;\">\n<li data-canvas-width=\"169.91666666666669\">el primer nivell, que consta d&#8217;un total de 280 hores lectives a ra\u00f3 de 8 hores de classe setmanals, en qu\u00e8 l&#8217;aprenentatge se centra en l&#8217;adquisici\u00f3 dels mecanismes fonamentals de lectura i escriptura i de c\u00e0lcul, a m\u00e9s de nocions elementals sobre l&#8217;entorn social i natural;<\/li>\n<li data-canvas-width=\"67.10000000000001\">el segon i el tercer nivell, que consten d&#8217;un total de 210 hores lectives cadascun a ra\u00f3 de 6 hores de classe setmanals, en qu\u00e8 l&#8217;objectiu \u00e9s consolidar aquests mecanismes i els coneixements que expliquen l&#8217;entorn, i<\/li>\n<li data-canvas-width=\"396.4333333333334\">el quart nivell (8 hores de classe setmanals), en el qual s&#8217;amplien els coneixements dels cursos anteriors fins a assolir els objectius generals del cicle i es prepara pels estudis posteriors\u00a0 d&#8217;<a style=\"font-family: inherit; font-size: 1em; text-align: justify;\" href=\"https:\/\/agora.xtec.cat\/cfavictorinavila\/ensenyaments\/oferta-formativa\/graduat-en-educacio-secundaria-per-adults\/\" target=\"_blank\" rel=\"noopener\">educaci\u00f3 secund\u00e0ria per a les persones adultes<\/a><span style=\"font-family: inherit; font-size: 1em; text-align: justify;\"> o la preparaci\u00f3 per a les proves d&#8217;acc\u00e9s a cicles formatius.<\/span><\/li>\n<\/ul>\n<\/li>\n<\/ul>\n<h3>\u00a0<\/h3>\n<h3>Curr\u00edculum<\/h3>\n<ul>\n<li style=\"list-style-type: none;\">\n<ul style=\"list-style-type: disc;\">\n<li><a href=\"https:\/\/dogc.gencat.cat\/ca\/document-del-dogc\/?documentId=938596\" target=\"_blank\" rel=\"noopener\">Ordre EDU\/217\/2022, de 23 de setembre<\/a>, per la qual s&#8217;estableix el curr\u00edculum de la formaci\u00f3 instrumental per a les persones adultes.<\/li>\n<li><a href=\"https:\/\/portaldogc.gencat.cat\/utilsEADOP\/PDF\/8807\/1940096.pdf\" target=\"_blank\" rel=\"noopener\">Resoluci\u00f3 EDU\/3774\/2022, de 28 de novembre<\/a>, per la qual s&#8217;estableixen el procediment, els documents i els requisits formals del proc\u00e9s d&#8217;avaluaci\u00f3 dels ensenyaments de la formaci\u00f3 instrumental per a les persones adultes.<\/li>\n<li><a href=\"https:\/\/projectes.xtec.cat\/nou-curriculum\/educacio-dadults\/\" target=\"_blank\" rel=\"noopener\">Aspectes generals del nou curr\u00edculum de Formaci\u00f3 Instrumental<\/a>.<\/li>\n<li><a href=\"https:\/\/sites.google.com\/xtec.cat\/curriculumbasica\/educaci%C3%B3-dadults?authuser=0\" target=\"_blank\" rel=\"noopener\">Estructura del nou curr\u00edculum de Formaci\u00f3 Instrumental<\/a>.<\/li>\n<\/ul>\n<\/li>\n<\/ul>\n<h3>\u00a0<\/h3>\n<h3>\u27a1 \u00a0\u00a0<a href=\"https:\/\/triaeducativa.gencat.cat\/ca\/estudis\/?formacio-instrumental-persones-adultes&amp;p_id=6510\" target=\"_blank\" rel=\"noopener\">El Cicle de Formaci\u00f3 Instrumental al portal de la <em>&#8220;Tria Educativa&#8221;<\/em><\/a><\/h3>\n<h3>\u00a0<\/h3>\n<h3>\u27a1 \u00a0\u00a0<a title=\"V\u00e9s a Prova per a l'obtenci\u00f3 del certificat de formaci\u00f3 instrumental per a persones de m\u00e9s de 18 anys\" href=\"https:\/\/educacio.gencat.cat\/ca\/serveis-tramits\/proves\/proves-lliures-obtencio-titols\/obtencio-cfi-mes-18-anys\/\" target=\"_blank\" rel=\"noopener\">Proves lliures per a l&#8217;obtenci\u00f3 del Certificat de Formaci\u00f3 Instrumental per majors de 18 anys<\/a><\/h3>\n<p>\u00a0<\/p>\n<h3>\u27a1 \u00a0 <a title=\"V\u00e9s a Prova per a l'obtenci\u00f3 del certificat de formaci\u00f3 instrumental per a persones de m\u00e9s de 18 anys\" href=\"https:\/\/agora.xtec.cat\/cfavictorinavila\/categoria\/fpa-instrumental\/\" target=\"_blank\" rel=\"noopener\">Activitats de Formaci\u00f3 Instrumental al CFA Victorina Vila<\/a><\/h3>","protected":false},"excerpt":{"rendered":"<p>\u00a0 L&#8217;objectiu d&#8217;aquests estudis \u00e9s aconseguir que les persones adultes adquireixin unes compet\u00e8ncies m\u00ednimes per facilitar la seva integraci\u00f3 i participaci\u00f3 social, una millor conviv\u00e8ncia en l\u2019entorn actual, la inserci\u00f3 laboral i el desenvolupament de la pr\u00f2pia autonomia. La superaci\u00f3 d&#8217;aquests estudis permet l&#8217;obtenci\u00f3 del Certificat de Formaci\u00f3 Instrumental. \u00a0 Continguts El curr\u00edculum t\u00e9 una [&hellip;]<\/p>\n","protected":false},"author":2,"featured_media":0,"parent":2603,"menu_order":3,"comment_status":"closed","ping_status":"closed","template":"","meta":{"site-sidebar-layout":"default","site-content-layout":"","ast-site-content-layout":"default","site-content-style":"default","site-sidebar-style":"default","ast-global-header-display":"","ast-banner-title-visibility":"","ast-main-header-display":"","ast-hfb-above-header-display":"","ast-hfb-below-header-display":"","ast-hfb-mobile-header-display":"","site-post-title":"","ast-breadcrumbs-content":"","ast-featured-img":"","footer-sml-layout":"","theme-transparent-header-meta":"","adv-header-id-meta":"","stick-header-meta":"","header-above-stick-meta":"","header-main-stick-meta":"","header-below-stick-meta":"","astra-migrate-meta-layouts":"set","ast-page-background-enabled":"default","ast-page-background-meta":{"desktop":{"background-color":"var(--ast-global-color-4)","background-image":"","background-repeat":"repeat","background-position":"center center","background-size":"auto","background-attachment":"scroll","background-type":"","background-media":"","overlay-type":"","overlay-color":"","overlay-opacity":"","overlay-gradient":""},"tablet":{"background-color":"","background-image":"","background-repeat":"repeat","background-position":"center center","background-size":"auto","background-attachment":"scroll","background-type":"","background-media":"","overlay-type":"","overlay-color":"","overlay-opacity":"","overlay-gradient":""},"mobile":{"background-color":"","background-image":"","background-repeat":"repeat","background-position":"center center","background-size":"auto","background-attachment":"scroll","background-type":"","background-media":"","overlay-type":"","overlay-color":"","overlay-opacity":"","overlay-gradient":""}},"ast-content-background-meta":{"desktop":{"background-color":"var(--ast-global-color-5)","background-image":"","background-repeat":"repeat","background-position":"center center","background-size":"auto","background-attachment":"scroll","background-type":"","background-media":"","overlay-type":"","overlay-color":"","overlay-opacity":"","overlay-gradient":""},"tablet":{"background-color":"var(--ast-global-color-5)","background-image":"","background-repeat":"repeat","background-position":"center center","background-size":"auto","background-attachment":"scroll","background-type":"","background-media":"","overlay-type":"","overlay-color":"","overlay-opacity":"","overlay-gradient":""},"mobile":{"background-color":"var(--ast-global-color-5)","background-image":"","background-repeat":"repeat","background-position":"center center","background-size":"auto","background-attachment":"scroll","background-type":"","background-media":"","overlay-type":"","overlay-color":"","overlay-opacity":"","overlay-gradient":""}},"footnotes":""},"class_list":["post-301","page","type-page","status-publish","hentry"],"post_mailing_queue_ids":[],"_links":{"self":[{"href":"https:\/\/agora.xtec.cat\/cfavictorinavila\/wp-json\/wp\/v2\/pages\/301","targetHints":{"allow":["GET"]}}],"collection":[{"href":"https:\/\/agora.xtec.cat\/cfavictorinavila\/wp-json\/wp\/v2\/pages"}],"about":[{"href":"https:\/\/agora.xtec.cat\/cfavictorinavila\/wp-json\/wp\/v2\/types\/page"}],"author":[{"embeddable":true,"href":"https:\/\/agora.xtec.cat\/cfavictorinavila\/wp-json\/wp\/v2\/users\/2"}],"replies":[{"embeddable":true,"href":"https:\/\/agora.xtec.cat\/cfavictorinavila\/wp-json\/wp\/v2\/comments?post=301"}],"version-history":[{"count":6,"href":"https:\/\/agora.xtec.cat\/cfavictorinavila\/wp-json\/wp\/v2\/pages\/301\/revisions"}],"predecessor-version":[{"id":13139,"href":"https:\/\/agora.xtec.cat\/cfavictorinavila\/wp-json\/wp\/v2\/pages\/301\/revisions\/13139"}],"up":[{"embeddable":true,"href":"https:\/\/agora.xtec.cat\/cfavictorinavila\/wp-json\/wp\/v2\/pages\/2603"}],"wp:attachment":[{"href":"https:\/\/agora.xtec.cat\/cfavictorinavila\/wp-json\/wp\/v2\/media?parent=301"}],"curies":[{"name":"wp","href":"https:\/\/api.w.org\/{rel}","templated":true}]}}