{"id":9,"date":"2014-09-12T10:15:01","date_gmt":"2014-09-12T10:15:01","guid":{"rendered":"http:\/\/agora.xtec.cat\/cfavictorcatala\/?page_id=9"},"modified":"2026-02-12T19:03:40","modified_gmt":"2026-02-12T18:03:40","slug":"pagina-dinici-buida","status":"publish","type":"page","link":"https:\/\/agora.xtec.cat\/cfavictorcatala\/","title":{"rendered":"CFA V\u00cdCTOR CATAL\u00c0"},"content":{"rendered":"<p data-start=\"98\" data-end=\"392\">El <strong data-start=\"101\" data-end=\"122\">CFA V\u00edctor Catal\u00e0<\/strong> \u00e9s el centre de formaci\u00f3 d\u2019adults del <strong data-start=\"161\" data-end=\"193\">Centre Penitenciari Brians 2<\/strong>. Oferim una educaci\u00f3 adaptada a les necessitats de les persones internes, amb l\u2019objectiu que puguin continuar estudiant, desenvolupar habilitats i preparar-se per la seva vida despr\u00e9s de la pres\u00f3.<\/p>\n<p data-start=\"394\" data-end=\"767\">Al nostre centre es poden cursar diferents <a href=\"https:\/\/agora.xtec.cat\/cfavictorcatala\/ensenyaments\/\">ensenyaments<\/a>, a m\u00e9s d\u2019activitats educatives complement\u00e0ries que ajuden a cr\u00e9ixer personal i professionalment. Treballem no nom\u00e9s els continguts acad\u00e8mics, sin\u00f3 tamb\u00e9 compet\u00e8ncies com la responsabilitat, l\u2019autonomia, el treball en equip i la gesti\u00f3 del temps.<\/p>\n<p data-start=\"769\" data-end=\"1083\">El CFA V\u00edctor Catal\u00e0 aposta per crear un ambient motivador i de suport, on cada alumne pot avan\u00e7ar al seu ritme i amb el recolzament del professorat especialitzat. La formaci\u00f3 que oferim \u00e9s una eina clau per obrir noves oportunitats laborals i socials, ajudant a construir un futur m\u00e9s positiu i amb m\u00e9s opcions.<\/p>\n","protected":false},"excerpt":{"rendered":"<p>El CFA V\u00edctor Catal\u00e0 \u00e9s el centre de formaci\u00f3 d\u2019adults del Centre Penitenciari Brians 2. Oferim una educaci\u00f3 adaptada a les necessitats de les persones internes, amb l\u2019objectiu que puguin continuar estudiant, desenvolupar habilitats i preparar-se per la seva vida despr\u00e9s de la pres\u00f3. Al nostre centre es poden cursar diferents ensenyaments, a m\u00e9s d\u2019activitats [&hellip;]<\/p>\n","protected":false},"author":1,"featured_media":0,"parent":0,"menu_order":0,"comment_status":"closed","ping_status":"closed","template":"","meta":{"_bbp_topic_count":0,"_bbp_reply_count":0,"_bbp_total_topic_count":0,"_bbp_total_reply_count":0,"_bbp_voice_count":0,"_bbp_anonymous_reply_count":0,"_bbp_topic_count_hidden":0,"_bbp_reply_count_hidden":0,"_bbp_forum_subforum_count":0,"site-sidebar-layout":"default","site-content-layout":"","ast-site-content-layout":"default","site-content-style":"default","site-sidebar-style":"default","ast-global-header-display":"","ast-banner-title-visibility":"","ast-main-header-display":"","ast-hfb-above-header-display":"","ast-hfb-below-header-display":"","ast-hfb-mobile-header-display":"","site-post-title":"","ast-breadcrumbs-content":"","ast-featured-img":"","footer-sml-layout":"","theme-transparent-header-meta":"default","adv-header-id-meta":"","stick-header-meta":"","header-above-stick-meta":"","header-main-stick-meta":"","header-below-stick-meta":"","astra-migrate-meta-layouts":"set","ast-page-background-enabled":"default","ast-page-background-meta":{"desktop":{"background-color":"var(--ast-global-color-4)","background-image":"","background-repeat":"repeat","background-position":"center center","background-size":"auto","background-attachment":"scroll","background-type":"","background-media":"","overlay-type":"","overlay-color":"","overlay-opacity":"","overlay-gradient":""},"tablet":{"background-color":"","background-image":"","background-repeat":"repeat","background-position":"center center","background-size":"auto","background-attachment":"scroll","background-type":"","background-media":"","overlay-type":"","overlay-color":"","overlay-opacity":"","overlay-gradient":""},"mobile":{"background-color":"","background-image":"","background-repeat":"repeat","background-position":"center center","background-size":"auto","background-attachment":"scroll","background-type":"","background-media":"","overlay-type":"","overlay-color":"","overlay-opacity":"","overlay-gradient":""}},"ast-content-background-meta":{"desktop":{"background-color":"var(--ast-global-color-5)","background-image":"","background-repeat":"repeat","background-position":"center center","background-size":"auto","background-attachment":"scroll","background-type":"","background-media":"","overlay-type":"","overlay-color":"","overlay-opacity":"","overlay-gradient":""},"tablet":{"background-color":"var(--ast-global-color-5)","background-image":"","background-repeat":"repeat","background-position":"center center","background-size":"auto","background-attachment":"scroll","background-type":"","background-media":"","overlay-type":"","overlay-color":"","overlay-opacity":"","overlay-gradient":""},"mobile":{"background-color":"var(--ast-global-color-5)","background-image":"","background-repeat":"repeat","background-position":"center center","background-size":"auto","background-attachment":"scroll","background-type":"","background-media":"","overlay-type":"","overlay-color":"","overlay-opacity":"","overlay-gradient":""}},"footnotes":""},"class_list":["post-9","page","type-page","status-publish","hentry"],"post_mailing_queue_ids":[],"_links":{"self":[{"href":"https:\/\/agora.xtec.cat\/cfavictorcatala\/wp-json\/wp\/v2\/pages\/9","targetHints":{"allow":["GET"]}}],"collection":[{"href":"https:\/\/agora.xtec.cat\/cfavictorcatala\/wp-json\/wp\/v2\/pages"}],"about":[{"href":"https:\/\/agora.xtec.cat\/cfavictorcatala\/wp-json\/wp\/v2\/types\/page"}],"author":[{"embeddable":true,"href":"https:\/\/agora.xtec.cat\/cfavictorcatala\/wp-json\/wp\/v2\/users\/1"}],"replies":[{"embeddable":true,"href":"https:\/\/agora.xtec.cat\/cfavictorcatala\/wp-json\/wp\/v2\/comments?post=9"}],"version-history":[{"count":7,"href":"https:\/\/agora.xtec.cat\/cfavictorcatala\/wp-json\/wp\/v2\/pages\/9\/revisions"}],"predecessor-version":[{"id":2777,"href":"https:\/\/agora.xtec.cat\/cfavictorcatala\/wp-json\/wp\/v2\/pages\/9\/revisions\/2777"}],"wp:attachment":[{"href":"https:\/\/agora.xtec.cat\/cfavictorcatala\/wp-json\/wp\/v2\/media?parent=9"}],"curies":[{"name":"wp","href":"https:\/\/api.w.org\/{rel}","templated":true}]}}