{"id":52,"date":"2014-09-17T16:58:07","date_gmt":"2014-09-17T16:58:07","guid":{"rendered":"http:\/\/agora.xtec.cat\/cfavictorcatala\/?page_id=52"},"modified":"2026-02-05T19:37:52","modified_gmt":"2026-02-05T18:37:52","slug":"calendari-del-curs","status":"publish","type":"page","link":"https:\/\/agora.xtec.cat\/cfavictorcatala\/el-centre\/calendari-del-curs\/","title":{"rendered":"Calendari del curs i horaris generals"},"content":{"rendered":"<p data-start=\"218\" data-end=\"250\"><strong data-start=\"218\" data-end=\"250\">Calendari del curs 2025-2026<\/strong><\/p>\n<p data-start=\"252\" data-end=\"319\">L\u2019inici i el final de curs del curs 2025-2026 s\u00f3n els seg\u00fcents:<\/p>\n<p data-start=\"321\" data-end=\"400\">El curs es divideix en dos quadrimestres, distribu\u00efts de la manera seg\u00fcent:<\/p>\n<ul data-start=\"402\" data-end=\"562\">\n<li data-start=\"402\" data-end=\"484\">\n<p data-start=\"404\" data-end=\"484\"><strong data-start=\"404\" data-end=\"424\">1r quadrimestre:<\/strong> del <strong data-start=\"429\" data-end=\"455\">22 de setembre de 2025<\/strong> al <strong data-start=\"459\" data-end=\"482\">13 de febrer de 2026<\/strong><\/p>\n<\/li>\n<li data-start=\"485\" data-end=\"562\">\n<p data-start=\"487\" data-end=\"562\"><strong data-start=\"487\" data-end=\"507\">2n quadrimestre:<\/strong> del <strong data-start=\"512\" data-end=\"536\">16 de febrer de 2026<\/strong> al <strong data-start=\"540\" data-end=\"562\">19 de juny de 2026<\/strong><\/p>\n<\/li>\n<\/ul>\n<p data-start=\"564\" data-end=\"601\"><strong data-start=\"564\" data-end=\"601\">Dies festius de lliure disposici\u00f3<\/strong><\/p>\n<ul data-start=\"603\" data-end=\"702\">\n<li data-start=\"603\" data-end=\"619\">\n<p data-start=\"605\" data-end=\"619\">13\/10\/25<\/p>\n<\/li>\n<\/ul>\n<ul data-start=\"603\" data-end=\"702\">\n<li data-start=\"603\" data-end=\"619\">\n<p data-start=\"605\" data-end=\"619\">03\/11\/25<\/p>\n<\/li>\n<li data-start=\"620\" data-end=\"636\">\n<p data-start=\"622\" data-end=\"636\">09\/12\/25<\/p>\n<\/li>\n<li data-start=\"637\" data-end=\"653\">\n<p data-start=\"639\" data-end=\"653\">16\/02\/26<\/p>\n<\/li>\n<\/ul>\n<ul data-start=\"603\" data-end=\"702\">\n<li data-start=\"603\" data-end=\"619\">30\/04\/26<\/li>\n<\/ul>\n<ul data-start=\"603\" data-end=\"702\">\n<li data-start=\"671\" data-end=\"687\">\n<p data-start=\"673\" data-end=\"687\">25\/05\/26<\/p>\n<\/li>\n<\/ul>\n<p data-start=\"704\" data-end=\"732\"><strong data-start=\"704\" data-end=\"732\">Horari lectiu del centre<\/strong><\/p>\n<ul data-start=\"734\" data-end=\"785\">\n<li data-start=\"734\" data-end=\"785\">\n<p data-start=\"736\" data-end=\"785\">De dilluns a divendres, <strong>de 9.00 a 19.00 h<\/strong><\/p>\n<\/li>\n<\/ul>\n","protected":false},"excerpt":{"rendered":"<p>Calendari del curs 2025-2026 L\u2019inici i el final de curs del curs 2025-2026 s\u00f3n els seg\u00fcents: El curs es divideix en dos quadrimestres, distribu\u00efts de la manera seg\u00fcent: 1r quadrimestre: del 22 de setembre de 2025 al 13 de febrer de 2026 2n quadrimestre: del 16 de febrer de 2026 al 19 de juny de [&hellip;]<\/p>\n","protected":false},"author":1,"featured_media":0,"parent":261,"menu_order":50,"comment_status":"closed","ping_status":"closed","template":"page-templates\/side-menu.php","meta":{"_bbp_topic_count":0,"_bbp_reply_count":0,"_bbp_total_topic_count":0,"_bbp_total_reply_count":0,"_bbp_voice_count":0,"_bbp_anonymous_reply_count":0,"_bbp_topic_count_hidden":0,"_bbp_reply_count_hidden":0,"_bbp_forum_subforum_count":0,"site-sidebar-layout":"default","site-content-layout":"","ast-site-content-layout":"","site-content-style":"default","site-sidebar-style":"default","ast-global-header-display":"","ast-banner-title-visibility":"","ast-main-header-display":"","ast-hfb-above-header-display":"","ast-hfb-below-header-display":"","ast-hfb-mobile-header-display":"","site-post-title":"","ast-breadcrumbs-content":"","ast-featured-img":"","footer-sml-layout":"","theme-transparent-header-meta":"","adv-header-id-meta":"","stick-header-meta":"","header-above-stick-meta":"","header-main-stick-meta":"","header-below-stick-meta":"","astra-migrate-meta-layouts":"default","ast-page-background-enabled":"default","ast-page-background-meta":{"desktop":{"background-color":"var(--ast-global-color-4)","background-image":"","background-repeat":"repeat","background-position":"center center","background-size":"auto","background-attachment":"scroll","background-type":"","background-media":"","overlay-type":"","overlay-color":"","overlay-opacity":"","overlay-gradient":""},"tablet":{"background-color":"","background-image":"","background-repeat":"repeat","background-position":"center center","background-size":"auto","background-attachment":"scroll","background-type":"","background-media":"","overlay-type":"","overlay-color":"","overlay-opacity":"","overlay-gradient":""},"mobile":{"background-color":"","background-image":"","background-repeat":"repeat","background-position":"center center","background-size":"auto","background-attachment":"scroll","background-type":"","background-media":"","overlay-type":"","overlay-color":"","overlay-opacity":"","overlay-gradient":""}},"ast-content-background-meta":{"desktop":{"background-color":"var(--ast-global-color-5)","background-image":"","background-repeat":"repeat","background-position":"center center","background-size":"auto","background-attachment":"scroll","background-type":"","background-media":"","overlay-type":"","overlay-color":"","overlay-opacity":"","overlay-gradient":""},"tablet":{"background-color":"var(--ast-global-color-5)","background-image":"","background-repeat":"repeat","background-position":"center center","background-size":"auto","background-attachment":"scroll","background-type":"","background-media":"","overlay-type":"","overlay-color":"","overlay-opacity":"","overlay-gradient":""},"mobile":{"background-color":"var(--ast-global-color-5)","background-image":"","background-repeat":"repeat","background-position":"center center","background-size":"auto","background-attachment":"scroll","background-type":"","background-media":"","overlay-type":"","overlay-color":"","overlay-opacity":"","overlay-gradient":""}},"footnotes":""},"class_list":["post-52","page","type-page","status-publish","hentry"],"post_mailing_queue_ids":[],"_links":{"self":[{"href":"https:\/\/agora.xtec.cat\/cfavictorcatala\/wp-json\/wp\/v2\/pages\/52","targetHints":{"allow":["GET"]}}],"collection":[{"href":"https:\/\/agora.xtec.cat\/cfavictorcatala\/wp-json\/wp\/v2\/pages"}],"about":[{"href":"https:\/\/agora.xtec.cat\/cfavictorcatala\/wp-json\/wp\/v2\/types\/page"}],"author":[{"embeddable":true,"href":"https:\/\/agora.xtec.cat\/cfavictorcatala\/wp-json\/wp\/v2\/users\/1"}],"replies":[{"embeddable":true,"href":"https:\/\/agora.xtec.cat\/cfavictorcatala\/wp-json\/wp\/v2\/comments?post=52"}],"version-history":[{"count":5,"href":"https:\/\/agora.xtec.cat\/cfavictorcatala\/wp-json\/wp\/v2\/pages\/52\/revisions"}],"predecessor-version":[{"id":2795,"href":"https:\/\/agora.xtec.cat\/cfavictorcatala\/wp-json\/wp\/v2\/pages\/52\/revisions\/2795"}],"up":[{"embeddable":true,"href":"https:\/\/agora.xtec.cat\/cfavictorcatala\/wp-json\/wp\/v2\/pages\/261"}],"wp:attachment":[{"href":"https:\/\/agora.xtec.cat\/cfavictorcatala\/wp-json\/wp\/v2\/media?parent=52"}],"curies":[{"name":"wp","href":"https:\/\/api.w.org\/{rel}","templated":true}]}}