{"id":1571,"date":"2019-10-01T15:22:27","date_gmt":"2019-10-01T13:22:27","guid":{"rendered":"http:\/\/agora.xtec.cat\/cfavictorcatala\/?page_id=1571"},"modified":"2026-02-12T17:02:21","modified_gmt":"2026-02-12T16:02:21","slug":"cohesio-i-participacio","status":"publish","type":"page","link":"https:\/\/agora.xtec.cat\/cfavictorcatala\/ensenyaments\/cohesio-i-participacio\/","title":{"rendered":"Cohesi\u00f3 i participaci\u00f3"},"content":{"rendered":"<h2 data-start=\"86\" data-end=\"127\">Ensenyaments de cohesi\u00f3 i participaci\u00f3<\/h2>\n<p data-start=\"129\" data-end=\"421\">Els ensenyaments de cohesi\u00f3 i participaci\u00f3 tenen com a finalitat afavorir la integraci\u00f3 social, la igualtat d\u2019oportunitats i la participaci\u00f3 activa en la societat. Aquests estudis proporcionen les compet\u00e8ncies b\u00e0siques necess\u00e0ries per millorar l\u2019autonomia personal i facilitar la conviv\u00e8ncia.<\/p>\n<p data-start=\"423\" data-end=\"598\">Dins d\u2019aquest \u00e0mbit s\u2019ofereix <strong data-start=\"453\" data-end=\"511\">formaci\u00f3 instrumental de llengua catalana i castellana<\/strong> en els nivells <strong data-start=\"527\" data-end=\"542\">A1, A2 i B1<\/strong>, d\u2019acord amb el Marc Europeu Com\u00fa de Refer\u00e8ncia (MECR).<\/p>\n<p data-start=\"600\" data-end=\"624\">Aquesta formaci\u00f3 permet:<\/p>\n<ul data-start=\"626\" data-end=\"915\">\n<li data-start=\"626\" data-end=\"680\">\n<p data-start=\"628\" data-end=\"680\">Millorar la comprensi\u00f3 i expressi\u00f3 oral i escrita.<\/p>\n<\/li>\n<li data-start=\"681\" data-end=\"736\">\n<p data-start=\"683\" data-end=\"736\">Facilitar la comunicaci\u00f3 en situacions quotidianes.<\/p>\n<\/li>\n<li data-start=\"737\" data-end=\"804\">\n<p data-start=\"739\" data-end=\"804\">Afavorir l\u2019acc\u00e9s a altres estudis i a la formaci\u00f3 professional.<\/p>\n<\/li>\n<li data-start=\"805\" data-end=\"850\">\n<p data-start=\"807\" data-end=\"850\">Potenciar la integraci\u00f3 social i laboral.<\/p>\n<\/li>\n<li data-start=\"851\" data-end=\"915\">\n<p data-start=\"853\" data-end=\"915\">Promoure la participaci\u00f3 activa i responsable en la comunitat.<\/p>\n<\/li>\n<\/ul>\n<p data-start=\"917\" data-end=\"1045\">Aquests ensenyaments ofereixen una oportunitat per adquirir eines b\u00e0siques que reforcen la confian\u00e7a, l\u2019autonomia i la inclusi\u00f3.<\/p>\n","protected":false},"excerpt":{"rendered":"<p>Ensenyaments de cohesi\u00f3 i participaci\u00f3 Els ensenyaments de cohesi\u00f3 i participaci\u00f3 tenen com a finalitat afavorir la integraci\u00f3 social, la igualtat d\u2019oportunitats i la participaci\u00f3 activa en la societat. Aquests estudis proporcionen les compet\u00e8ncies b\u00e0siques necess\u00e0ries per millorar l\u2019autonomia personal i facilitar la conviv\u00e8ncia. Dins d\u2019aquest \u00e0mbit s\u2019ofereix formaci\u00f3 instrumental de llengua catalana i castellana [&hellip;]<\/p>\n","protected":false},"author":1,"featured_media":0,"parent":274,"menu_order":0,"comment_status":"closed","ping_status":"closed","template":"page-templates\/side-menu.php","meta":{"_bbp_topic_count":0,"_bbp_reply_count":0,"_bbp_total_topic_count":0,"_bbp_total_reply_count":0,"_bbp_voice_count":0,"_bbp_anonymous_reply_count":0,"_bbp_topic_count_hidden":0,"_bbp_reply_count_hidden":0,"_bbp_forum_subforum_count":0,"site-sidebar-layout":"default","site-content-layout":"","ast-site-content-layout":"","site-content-style":"default","site-sidebar-style":"default","ast-global-header-display":"","ast-banner-title-visibility":"","ast-main-header-display":"","ast-hfb-above-header-display":"","ast-hfb-below-header-display":"","ast-hfb-mobile-header-display":"","site-post-title":"","ast-breadcrumbs-content":"","ast-featured-img":"","footer-sml-layout":"","theme-transparent-header-meta":"","adv-header-id-meta":"","stick-header-meta":"","header-above-stick-meta":"","header-main-stick-meta":"","header-below-stick-meta":"","astra-migrate-meta-layouts":"default","ast-page-background-enabled":"default","ast-page-background-meta":{"desktop":{"background-color":"var(--ast-global-color-4)","background-image":"","background-repeat":"repeat","background-position":"center center","background-size":"auto","background-attachment":"scroll","background-type":"","background-media":"","overlay-type":"","overlay-color":"","overlay-opacity":"","overlay-gradient":""},"tablet":{"background-color":"","background-image":"","background-repeat":"repeat","background-position":"center center","background-size":"auto","background-attachment":"scroll","background-type":"","background-media":"","overlay-type":"","overlay-color":"","overlay-opacity":"","overlay-gradient":""},"mobile":{"background-color":"","background-image":"","background-repeat":"repeat","background-position":"center center","background-size":"auto","background-attachment":"scroll","background-type":"","background-media":"","overlay-type":"","overlay-color":"","overlay-opacity":"","overlay-gradient":""}},"ast-content-background-meta":{"desktop":{"background-color":"var(--ast-global-color-5)","background-image":"","background-repeat":"repeat","background-position":"center center","background-size":"auto","background-attachment":"scroll","background-type":"","background-media":"","overlay-type":"","overlay-color":"","overlay-opacity":"","overlay-gradient":""},"tablet":{"background-color":"var(--ast-global-color-5)","background-image":"","background-repeat":"repeat","background-position":"center center","background-size":"auto","background-attachment":"scroll","background-type":"","background-media":"","overlay-type":"","overlay-color":"","overlay-opacity":"","overlay-gradient":""},"mobile":{"background-color":"var(--ast-global-color-5)","background-image":"","background-repeat":"repeat","background-position":"center center","background-size":"auto","background-attachment":"scroll","background-type":"","background-media":"","overlay-type":"","overlay-color":"","overlay-opacity":"","overlay-gradient":""}},"footnotes":""},"class_list":["post-1571","page","type-page","status-publish","hentry"],"post_mailing_queue_ids":[],"_links":{"self":[{"href":"https:\/\/agora.xtec.cat\/cfavictorcatala\/wp-json\/wp\/v2\/pages\/1571","targetHints":{"allow":["GET"]}}],"collection":[{"href":"https:\/\/agora.xtec.cat\/cfavictorcatala\/wp-json\/wp\/v2\/pages"}],"about":[{"href":"https:\/\/agora.xtec.cat\/cfavictorcatala\/wp-json\/wp\/v2\/types\/page"}],"author":[{"embeddable":true,"href":"https:\/\/agora.xtec.cat\/cfavictorcatala\/wp-json\/wp\/v2\/users\/1"}],"replies":[{"embeddable":true,"href":"https:\/\/agora.xtec.cat\/cfavictorcatala\/wp-json\/wp\/v2\/comments?post=1571"}],"version-history":[{"count":2,"href":"https:\/\/agora.xtec.cat\/cfavictorcatala\/wp-json\/wp\/v2\/pages\/1571\/revisions"}],"predecessor-version":[{"id":2842,"href":"https:\/\/agora.xtec.cat\/cfavictorcatala\/wp-json\/wp\/v2\/pages\/1571\/revisions\/2842"}],"up":[{"embeddable":true,"href":"https:\/\/agora.xtec.cat\/cfavictorcatala\/wp-json\/wp\/v2\/pages\/274"}],"wp:attachment":[{"href":"https:\/\/agora.xtec.cat\/cfavictorcatala\/wp-json\/wp\/v2\/media?parent=1571"}],"curies":[{"name":"wp","href":"https:\/\/api.w.org\/{rel}","templated":true}]}}