{"id":979,"date":"2026-07-17T10:08:42","date_gmt":"2026-07-17T08:08:42","guid":{"rendered":"https:\/\/agora.xtec.cat\/cfavalles\/?page_id=979"},"modified":"2026-07-17T12:48:36","modified_gmt":"2026-07-17T10:48:36","slug":"alumnat-assignat-al-centre-per-estudis-i-ordre-alfabetic","status":"publish","type":"page","link":"https:\/\/agora.xtec.cat\/cfavalles\/alumnat-assignat-al-centre-per-estudis-i-ordre-alfabetic\/","title":{"rendered":"Alumnat assignat al centre per estudis i ordre alfab\u00e8tic"},"content":{"rendered":"\n<p id=\"block-b3e5f986-569f-408e-90b7-293da3ca9fb0\">\u2666 <strong>Alumnat assignat al centre per estudis i ordre alfab\u00e8tic,<\/strong><a href=\"https:\/\/agora.xtec.cat\/cfavalles\/wp-content\/uploads\/usu3188\/2026\/07\/Alumnes_assignats_26-27-2.pdf\"><strong>\u00a0 AQU\u00cd<\/strong>.<\/a><\/p>\n\n\n\n<p><em>A l\u2019alumnat que apareix en aquest llistat se li ha assignat una pla\u00e7a a l\u2019ensenyament sol\u00b7licitat.<\/em><\/p>\n\n\n\n<p><em>Recordeu que en cas que no confirmeu la matr\u00edcula en el per\u00edode <strong>del 2 al 10 de setembre<\/strong>, la pla\u00e7a quedar\u00e0 vacant i ser\u00e0 assignada a les persones en llista d\u2019espera.<\/em><\/p>\n\n\n\n<div data-wp-interactive=\"core\/file\" class=\"wp-block-file\"><object data-wp-bind--hidden=\"!state.hasPdfPreview\" hidden class=\"wp-block-file__embed\" data=\"https:\/\/agora.xtec.cat\/cfavalles\/wp-content\/uploads\/usu3188\/2026\/07\/Alumnes_assignats_26-27-2.pdf\" type=\"application\/pdf\" style=\"width:100%;height:600px\" aria-label=\"Incrustaci\u00f3 del fitxer Alumnes_assignats_26-27.\"><\/object><a id=\"wp-block-file--media-0f8e1dd5-8bf2-486f-80bc-f122dce0117a\" href=\"https:\/\/agora.xtec.cat\/cfavalles\/wp-content\/uploads\/usu3188\/2026\/07\/Alumnes_assignats_26-27-2.pdf\">Alumnes_assignats_26-27<\/a><a href=\"https:\/\/agora.xtec.cat\/cfavalles\/wp-content\/uploads\/usu3188\/2026\/07\/Alumnes_assignats_26-27-2.pdf\" class=\"wp-block-file__button wp-element-button\" download aria-describedby=\"wp-block-file--media-0f8e1dd5-8bf2-486f-80bc-f122dce0117a\">Baixa<\/a><\/div>\n\n\n\n<p><\/p>\n","protected":false},"excerpt":{"rendered":"<p>\u2666 Alumnat assignat al centre per estudis i ordre alfab\u00e8tic,\u00a0 AQU\u00cd. A l\u2019alumnat que apareix en aquest llistat se li ha assignat una pla\u00e7a a l\u2019ensenyament sol\u00b7licitat. Recordeu que en cas que no confirmeu la matr\u00edcula en el per\u00edode del 2 al 10 de setembre, la pla\u00e7a quedar\u00e0 vacant i ser\u00e0 assignada a les persones [&hellip;]<\/p>\n","protected":false},"author":3,"featured_media":0,"parent":0,"menu_order":0,"comment_status":"closed","ping_status":"close","template":"","meta":{"site-sidebar-layout":"default","site-content-layout":"","ast-site-content-layout":"default","site-content-style":"default","site-sidebar-style":"default","ast-global-header-display":"","ast-banner-title-visibility":"","ast-main-header-display":"","ast-hfb-above-header-display":"","ast-hfb-below-header-display":"","ast-hfb-mobile-header-display":"","site-post-title":"","ast-breadcrumbs-content":"","ast-featured-img":"","footer-sml-layout":"","theme-transparent-header-meta":"","adv-header-id-meta":"","stick-header-meta":"","header-above-stick-meta":"","header-main-stick-meta":"","header-below-stick-meta":"","astra-migrate-meta-layouts":"set","ast-page-background-enabled":"default","ast-page-background-meta":{"desktop":{"background-color":"var(--ast-global-color-4)","background-image":"","background-repeat":"repeat","background-position":"center center","background-size":"auto","background-attachment":"scroll","background-type":"","background-media":"","overlay-type":"","overlay-color":"","overlay-opacity":"","overlay-gradient":""},"tablet":{"background-color":"","background-image":"","background-repeat":"repeat","background-position":"center center","background-size":"auto","background-attachment":"scroll","background-type":"","background-media":"","overlay-type":"","overlay-color":"","overlay-opacity":"","overlay-gradient":""},"mobile":{"background-color":"","background-image":"","background-repeat":"repeat","background-position":"center center","background-size":"auto","background-attachment":"scroll","background-type":"","background-media":"","overlay-type":"","overlay-color":"","overlay-opacity":"","overlay-gradient":""}},"ast-content-background-meta":{"desktop":{"background-color":"var(--ast-global-color-5)","background-image":"","background-repeat":"repeat","background-position":"center center","background-size":"auto","background-attachment":"scroll","background-type":"","background-media":"","overlay-type":"","overlay-color":"","overlay-opacity":"","overlay-gradient":""},"tablet":{"background-color":"var(--ast-global-color-5)","background-image":"","background-repeat":"repeat","background-position":"center center","background-size":"auto","background-attachment":"scroll","background-type":"","background-media":"","overlay-type":"","overlay-color":"","overlay-opacity":"","overlay-gradient":""},"mobile":{"background-color":"var(--ast-global-color-5)","background-image":"","background-repeat":"repeat","background-position":"center center","background-size":"auto","background-attachment":"scroll","background-type":"","background-media":"","overlay-type":"","overlay-color":"","overlay-opacity":"","overlay-gradient":""}},"footnotes":""},"class_list":["post-979","page","type-page","status-publish","hentry"],"post_mailing_queue_ids":[],"_links":{"self":[{"href":"https:\/\/agora.xtec.cat\/cfavalles\/wp-json\/wp\/v2\/pages\/979","targetHints":{"allow":["GET"]}}],"collection":[{"href":"https:\/\/agora.xtec.cat\/cfavalles\/wp-json\/wp\/v2\/pages"}],"about":[{"href":"https:\/\/agora.xtec.cat\/cfavalles\/wp-json\/wp\/v2\/types\/page"}],"author":[{"embeddable":true,"href":"https:\/\/agora.xtec.cat\/cfavalles\/wp-json\/wp\/v2\/users\/3"}],"replies":[{"embeddable":true,"href":"https:\/\/agora.xtec.cat\/cfavalles\/wp-json\/wp\/v2\/comments?post=979"}],"version-history":[{"count":4,"href":"https:\/\/agora.xtec.cat\/cfavalles\/wp-json\/wp\/v2\/pages\/979\/revisions"}],"predecessor-version":[{"id":1017,"href":"https:\/\/agora.xtec.cat\/cfavalles\/wp-json\/wp\/v2\/pages\/979\/revisions\/1017"}],"wp:attachment":[{"href":"https:\/\/agora.xtec.cat\/cfavalles\/wp-json\/wp\/v2\/media?parent=979"}],"curies":[{"name":"wp","href":"https:\/\/api.w.org\/{rel}","templated":true}]}}

Alumnat assignat al centre per estudis i ordre alfabètic

<p id="block-b3e5f986-569f-408e-90b7-293da3ca9fb0">♦ <strong>Alumnat assignat al centre per estudis i ordre alfabètic,</strong><a href="https://agora.xtec.cat/cfavalles/wp-content/uploads/usu3188/2026/07/Alumnes_assignats_26-27-2.pdf"><strong>  AQUÍ</strong>.</a></p>



<p><em>A l’alumnat que apareix en aquest llistat se li ha assignat una plaça a l’ensenyament sol·licitat.</em></p>



<p><em>Recordeu que en cas que no confirmeu la matrícula en el període <strong>del 2 al 10 de setembre</strong>, la plaça quedarà vacant i serà assignada a les persones en llista d’espera.</em></p>



<div data-wp-interactive="core/file" class="wp-block-file"><object data-wp-bind--hidden="!state.hasPdfPreview" hidden class="wp-block-file__embed" data="https://agora.xtec.cat/cfavalles/wp-content/uploads/usu3188/2026/07/Alumnes_assignats_26-27-2.pdf" type="application/pdf" style="width:100%;height:600px" aria-label="Incrustació del fitxer Alumnes_assignats_26-27."></object><a id="wp-block-file--media-0f8e1dd5-8bf2-486f-80bc-f122dce0117a" href="https://agora.xtec.cat/cfavalles/wp-content/uploads/usu3188/2026/07/Alumnes_assignats_26-27-2.pdf">Alumnes_assignats_26-27</a><a href="https://agora.xtec.cat/cfavalles/wp-content/uploads/usu3188/2026/07/Alumnes_assignats_26-27-2.pdf" class="wp-block-file__button wp-element-button" download aria-describedby="wp-block-file--media-0f8e1dd5-8bf2-486f-80bc-f122dce0117a">Baixa</a></div>



<p></p>

<p>♦ Alumnat assignat al centre per estudis i ordre alfabètic,  AQUÍ. A l’alumnat que apareix en aquest llistat se li ha assignat una plaça a l’ensenyament sol·licitat. Recordeu que en cas que no confirmeu la matrícula en el període del 2 al 10 de setembre, la plaça quedarà vacant i serà assignada a les persones [&hellip;]</p>
