{"id":9,"date":"2014-09-12T10:15:01","date_gmt":"2014-09-12T10:15:01","guid":{"rendered":"https:\/\/nodes-pre.educaciodigital.cat\/mastercfa\/?page_id=9"},"modified":"2026-08-27T17:08:31","modified_gmt":"2026-08-27T15:08:31","slug":"pagina-dinici-buida","status":"publish","type":"page","link":"https:\/\/agora.xtec.cat\/cfavalles\/","title":{"rendered":"Inscriu-te!"},"content":{"rendered":"\n<figure class=\"wp-block-image size-large\"><a href=\"https:\/\/agora.xtec.cat\/cfavalles\/wp-content\/uploads\/usu3188\/2026\/08\/559-CENTRE-DE-FORMACIO-ADULTS-VALLES-259-X-160-1_page-0001-1.jpg\"><img loading=\"lazy\" decoding=\"async\" width=\"1024\" height=\"632\" src=\"https:\/\/agora.xtec.cat\/cfavalles\/wp-content\/uploads\/usu3188\/2026\/08\/559-CENTRE-DE-FORMACIO-ADULTS-VALLES-259-X-160-1_page-0001-1-1024x632.jpg\" alt=\"\" class=\"wp-image-1032\" srcset=\"https:\/\/agora.xtec.cat\/cfavalles\/wp-content\/uploads\/usu3188\/2026\/08\/559-CENTRE-DE-FORMACIO-ADULTS-VALLES-259-X-160-1_page-0001-1-1024x632.jpg 1024w, https:\/\/agora.xtec.cat\/cfavalles\/wp-content\/uploads\/usu3188\/2026\/08\/559-CENTRE-DE-FORMACIO-ADULTS-VALLES-259-X-160-1_page-0001-1-300x185.jpg 300w, https:\/\/agora.xtec.cat\/cfavalles\/wp-content\/uploads\/usu3188\/2026\/08\/559-CENTRE-DE-FORMACIO-ADULTS-VALLES-259-X-160-1_page-0001-1-768x474.jpg 768w, https:\/\/agora.xtec.cat\/cfavalles\/wp-content\/uploads\/usu3188\/2026\/08\/559-CENTRE-DE-FORMACIO-ADULTS-VALLES-259-X-160-1_page-0001-1.jpg 1530w\" sizes=\"auto, (max-width: 1024px) 100vw, 1024px\" \/><\/a><\/figure>\n\n\n\n<hr class=\"wp-block-separator has-alpha-channel-opacity is-style-wide\"\/>\n\n\n\n<h2 class=\"wp-block-heading\">PREINSCRIPCI\u00d3 26 27<\/h2>\n\n\n\n<figure class=\"wp-block-image alignright size-full is-resized\" style=\"margin-top:0;margin-right:2.2rem;margin-bottom:0;margin-left:0\"><a href=\"https:\/\/agora.xtec.cat\/cfavalles\/wp-content\/uploads\/usu3188\/2026\/07\/imatge-27.png\"><img loading=\"lazy\" decoding=\"async\" width=\"729\" height=\"411\" src=\"https:\/\/agora.xtec.cat\/cfavalles\/wp-content\/uploads\/usu3188\/2026\/07\/imatge-27.png\" alt=\"\" class=\"wp-image-700\" style=\"width:273px;height:auto\" srcset=\"https:\/\/agora.xtec.cat\/cfavalles\/wp-content\/uploads\/usu3188\/2026\/07\/imatge-27.png 729w, https:\/\/agora.xtec.cat\/cfavalles\/wp-content\/uploads\/usu3188\/2026\/07\/imatge-27-300x169.png 300w\" sizes=\"auto, (max-width: 729px) 100vw, 729px\" \/><\/a><\/figure>\n\n\n\n<p id=\"block-cde94984-ee56-4625-b335-0cecf4cd1964\">17 de juliol<\/p>\n\n\n\n<p id=\"block-b3e5f986-569f-408e-90b7-293da3ca9fb0\">\u2666 <strong>Alumnat assignat al centre per estudis i ordre alfab\u00e8tic,&nbsp;<a href=\"https:\/\/agora.xtec.cat\/cfavalles\/alumnat-assignat-al-centre-per-estudis-i-ordre-alfabetic\/\">AQU\u00cd<\/a><\/strong>.<\/p>\n\n\n\n<p>\u2666 <strong>Alumnat assignat al centre per ordre alfab\u00e8tic, <a href=\"https:\/\/agora.xtec.cat\/cfavalles\/alumnat-assignat-al-centre-per-ordre-alfabetic\/\">AQU\u00cd<\/a><\/strong>.<\/p>\n\n\n\n<p><em>A l&#8217;alumnat que apareix en aquest llistat se li ha assignat una pla\u00e7a a l&#8217;ensenyament sol\u00b7licitat.<\/em><\/p>\n\n\n\n<p><em>Recordeu que en cas que no confirmeu la matr\u00edcula en el per\u00edode <strong>del 2 al 10 de setembre<\/strong>, la pla\u00e7a quedar\u00e0 vacant i ser\u00e0 assignada a les persones en llista d&#8217;espera.<\/em><\/p>\n\n\n\n<p><strong>Instruccions per confirmar la matr\u00edcula, <a href=\"https:\/\/agora.xtec.cat\/cfavalles\/3a-fase-matricula-del-2-al-10-de-setembre\/\" data-type=\"page\" data-id=\"743\">AQU\u00cd<\/a>.<\/strong><\/p>\n\n\n\n<p><strong>\u2666 Alumnat en llista d&#8217;espera, <a href=\"https:\/\/agora.xtec.cat\/cfavalles\/alumnat-en-llista-despera\/\">AQU\u00cd<\/a>.<\/strong><\/p>\n\n\n\n<p><em>Un cop finalitzada la matr\u00edcula de l\u2019alumnat adm\u00e8s, el\/la coordinador\/a de cada ensenyament es posar\u00e0 en contacte amb les persones que han quedat en llista d\u2019espera per cobrir les vacants tot i seguint l\u2019ordre atorgat.<\/em><\/p>\n\n\n\n<hr class=\"wp-block-separator has-alpha-channel-opacity is-style-wide\"\/>\n\n\n\n<p>14 de juliol<\/p>\n\n\n\n<p>\u2666 Llista de sol\u00b7licituds amb la puntuaci\u00f3 definitiva,&nbsp;<strong><a href=\"https:\/\/agora.xtec.cat\/cfavalles\/llistat-definitiu-preinscripcio-26-27\/\">AQU\u00cd<\/a><\/strong>.<\/p>\n\n\n\n<hr class=\"wp-block-separator has-alpha-channel-opacity is-style-wide\"\/>\n\n\n\n<p>07 de juliol<\/p>\n\n\n\n<p>\u2666 N\u00famero de desempat,&nbsp;<strong><a href=\"https:\/\/agora.xtec.cat\/cfavalles\/numero-de-desempat\/\">AQU\u00cd<\/a><\/strong>.<\/p>\n\n\n\n<hr class=\"wp-block-separator has-alpha-channel-opacity is-style-wide\"\/>\n\n\n\n<p class=\"has-text-align-left\">06 de juliol<\/p>\n\n\n\n<p class=\"has-text-align-left\">\u2666 Llista de sol\u00b7licituds amb la puntuaci\u00f3 provisional,&nbsp;<strong><a href=\"https:\/\/agora.xtec.cat\/cfavalles\/portada\/noticia-9\/\">AQU\u00cd<\/a><\/strong>.<\/p>\n\n\n\n<hr class=\"wp-block-separator has-alpha-channel-opacity is-style-wide\"\/>\n\n\n\n<p><\/p>\n\n\n\n<p><\/p>\n","protected":false},"excerpt":{"rendered":"<p>PREINSCRIPCI\u00d3 26 27 17 de juliol \u2666 Alumnat assignat al centre per estudis i ordre alfab\u00e8tic,&nbsp;AQU\u00cd. \u2666 Alumnat assignat al centre per ordre alfab\u00e8tic, AQU\u00cd. A l&#8217;alumnat que apareix en aquest llistat se li ha assignat una pla\u00e7a a l&#8217;ensenyament sol\u00b7licitat. Recordeu que en cas que no confirmeu la matr\u00edcula en el per\u00edode del 2 [&hellip;]<\/p>\n","protected":false},"author":1,"featured_media":0,"parent":7,"menu_order":0,"comment_status":"closed","ping_status":"closed","template":"","meta":{"site-sidebar-layout":"default","site-content-layout":"","ast-site-content-layout":"default","site-content-style":"default","site-sidebar-style":"default","ast-global-header-display":"","ast-banner-title-visibility":"","ast-main-header-display":"","ast-hfb-above-header-display":"","ast-hfb-below-header-display":"","ast-hfb-mobile-header-display":"","site-post-title":"","ast-breadcrumbs-content":"","ast-featured-img":"","footer-sml-layout":"","theme-transparent-header-meta":"","adv-header-id-meta":"","stick-header-meta":"","header-above-stick-meta":"","header-main-stick-meta":"","header-below-stick-meta":"","astra-migrate-meta-layouts":"set","ast-page-background-enabled":"default","ast-page-background-meta":{"desktop":{"background-color":"var(--ast-global-color-4)","background-image":"","background-repeat":"repeat","background-position":"center center","background-size":"auto","background-attachment":"scroll","background-type":"","background-media":"","overlay-type":"","overlay-color":"","overlay-opacity":"","overlay-gradient":""},"tablet":{"background-color":"","background-image":"","background-repeat":"repeat","background-position":"center center","background-size":"auto","background-attachment":"scroll","background-type":"","background-media":"","overlay-type":"","overlay-color":"","overlay-opacity":"","overlay-gradient":""},"mobile":{"background-color":"","background-image":"","background-repeat":"repeat","background-position":"center center","background-size":"auto","background-attachment":"scroll","background-type":"","background-media":"","overlay-type":"","overlay-color":"","overlay-opacity":"","overlay-gradient":""}},"ast-content-background-meta":{"desktop":{"background-color":"var(--ast-global-color-5)","background-image":"","background-repeat":"repeat","background-position":"center center","background-size":"auto","background-attachment":"scroll","background-type":"","background-media":"","overlay-type":"","overlay-color":"","overlay-opacity":"","overlay-gradient":""},"tablet":{"background-color":"var(--ast-global-color-5)","background-image":"","background-repeat":"repeat","background-position":"center center","background-size":"auto","background-attachment":"scroll","background-type":"","background-media":"","overlay-type":"","overlay-color":"","overlay-opacity":"","overlay-gradient":""},"mobile":{"background-color":"var(--ast-global-color-5)","background-image":"","background-repeat":"repeat","background-position":"center center","background-size":"auto","background-attachment":"scroll","background-type":"","background-media":"","overlay-type":"","overlay-color":"","overlay-opacity":"","overlay-gradient":""}},"footnotes":""},"class_list":["post-9","page","type-page","status-publish","hentry"],"post_mailing_queue_ids":[],"_links":{"self":[{"href":"https:\/\/agora.xtec.cat\/cfavalles\/wp-json\/wp\/v2\/pages\/9","targetHints":{"allow":["GET"]}}],"collection":[{"href":"https:\/\/agora.xtec.cat\/cfavalles\/wp-json\/wp\/v2\/pages"}],"about":[{"href":"https:\/\/agora.xtec.cat\/cfavalles\/wp-json\/wp\/v2\/types\/page"}],"author":[{"embeddable":true,"href":"https:\/\/agora.xtec.cat\/cfavalles\/wp-json\/wp\/v2\/users\/1"}],"replies":[{"embeddable":true,"href":"https:\/\/agora.xtec.cat\/cfavalles\/wp-json\/wp\/v2\/comments?post=9"}],"version-history":[{"count":6,"href":"https:\/\/agora.xtec.cat\/cfavalles\/wp-json\/wp\/v2\/pages\/9\/revisions"}],"predecessor-version":[{"id":1036,"href":"https:\/\/agora.xtec.cat\/cfavalles\/wp-json\/wp\/v2\/pages\/9\/revisions\/1036"}],"up":[{"embeddable":true,"href":"https:\/\/agora.xtec.cat\/cfavalles\/wp-json\/wp\/v2\/pages\/7"}],"wp:attachment":[{"href":"https:\/\/agora.xtec.cat\/cfavalles\/wp-json\/wp\/v2\/media?parent=9"}],"curies":[{"name":"wp","href":"https:\/\/api.w.org\/{rel}","templated":true}]}}

<figure class="wp-block-image size-large"><a href="https://agora.xtec.cat/cfavalles/wp-content/uploads/usu3188/2026/08/559-CENTRE-DE-FORMACIO-ADULTS-VALLES-259-X-160-1_page-0001-1.jpg"><img loading="lazy" decoding="async" width="1024" height="632" src="https://agora.xtec.cat/cfavalles/wp-content/uploads/usu3188/2026/08/559-CENTRE-DE-FORMACIO-ADULTS-VALLES-259-X-160-1_page-0001-1-1024x632.jpg" alt="" class="wp-image-1032" srcset="https://agora.xtec.cat/cfavalles/wp-content/uploads/usu3188/2026/08/559-CENTRE-DE-FORMACIO-ADULTS-VALLES-259-X-160-1_page-0001-1-1024x632.jpg 1024w, https://agora.xtec.cat/cfavalles/wp-content/uploads/usu3188/2026/08/559-CENTRE-DE-FORMACIO-ADULTS-VALLES-259-X-160-1_page-0001-1-300x185.jpg 300w, https://agora.xtec.cat/cfavalles/wp-content/uploads/usu3188/2026/08/559-CENTRE-DE-FORMACIO-ADULTS-VALLES-259-X-160-1_page-0001-1-768x474.jpg 768w, https://agora.xtec.cat/cfavalles/wp-content/uploads/usu3188/2026/08/559-CENTRE-DE-FORMACIO-ADULTS-VALLES-259-X-160-1_page-0001-1.jpg 1530w" sizes="auto, (max-width: 1024px) 100vw, 1024px" /></a></figure>



<hr class="wp-block-separator has-alpha-channel-opacity is-style-wide"/>



<h2 class="wp-block-heading">PREINSCRIPCIÓ 26 27</h2>



<figure class="wp-block-image alignright size-full is-resized" style="margin-top:0;margin-right:2.2rem;margin-bottom:0;margin-left:0"><a href="https://agora.xtec.cat/cfavalles/wp-content/uploads/usu3188/2026/07/imatge-27.png"><img loading="lazy" decoding="async" width="729" height="411" src="https://agora.xtec.cat/cfavalles/wp-content/uploads/usu3188/2026/07/imatge-27.png" alt="" class="wp-image-700" style="width:273px;height:auto" srcset="https://agora.xtec.cat/cfavalles/wp-content/uploads/usu3188/2026/07/imatge-27.png 729w, https://agora.xtec.cat/cfavalles/wp-content/uploads/usu3188/2026/07/imatge-27-300x169.png 300w" sizes="auto, (max-width: 729px) 100vw, 729px" /></a></figure>



<p id="block-cde94984-ee56-4625-b335-0cecf4cd1964">17 de juliol</p>



<p id="block-b3e5f986-569f-408e-90b7-293da3ca9fb0">♦ <strong>Alumnat assignat al centre per estudis i ordre alfabètic,&nbsp;<a href="https://agora.xtec.cat/cfavalles/alumnat-assignat-al-centre-per-estudis-i-ordre-alfabetic/">AQUÍ</a></strong>.</p>



<p>♦ <strong>Alumnat assignat al centre per ordre alfabètic, <a href="https://agora.xtec.cat/cfavalles/alumnat-assignat-al-centre-per-ordre-alfabetic/">AQUÍ</a></strong>.</p>



<p><em>A l&#8217;alumnat que apareix en aquest llistat se li ha assignat una plaça a l&#8217;ensenyament sol·licitat.</em></p>



<p><em>Recordeu que en cas que no confirmeu la matrícula en el període <strong>del 2 al 10 de setembre</strong>, la plaça quedarà vacant i serà assignada a les persones en llista d&#8217;espera.</em></p>



<p><strong>Instruccions per confirmar la matrícula, <a href="https://agora.xtec.cat/cfavalles/3a-fase-matricula-del-2-al-10-de-setembre/" data-type="page" data-id="743">AQUÍ</a>.</strong></p>



<p><strong>♦ Alumnat en llista d&#8217;espera, <a href="https://agora.xtec.cat/cfavalles/alumnat-en-llista-despera/">AQUÍ</a>.</strong></p>



<p><em>Un cop finalitzada la matrícula de l’alumnat admès, el/la coordinador/a de cada ensenyament es posarà en contacte amb les persones que han quedat en llista d’espera per cobrir les vacants tot i seguint l’ordre atorgat.</em></p>



<hr class="wp-block-separator has-alpha-channel-opacity is-style-wide"/>



<p>14 de juliol</p>



<p>♦ Llista de sol·licituds amb la puntuació definitiva,&nbsp;<strong><a href="https://agora.xtec.cat/cfavalles/llistat-definitiu-preinscripcio-26-27/">AQUÍ</a></strong>.</p>



<hr class="wp-block-separator has-alpha-channel-opacity is-style-wide"/>



<p>07 de juliol</p>



<p>♦ Número de desempat,&nbsp;<strong><a href="https://agora.xtec.cat/cfavalles/numero-de-desempat/">AQUÍ</a></strong>.</p>



<hr class="wp-block-separator has-alpha-channel-opacity is-style-wide"/>



<p class="has-text-align-left">06 de juliol</p>



<p class="has-text-align-left">♦ Llista de sol·licituds amb la puntuació provisional,&nbsp;<strong><a href="https://agora.xtec.cat/cfavalles/portada/noticia-9/">AQUÍ</a></strong>.</p>



<hr class="wp-block-separator has-alpha-channel-opacity is-style-wide"/>



<p></p>



<p></p>

<p>PREINSCRIPCIÓ 26 27 17 de juliol ♦ Alumnat assignat al centre per estudis i ordre alfabètic,&nbsp;AQUÍ. ♦ Alumnat assignat al centre per ordre alfabètic, AQUÍ. A l&#8217;alumnat que apareix en aquest llistat se li ha assignat una plaça a l&#8217;ensenyament sol·licitat. Recordeu que en cas que no confirmeu la matrícula en el període del 2 [&hellip;]</p>
