{"id":339,"date":"2015-01-28T12:22:56","date_gmt":"2015-01-28T11:22:56","guid":{"rendered":"https:\/\/nodes-pre.educaciodigital.cat\/mastercfa\/?page_id=339"},"modified":"2026-04-14T12:13:09","modified_gmt":"2026-04-14T10:13:09","slug":"contacte","status":"publish","type":"page","link":"https:\/\/agora.xtec.cat\/cfavalles\/contacte\/","title":{"rendered":"Contacte"},"content":{"rendered":"\n<p><strong><strong><strong>Correu electr\u00f2nic<\/strong><\/strong><br><\/strong><a class=\"mail\" title=\"secretaria@cfavalles.org\" href=\"mailto:secretaria@cfavalles.org\">secretaria@cfavalles.org<\/a><\/p>\n\n\n\n<p><strong>Adre\u00e7a<\/strong><br>CFA Vall\u00e8s<br>Carrer Vene\u00e7uela, 86<br>08402 Granollers<\/p>\n\n\n\n<p><strong>Tel\u00e8fons<\/strong>  <br>\u260e 93.849.98.88<br>\u260e 93.842.68.24<\/p>\n\n\n\n<p><strong>Horari d&#8217;atenci\u00f3 secretaria<\/strong><\/p>\n\n\n\n<figure class=\"wp-block-table alignleft\"><table class=\"has-fixed-layout\"><tbody><tr><td><strong>MATINS<\/strong><\/td><td><strong>TARDES<\/strong><\/td><\/tr><tr><td>dimarts i divendres de 10:00 a 12:00<\/td><td>dilluns i dimecres de 17:00 a 19:00<\/td><\/tr><\/tbody><\/table><\/figure>\n","protected":false},"excerpt":{"rendered":"<p>Correu electr\u00f2nicsecretaria@cfavalles.org Adre\u00e7aCFA Vall\u00e8sCarrer Vene\u00e7uela, 8608402 Granollers Tel\u00e8fons \u260e 93.849.98.88\u260e 93.842.68.24 Horari d&#8217;atenci\u00f3 secretaria MATINS TARDES dimarts i divendres de 10:00 a 12:00 dilluns i dimecres de 17:00 a 19:00<\/p>\n","protected":false},"author":1,"featured_media":0,"parent":0,"menu_order":0,"comment_status":"closed","ping_status":"closed","template":"","meta":{"site-sidebar-layout":"no-sidebar","site-content-layout":"","ast-site-content-layout":"default","site-content-style":"default","site-sidebar-style":"default","ast-global-header-display":"","ast-banner-title-visibility":"","ast-main-header-display":"","ast-hfb-above-header-display":"","ast-hfb-below-header-display":"","ast-hfb-mobile-header-display":"","site-post-title":"","ast-breadcrumbs-content":"","ast-featured-img":"","footer-sml-layout":"","theme-transparent-header-meta":"","adv-header-id-meta":"","stick-header-meta":"","header-above-stick-meta":"","header-main-stick-meta":"","header-below-stick-meta":"","astra-migrate-meta-layouts":"set","ast-page-background-enabled":"default","ast-page-background-meta":{"desktop":{"background-color":"var(--ast-global-color-4)","background-image":"","background-repeat":"repeat","background-position":"center center","background-size":"auto","background-attachment":"scroll","background-type":"","background-media":"","overlay-type":"","overlay-color":"","overlay-opacity":"","overlay-gradient":""},"tablet":{"background-color":"","background-image":"","background-repeat":"repeat","background-position":"center center","background-size":"auto","background-attachment":"scroll","background-type":"","background-media":"","overlay-type":"","overlay-color":"","overlay-opacity":"","overlay-gradient":""},"mobile":{"background-color":"","background-image":"","background-repeat":"repeat","background-position":"center center","background-size":"auto","background-attachment":"scroll","background-type":"","background-media":"","overlay-type":"","overlay-color":"","overlay-opacity":"","overlay-gradient":""}},"ast-content-background-meta":{"desktop":{"background-color":"var(--ast-global-color-5)","background-image":"","background-repeat":"repeat","background-position":"center center","background-size":"auto","background-attachment":"scroll","background-type":"","background-media":"","overlay-type":"","overlay-color":"","overlay-opacity":"","overlay-gradient":""},"tablet":{"background-color":"var(--ast-global-color-5)","background-image":"","background-repeat":"repeat","background-position":"center center","background-size":"auto","background-attachment":"scroll","background-type":"","background-media":"","overlay-type":"","overlay-color":"","overlay-opacity":"","overlay-gradient":""},"mobile":{"background-color":"var(--ast-global-color-5)","background-image":"","background-repeat":"repeat","background-position":"center center","background-size":"auto","background-attachment":"scroll","background-type":"","background-media":"","overlay-type":"","overlay-color":"","overlay-opacity":"","overlay-gradient":""}},"footnotes":""},"class_list":["post-339","page","type-page","status-publish","hentry"],"post_mailing_queue_ids":[],"_links":{"self":[{"href":"https:\/\/agora.xtec.cat\/cfavalles\/wp-json\/wp\/v2\/pages\/339","targetHints":{"allow":["GET"]}}],"collection":[{"href":"https:\/\/agora.xtec.cat\/cfavalles\/wp-json\/wp\/v2\/pages"}],"about":[{"href":"https:\/\/agora.xtec.cat\/cfavalles\/wp-json\/wp\/v2\/types\/page"}],"author":[{"embeddable":true,"href":"https:\/\/agora.xtec.cat\/cfavalles\/wp-json\/wp\/v2\/users\/1"}],"replies":[{"embeddable":true,"href":"https:\/\/agora.xtec.cat\/cfavalles\/wp-json\/wp\/v2\/comments?post=339"}],"version-history":[{"count":2,"href":"https:\/\/agora.xtec.cat\/cfavalles\/wp-json\/wp\/v2\/pages\/339\/revisions"}],"predecessor-version":[{"id":479,"href":"https:\/\/agora.xtec.cat\/cfavalles\/wp-json\/wp\/v2\/pages\/339\/revisions\/479"}],"wp:attachment":[{"href":"https:\/\/agora.xtec.cat\/cfavalles\/wp-json\/wp\/v2\/media?parent=339"}],"curies":[{"name":"wp","href":"https:\/\/api.w.org\/{rel}","templated":true}]}}