{"id":672,"date":"2022-06-20T11:50:44","date_gmt":"2022-06-20T09:50:44","guid":{"rendered":"https:\/\/agora.xtec.cat\/cfavaldaran\/?page_id=672"},"modified":"2022-06-20T11:50:44","modified_gmt":"2022-06-20T09:50:44","slug":"competic","status":"publish","type":"page","link":"https:\/\/agora.xtec.cat\/cfavaldaran\/ensenyaments\/ensenyaments-transprofessionals\/competic\/","title":{"rendered":"Competic"},"content":{"rendered":"<p>Aguesti estudis an coma objectiu qu\u2019es persones adultes assoliden un grad de compet\u00e9ncia basic pr\u2019amor de compr\u00e9ner eth mon digitau en tot\u00a0 impartir-se tres niv\u00e8us: competic 1, un niv\u00e8u d&#8217;iniciacion ath coneishement des compet\u00e9ncies digitaus, competic 2 un niv\u00e8u de coneishement intermiei en totes es compet\u00e9ncies e competic 3, que sup\u00f2se un niv\u00e8u auan\u00e7at en coneishement des compet\u00e9ncies digitaus deth tractament escrit, numeric, de donades, dera imatge e eth son e dera presentacion des contenguts.<\/p>\n<p>Toti es niv\u00e8us de competic an era equival\u00e9ncia des pr\u00f2ves ACTIC.<\/p>\n<h6>Acc\u00e9s<\/h6>\n<p>P\u00f2den accedir ad aguesti estudis totes es persones qu\u2019an m\u00e8s de 18 anys o ben que les complissen en an naturau en qu\u2019 inicien era formacion.<\/p>\n<p>&nbsp;<\/p>\n<h5>\u27a1 <a href=\"https:\/\/triaeducativa.gencat.cat\/ca\/educacio-adults\/ofertats\/competic\/\">\u00a0 Competic<\/a><\/h5>\n<div class=\"addtoany_share_save_container addtoany_content addtoany_content_bottom\">\n<div class=\"a2a_kit a2a_kit_size_25 addtoany_list\" data-a2a-url=\"https:\/\/agora.xtec.cat\/cfavaldaran\/ensenyaments\/ensenyaments-transprofessionals\/llengua-francesa\/lengua-francesa\/\" data-a2a-title=\"Lengua francesa\"><\/div>\n<\/div>\n","protected":false},"excerpt":{"rendered":"<p>Aguesti estudis an coma objectiu qu\u2019es persones adultes assoliden un grad de compet\u00e9ncia basic pr\u2019amor de compr\u00e9ner eth mon digitau en tot\u00a0 impartir-se tres niv\u00e8us: competic 1, un niv\u00e8u d&#8217;iniciacion ath coneishement des compet\u00e9ncies digitaus, competic 2 un niv\u00e8u de coneishement intermiei en totes es&hellip;  <a href=\"https:\/\/agora.xtec.cat\/cfavaldaran\/ensenyaments\/ensenyaments-transprofessionals\/competic\/\" title=\"Read Competic\">Llegeix m\u00e9s\u00bb<\/a><\/p>\n","protected":false},"author":1,"featured_media":0,"parent":286,"menu_order":0,"comment_status":"closed","ping_status":"closed","template":"","meta":{"_bbp_topic_count":0,"_bbp_reply_count":0,"_bbp_total_topic_count":0,"_bbp_total_reply_count":0,"_bbp_voice_count":0,"_bbp_anonymous_reply_count":0,"_bbp_topic_count_hidden":0,"_bbp_reply_count_hidden":0,"_bbp_forum_subforum_count":0,"footnotes":""},"class_list":["post-672","page","type-page","status-publish","hentry"],"post_mailing_queue_ids":[],"_links":{"self":[{"href":"https:\/\/agora.xtec.cat\/cfavaldaran\/wp-json\/wp\/v2\/pages\/672","targetHints":{"allow":["GET"]}}],"collection":[{"href":"https:\/\/agora.xtec.cat\/cfavaldaran\/wp-json\/wp\/v2\/pages"}],"about":[{"href":"https:\/\/agora.xtec.cat\/cfavaldaran\/wp-json\/wp\/v2\/types\/page"}],"author":[{"embeddable":true,"href":"https:\/\/agora.xtec.cat\/cfavaldaran\/wp-json\/wp\/v2\/users\/1"}],"replies":[{"embeddable":true,"href":"https:\/\/agora.xtec.cat\/cfavaldaran\/wp-json\/wp\/v2\/comments?post=672"}],"version-history":[{"count":1,"href":"https:\/\/agora.xtec.cat\/cfavaldaran\/wp-json\/wp\/v2\/pages\/672\/revisions"}],"predecessor-version":[{"id":673,"href":"https:\/\/agora.xtec.cat\/cfavaldaran\/wp-json\/wp\/v2\/pages\/672\/revisions\/673"}],"up":[{"embeddable":true,"href":"https:\/\/agora.xtec.cat\/cfavaldaran\/wp-json\/wp\/v2\/pages\/286"}],"wp:attachment":[{"href":"https:\/\/agora.xtec.cat\/cfavaldaran\/wp-json\/wp\/v2\/media?parent=672"}],"curies":[{"name":"wp","href":"https:\/\/api.w.org\/{rel}","templated":true}]}}