{"id":619,"date":"2022-06-15T09:14:17","date_gmt":"2022-06-15T07:14:17","guid":{"rendered":"https:\/\/agora.xtec.cat\/cfavaldaran\/?page_id=619"},"modified":"2022-06-15T09:14:17","modified_gmt":"2022-06-15T07:14:17","slug":"lengua-catalana-niveu-b1","status":"publish","type":"page","link":"https:\/\/agora.xtec.cat\/cfavaldaran\/ensenyaments\/ensenyaments-inicials-i-formacio-basica\/lengua-catalana-niveu-b1\/","title":{"rendered":"Lengua Catalana niv\u00e8u B1"},"content":{"rendered":"<p data-canvas-width=\"219.53333333333336\">Aguesti estudis an coma objectiu qu&#8217;es persones adultes assoliden era compet\u00e9ncia\u00a0 basica ent\u00e0 comunicar-se en lengua catalana en tot impartir un solet cors de niv\u00e8u B1 del MECR (Marc europeu com\u00fa de refer\u00e8ncia per a les lleng\u00fces).<\/p>\n<h5 data-canvas-width=\"54.00999999999999\"><strong>Acc\u00e9s<\/strong><\/h5>\n<p data-canvas-width=\"249.18333333333334\">P\u00f2den\u00a0 accedir ad aguesti estudis totes es persones qu&#8217;an m\u00e8s de 18 ans o ben les complissen en an naturau en qu&#8217;inicien era formacion.<\/p>\n<p data-canvas-width=\"339.4500000000001\"><span style=\"font-size: 1.125em; font-weight: bold;\">\u27a1 \u00a0<\/span><a style=\"font-size: 1.125em; font-weight: bold;\" href=\"https:\/\/triaeducativa.gencat.cat\/ca\/educacio-adults\/ofertats\/llengua-catalana-castellana\/?p_id=2331&amp;estudi\">Llengua Catalana\u00a0al portal de la\u00a0<em>\u201cTria Educativa\u201d<\/em><\/a><\/p>\n","protected":false},"excerpt":{"rendered":"<p>Aguesti estudis an coma objectiu qu&#8217;es persones adultes assoliden era compet\u00e9ncia\u00a0 basica ent\u00e0 comunicar-se en lengua catalana en tot impartir un solet cors de niv\u00e8u B1 del MECR (Marc europeu com\u00fa de refer\u00e8ncia per a les lleng\u00fces).<br \/>\nAcc\u00e9s<br \/>\nP\u00f2den\u00a0 accedir ad aguesti estudis totes es persones qu&#8217;an&hellip;  <a href=\"https:\/\/agora.xtec.cat\/cfavaldaran\/ensenyaments\/ensenyaments-inicials-i-formacio-basica\/lengua-catalana-niveu-b1\/\" title=\"Read Lengua Catalana niv\u00e8u B1\">Llegeix m\u00e9s\u00bb<\/a><\/p>\n","protected":false},"author":1,"featured_media":0,"parent":283,"menu_order":0,"comment_status":"closed","ping_status":"closed","template":"","meta":{"_bbp_topic_count":0,"_bbp_reply_count":0,"_bbp_total_topic_count":0,"_bbp_total_reply_count":0,"_bbp_voice_count":0,"_bbp_anonymous_reply_count":0,"_bbp_topic_count_hidden":0,"_bbp_reply_count_hidden":0,"_bbp_forum_subforum_count":0,"footnotes":""},"class_list":["post-619","page","type-page","status-publish","hentry"],"post_mailing_queue_ids":[],"_links":{"self":[{"href":"https:\/\/agora.xtec.cat\/cfavaldaran\/wp-json\/wp\/v2\/pages\/619","targetHints":{"allow":["GET"]}}],"collection":[{"href":"https:\/\/agora.xtec.cat\/cfavaldaran\/wp-json\/wp\/v2\/pages"}],"about":[{"href":"https:\/\/agora.xtec.cat\/cfavaldaran\/wp-json\/wp\/v2\/types\/page"}],"author":[{"embeddable":true,"href":"https:\/\/agora.xtec.cat\/cfavaldaran\/wp-json\/wp\/v2\/users\/1"}],"replies":[{"embeddable":true,"href":"https:\/\/agora.xtec.cat\/cfavaldaran\/wp-json\/wp\/v2\/comments?post=619"}],"version-history":[{"count":1,"href":"https:\/\/agora.xtec.cat\/cfavaldaran\/wp-json\/wp\/v2\/pages\/619\/revisions"}],"predecessor-version":[{"id":620,"href":"https:\/\/agora.xtec.cat\/cfavaldaran\/wp-json\/wp\/v2\/pages\/619\/revisions\/620"}],"up":[{"embeddable":true,"href":"https:\/\/agora.xtec.cat\/cfavaldaran\/wp-json\/wp\/v2\/pages\/283"}],"wp:attachment":[{"href":"https:\/\/agora.xtec.cat\/cfavaldaran\/wp-json\/wp\/v2\/media?parent=619"}],"curies":[{"name":"wp","href":"https:\/\/api.w.org\/{rel}","templated":true}]}}