{"id":553,"date":"2022-06-13T09:15:02","date_gmt":"2022-06-13T07:15:02","guid":{"rendered":"https:\/\/agora.xtec.cat\/cfavaldaran\/?page_id=553"},"modified":"2024-06-14T10:17:46","modified_gmt":"2024-06-14T08:17:46","slug":"estrategia","status":"publish","type":"page","link":"https:\/\/agora.xtec.cat\/cfavaldaran\/estrategia\/","title":{"rendered":"Estrategia"},"content":{"rendered":"<p>Contunham trebalhant ent\u00e0 desvolopar totes es fases dera Estrategia deth CFA Val d&#8217;Aran!<\/p>\n<p>&nbsp;<\/p>\n<ol>\n<li><strong>DIAGN\u00d2SI<\/strong><\/li>\n<\/ol>\n<p><a href=\"https:\/\/agora.xtec.cat\/cfavaldaran\/wp-content\/uploads\/usu2219\/2022\/06\/dafo.png\"><img loading=\"lazy\" decoding=\"async\" class=\"alignnone size-full wp-image-750\" src=\"https:\/\/agora.xtec.cat\/cfavaldaran\/wp-content\/uploads\/usu2219\/2022\/06\/dafo.png\" alt=\"\" width=\"862\" height=\"497\" srcset=\"https:\/\/agora.xtec.cat\/cfavaldaran\/wp-content\/uploads\/usu2219\/2022\/06\/dafo.png 862w, https:\/\/agora.xtec.cat\/cfavaldaran\/wp-content\/uploads\/usu2219\/2022\/06\/dafo-300x173.png 300w, https:\/\/agora.xtec.cat\/cfavaldaran\/wp-content\/uploads\/usu2219\/2022\/06\/dafo-768x443.png 768w\" sizes=\"auto, (max-width: 862px) 100vw, 862px\" \/><\/a><\/p>\n<p>&nbsp;<\/p>\n<p><strong>2. OBJECTIUS<\/strong><\/p>\n<ul>\n<li>Generar mieis qu&#8217;afavorissen estrategies de comunicacion damb era comunitat educativa (2021-2022,23,24)<\/li>\n<li>Implementar un EVA entara milhora dera Compet\u00e9ncia digitau der alumnat.(2021-2022,23,24)<\/li>\n<li>Prom\u00f2ir era participacion en hilats e programes de desvolopament professionau ent\u00e0 assolidar era Compet\u00e9ncia Digitau Docenta.(2021-2022,23,24)<\/li>\n<li>Desvolopar era Cultura Digitau e era Estrategia deth centre.(2022-2023,24)<\/li>\n<li>Prom\u00f2ir era ciberseguretat e responsabilitat digitau der alumnat (2022-2023)<\/li>\n<\/ul>\n<p><strong>3. PLANIFICACION<\/strong><\/p>\n<p><a href=\"https:\/\/agora.xtec.cat\/cfavaldaran\/wp-content\/uploads\/usu2219\/2024\/06\/EDC.png\"><img loading=\"lazy\" decoding=\"async\" class=\"alignnone size-full wp-image-1383\" src=\"https:\/\/agora.xtec.cat\/cfavaldaran\/wp-content\/uploads\/usu2219\/2024\/06\/EDC.png\" alt=\"\" width=\"702\" height=\"456\" srcset=\"https:\/\/agora.xtec.cat\/cfavaldaran\/wp-content\/uploads\/usu2219\/2024\/06\/EDC.png 702w, https:\/\/agora.xtec.cat\/cfavaldaran\/wp-content\/uploads\/usu2219\/2024\/06\/EDC-300x195.png 300w\" sizes=\"auto, (max-width: 702px) 100vw, 702px\" \/><\/a><\/p>\n<p><strong>4. AVALORACION<\/strong><\/p>\n<p><a href=\"https:\/\/agora.xtec.cat\/cfavaldaran\/wp-content\/uploads\/usu2219\/2024\/06\/EDC-avaluacio-1.png\"><img loading=\"lazy\" decoding=\"async\" class=\"alignnone size-full wp-image-1384\" src=\"https:\/\/agora.xtec.cat\/cfavaldaran\/wp-content\/uploads\/usu2219\/2024\/06\/EDC-avaluacio-1.png\" alt=\"\" width=\"587\" height=\"382\" srcset=\"https:\/\/agora.xtec.cat\/cfavaldaran\/wp-content\/uploads\/usu2219\/2024\/06\/EDC-avaluacio-1.png 587w, https:\/\/agora.xtec.cat\/cfavaldaran\/wp-content\/uploads\/usu2219\/2024\/06\/EDC-avaluacio-1-300x195.png 300w\" sizes=\"auto, (max-width: 587px) 100vw, 587px\" \/><\/a><\/p>\n","protected":false},"excerpt":{"rendered":"<p>Contunham trebalhant ent\u00e0 desvolopar totes es fases dera Estrategia deth CFA Val d&#8217;Aran!<br \/>\n&nbsp;<\/p>\n<ol>\n<li>DIAGN\u00d2SI<\/li>\n<\/ol>\n<p><a href=\"https:\/\/agora.xtec.cat\/cfavaldaran\/wp-content\/uploads\/usu2219\/2022\/06\/dafo.png\"><\/a><br \/>\n&nbsp;<br \/>\n2. OBJECTIUS<\/p>\n<ul>\n<li>Generar mieis qu&#8217;afavorissen estrategies de comunicacion damb era comunitat educativa (2021-2022,23,24)<\/li>\n<li>Implementar un EVA entara milhora dera Compet\u00e9ncia digitau der alumnat.(2021-2022,23,24)<\/li>\n<li>Prom\u00f2ir era participacion en hilats e programes de desvolopament professionau ent\u00e0 assolidar&hellip;  <a href=\"https:\/\/agora.xtec.cat\/cfavaldaran\/estrategia\/\" title=\"Read Estrategia\">Llegeix m\u00e9s\u00bb<\/a><br \/>\n","protected":false},"author":1,"featured_media":0,"parent":0,"menu_order":0,"comment_status":"closed","ping_status":"closed","template":"","meta":{"_bbp_topic_count":0,"_bbp_reply_count":0,"_bbp_total_topic_count":0,"_bbp_total_reply_count":0,"_bbp_voice_count":0,"_bbp_anonymous_reply_count":0,"_bbp_topic_count_hidden":0,"_bbp_reply_count_hidden":0,"_bbp_forum_subforum_count":0,"footnotes":""},"class_list":["post-553","page","type-page","status-publish","hentry"],"post_mailing_queue_ids":[],"_links":{"self":[{"href":"https:\/\/agora.xtec.cat\/cfavaldaran\/wp-json\/wp\/v2\/pages\/553","targetHints":{"allow":["GET"]}}],"collection":[{"href":"https:\/\/agora.xtec.cat\/cfavaldaran\/wp-json\/wp\/v2\/pages"}],"about":[{"href":"https:\/\/agora.xtec.cat\/cfavaldaran\/wp-json\/wp\/v2\/types\/page"}],"author":[{"embeddable":true,"href":"https:\/\/agora.xtec.cat\/cfavaldaran\/wp-json\/wp\/v2\/users\/1"}],"replies":[{"embeddable":true,"href":"https:\/\/agora.xtec.cat\/cfavaldaran\/wp-json\/wp\/v2\/comments?post=553"}],"version-history":[{"count":5,"href":"https:\/\/agora.xtec.cat\/cfavaldaran\/wp-json\/wp\/v2\/pages\/553\/revisions"}],"predecessor-version":[{"id":1385,"href":"https:\/\/agora.xtec.cat\/cfavaldaran\/wp-json\/wp\/v2\/pages\/553\/revisions\/1385"}],"wp:attachment":[{"href":"https:\/\/agora.xtec.cat\/cfavaldaran\/wp-json\/wp\/v2\/media?parent=553"}],"curies":[{"name":"wp","href":"https:\/\/api.w.org\/{rel}","templated":true}]}}