{"id":303,"date":"2015-01-28T11:23:05","date_gmt":"2015-01-28T10:23:05","guid":{"rendered":"http:\/\/agora.xtec.cat\/cfatramuntana\/?page_id=303"},"modified":"2025-09-29T06:43:16","modified_gmt":"2025-09-29T04:43:16","slug":"graduat-en-educacio-secundaria-per-adults","status":"publish","type":"page","link":"https:\/\/agora.xtec.cat\/cfatramuntana\/ensenyaments\/ensenyaments-inicials-i-formacio-basica\/graduat-en-educacio-secundaria-per-adults\/","title":{"rendered":"Graduat en educaci\u00f3 secund\u00e0ria per a adults (GESO)"},"content":{"rendered":"<p align=\"JUSTIFY\">Aquests estudis permeten completar els ensenyaments b\u00e0sics obligatoris. Es divideixen en dos nivells: <strong>GES 1<\/strong> i <strong>GES 2<\/strong>. La superaci\u00f3 d&#8217;aquests estudis permet obtenir el <strong>t\u00edtol de graduat en educaci\u00f3 secund\u00e0ria obligat\u00f2ria<\/strong> (GESO).<\/p>\n<p align=\"JUSTIFY\">Aquest t\u00edtol de GES tamb\u00e9 es pot obtenir a trav\u00e9s de les <strong>proves lliures de GES.\u00a0<\/strong>El nostre centre ofereix unes hores d&#8217;autoformaci\u00f3 en diferents franges hor\u00e0ries per preparar aquestes proves, que es fan al mes de febrer i d&#8217;abril.<\/p>\n<p><span style=\"color: #339966;\"><strong>Per a qu\u00e8 serveix el t\u00edtol de GES?<\/strong><\/span><\/p>\n<p>Aquest t\u00edtol, a m\u00e9s de facilitar la incorporaci\u00f3 al m\u00f3n laboral, permet accedir als seg\u00fcents ensenyaments postobligatoris:<\/p>\n<ul>\n<li>Batxillerat<\/li>\n<li>Cicles formatius de grau mitj\u00e0 (CFGM)<\/li>\n<li>\n<div>Preparaci\u00f3 per a les proves d&#8217;acc\u00e9s als cicles formatius de grau superior (CFGS)<\/div>\n<\/li>\n<li>\n<div>Preparaci\u00f3 per a les proves d&#8217;acc\u00e9s a la universitat per a les persones m\u00e9s grans de 25 anys.<\/div>\n<\/li>\n<\/ul>\n<p align=\"JUSTIFY\"><span style=\"color: #339966;\"><strong>Com s&#8217;estructura el GES?<\/strong><\/span><\/p>\n<p align=\"JUSTIFY\">Al llarg d&#8217;aquests estudis, l&#8217;alumne haur\u00e0 de cursar <strong>34 m\u00f2duls trimestrals<\/strong>, distribu\u00efts en l&#8217;<strong>\u00e0mbit de la comunicaci\u00f3,<\/strong> l&#8217;<strong>\u00e0mbit cientificotecnol\u00f2gic<\/strong> i l&#8217;<strong>\u00e0mbit social<\/strong>. A continuaci\u00f3, s&#8217;enumeren els diferents m\u00f2duls que s&#8217;ofereixen en el nostre centre:<\/p>\n<table style=\"width: 100.382%; height: 418px;\">\n<tbody>\n<tr style=\"height: 1px;\">\n<td style=\"width: 21.7391%; height: 1px;\"><\/td>\n<td style=\"width: 39.1047%; height: 1px;\">\n<h5 style=\"text-align: center;\"><strong>GES 1<\/strong><\/h5>\n<\/td>\n<td style=\"width: 45.2596%; height: 1px;\">\n<h5 style=\"text-align: center;\"><strong>GES 2<\/strong><\/h5>\n<\/td>\n<\/tr>\n<tr style=\"height: 150px;\">\n<td style=\"width: 21.7391%; height: 100px;\"><strong>\u00c0mbit de la comunicaci\u00f3<\/strong><\/td>\n<td style=\"width: 39.1047%; height: 100px;\">Llengua catalana I<\/p>\n<p>Llengua castellana I<\/p>\n<p>Llengua catalana II<\/p>\n<p>Llengua castellana II<\/p>\n<p>Llengua anglesa I<\/p>\n<p>Literatura universal<\/td>\n<td style=\"width: 45.2596%; height: 100px;\">Llengua catalana III<\/p>\n<p>Llengua castellana III<\/p>\n<p>Literatura catalana<\/p>\n<p>Literatura castellana<\/p>\n<p>Llengua anglesa II<\/p>\n<p>Llengua anglesa III<\/td>\n<\/tr>\n<tr style=\"height: 63px;\">\n<td style=\"width: 21.7391%; height: 63px;\"><strong>\u00a0<\/strong><\/td>\n<td style=\"width: 84.3643%; height: 63px;\" colspan=\"2\">Optatives:<\/p>\n<ul>\n<li style=\"list-style-type: none;\">\n<ul style=\"list-style-type: circle;\">\n<li>Treu la llengua 1<\/li>\n<li>Treu la llengua 2<\/li>\n<li>Llengua anglesa 0<\/li>\n<\/ul>\n<\/li>\n<\/ul>\n<\/td>\n<\/tr>\n<tr style=\"height: 150px;\">\n<td style=\"width: 21.7391%; height: 100px;\"><strong>\u00c0mbit cientificotecnol\u00f2gic<\/strong><\/td>\n<td style=\"width: 39.1047%; height: 100px;\">Matem\u00e0tiques I<\/p>\n<p>Matem\u00e0tiques II<\/p>\n<p>F\u00edsica i qu\u00edmica I<\/p>\n<p>Ci\u00e8ncies naturals<\/p>\n<p>Educaci\u00f3 per a la salut<\/td>\n<td style=\"width: 45.2596%; height: 100px;\">Matem\u00e0tiques III<\/p>\n<p>Matem\u00e0tiques IV<\/p>\n<p>F\u00edsica i qu\u00edmica II<\/p>\n<p>Biologia i geologia<\/p>\n<p><span style=\"color: #000000;\">Tecnologia<\/span><\/td>\n<\/tr>\n<tr style=\"height: 72px;\">\n<td style=\"width: 21.7391%; height: 72px;\"><strong>\u00a0<\/strong><\/td>\n<td style=\"width: 39.1047%; height: 72px;\" colspan=\"2\">Optatives:<\/p>\n<ul>\n<li style=\"list-style-type: none;\">\n<ul style=\"list-style-type: circle;\">\n<li>Rob\u00f2tica<\/li>\n<\/ul>\n<\/li>\n<\/ul>\n<\/td>\n<\/tr>\n<tr style=\"height: 177px;\">\n<td style=\"width: 21.7391%; height: 82px;\"><strong>\u00c0mbit social<\/strong><\/td>\n<td style=\"width: 39.1047%; height: 82px;\"><span style=\"color: #000000;\">Hist\u00f2ria I<\/span><\/p>\n<p><span style=\"color: #000000;\">Geografia I<\/span><\/p>\n<p><span style=\"color: #000000;\">CCSS I i educaci\u00f3 per a la ciutadania<\/span><\/td>\n<td style=\"width: 45.2596%; height: 82px;\"><span style=\"color: #000000;\">Hist\u00f2ria II<\/span><\/p>\n<p><span style=\"color: #000000;\">Geografia II<\/span><\/p>\n<p>CCSS II i educaci\u00f3 per a la ciutadania<\/td>\n<\/tr>\n<tr>\n<td style=\"width: 21.7391%;\"><strong>\u00a0<\/strong><\/td>\n<td style=\"width: 39.1047%;\" colspan=\"2\">Optatives:<span style=\"color: #000000;\"><br \/>\n<\/span><\/p>\n<ul>\n<li style=\"list-style-type: none;\">\n<ul style=\"list-style-type: circle;\">\n<li>Emprenedoria<\/li>\n<li>Viatjar per Catalunya<\/li>\n<\/ul>\n<\/li>\n<\/ul>\n<\/td>\n<\/tr>\n<\/tbody>\n<\/table>\n<p>Per poder cursar els m\u00f2duls de GES 2 \u00e9s obligatori haver superat tots els m\u00f2duls o la gran majoria de m\u00f2duls del GES 1. Nom\u00e9s es podr\u00e0 passar directament a GES 2 en el cas que es puguin convalidar els m\u00f2duls del primer nivell.<\/p>\n<p>A m\u00e9s s&#8217;ofereixen assignatures optatives per tal de millorar algunes de les compet\u00e8ncies necess\u00e0ries per obtenir el graduat. Entre elles, s&#8217;ofereix l&#8217;optativa &#8220;<strong>Treu la llengua<\/strong>&#8221; per a aquells alumnes que estan cursant m\u00f2duls de GES 1 per\u00f2 que tenen certes dificultats en la comprensi\u00f3 i l&#8217;expressi\u00f3 escrites en catal\u00e0. &#8220;<strong>Llengua anglesa 0<\/strong>&#8221; per a aquells alumnes de GES 1 que encara no tenen coneixements d&#8217;aquesta llengua i aix\u00ed puguin cursar el m\u00f2dul obligatori de &#8220;Llengua anglesa 1&#8221; sense problemes. L&#8217;optativa de &#8220;<strong>Rob\u00f2tica<\/strong>&#8221; per a aquells alumnes enfocada a adquirir compet\u00e8ncies digital i matem\u00e0tica de l&#8217;alumnat. <strong>&#8220;Igualtat de g\u00e8nere&#8221;<\/strong>, entre d&#8217;altres.<\/p>\n<p><span style=\"color: #339966;\"><strong>Com es treballa?<\/strong><\/span><\/p>\n<p>Se segueix un ensenyament-aprenentatge basat en compet\u00e8ncies. Els objectius i els continguts s&#8217;adapten sempre a les necessitats i a la realitat dels nostres alumnes. En les activitats que es fan a classe es fomenta la participaci\u00f3\u00a0i\u00a0la creativitat, aix\u00ed com diferents din\u00e0miques, tant el treball individual com en parelles i en grup. El que es pret\u00e9n en aquest nivell, especialment en els m\u00f2duls de GES 2, \u00e9s que els alumnes siguin el m\u00e9s aut\u00f2noms possible i que, per tant, puguin\u00a0arribar a gestionar el seu propi aprenentatge.<\/p>\n<p>Una caracter\u00edstica de la nostra escola \u00e9s el fet de tenir matr\u00edcula viva, fet que condiciona els ritmes dels grups\u00a0perqu\u00e8\u00a0suposa que a qualsevol\u00a0al\u00e7ada\u00a0del curs poden incorporar-se nous alumnes als grups. Els professors de cada mat\u00e8ria s\u00f3n els encarregats de fer les adaptacions dels continguts del moment i, alhora, d&#8217;oferir aquells continguts que ja s&#8217;han superat per la majoria del grup a les persones acabades d&#8217;incorporar.<\/p>\n","protected":false},"excerpt":{"rendered":"<p>Aquests estudis permeten completar els ensenyaments b\u00e0sics obligatoris. Es divideixen en dos nivells: GES 1 i GES 2. La superaci\u00f3 d&#8217;aquests estudis permet obtenir el t\u00edtol de graduat en educaci\u00f3 secund\u00e0ria obligat\u00f2ria (GESO).<br \/>\nAquest t\u00edtol de GES tamb\u00e9 es pot obtenir a trav\u00e9s de les proves&hellip;  <a href=\"https:\/\/agora.xtec.cat\/cfatramuntana\/ensenyaments\/ensenyaments-inicials-i-formacio-basica\/graduat-en-educacio-secundaria-per-adults\/\" title=\"Read Graduat en educaci\u00f3 secund\u00e0ria per a adults (GESO)\">Llegeix m\u00e9s\u00bb<\/a><\/p>\n","protected":false},"author":1,"featured_media":0,"parent":283,"menu_order":0,"comment_status":"closed","ping_status":"closed","template":"page-templates\/side-menu.php","meta":{"_bbp_topic_count":0,"_bbp_reply_count":0,"_bbp_total_topic_count":0,"_bbp_total_reply_count":0,"_bbp_voice_count":0,"_bbp_anonymous_reply_count":0,"_bbp_topic_count_hidden":0,"_bbp_reply_count_hidden":0,"_bbp_forum_subforum_count":0,"footnotes":""},"class_list":["post-303","page","type-page","status-publish","hentry"],"post_mailing_queue_ids":[],"_links":{"self":[{"href":"https:\/\/agora.xtec.cat\/cfatramuntana\/wp-json\/wp\/v2\/pages\/303","targetHints":{"allow":["GET"]}}],"collection":[{"href":"https:\/\/agora.xtec.cat\/cfatramuntana\/wp-json\/wp\/v2\/pages"}],"about":[{"href":"https:\/\/agora.xtec.cat\/cfatramuntana\/wp-json\/wp\/v2\/types\/page"}],"author":[{"embeddable":true,"href":"https:\/\/agora.xtec.cat\/cfatramuntana\/wp-json\/wp\/v2\/users\/1"}],"replies":[{"embeddable":true,"href":"https:\/\/agora.xtec.cat\/cfatramuntana\/wp-json\/wp\/v2\/comments?post=303"}],"version-history":[{"count":6,"href":"https:\/\/agora.xtec.cat\/cfatramuntana\/wp-json\/wp\/v2\/pages\/303\/revisions"}],"predecessor-version":[{"id":1827,"href":"https:\/\/agora.xtec.cat\/cfatramuntana\/wp-json\/wp\/v2\/pages\/303\/revisions\/1827"}],"up":[{"embeddable":true,"href":"https:\/\/agora.xtec.cat\/cfatramuntana\/wp-json\/wp\/v2\/pages\/283"}],"wp:attachment":[{"href":"https:\/\/agora.xtec.cat\/cfatramuntana\/wp-json\/wp\/v2\/media?parent=303"}],"curies":[{"name":"wp","href":"https:\/\/api.w.org\/{rel}","templated":true}]}}