{"id":286,"date":"2015-01-28T11:07:30","date_gmt":"2015-01-28T10:07:30","guid":{"rendered":"http:\/\/agora.xtec.cat\/cfatramuntana\/?page_id=286"},"modified":"2025-02-13T06:02:26","modified_gmt":"2025-02-13T05:02:26","slug":"ensenyaments-transprofessionals","status":"publish","type":"page","link":"https:\/\/agora.xtec.cat\/cfatramuntana\/ensenyaments\/ensenyaments-transprofessionals\/","title":{"rendered":"Ensenyaments transprofessionals"},"content":{"rendered":"<p style=\"text-align: justify;\">Avui dia, tant les lleng\u00fces estrangeres com la compet\u00e8ncia digital s\u00f3n imprescindibles per moure&#8217;s amb m\u00e9s facilitat en una societat digital, globalitzada, multiling\u00fce i multicultural com la nostra. \u00c9s per aix\u00f2 que la\u00a0nostra escola, com a centre de formaci\u00f3 d&#8217;adults, no nom\u00e9s ofereix els ensenyaments inicials i de formaci\u00f3 b\u00e0sica sin\u00f3 tamb\u00e9 aquells ensenyaments que, tot i no ser obligatoris, s\u00f3n importants per al desenvolupament personal i professional.<\/p>\n<ul>\n<li><a href=\"http:\/\/agora.xtec.cat\/cfatramuntana\/ensenyaments\/ensenyaments-transprofessionals\/llengua-anglesa\/\"><strong>Llengua anglesa:<\/strong><\/a> nivell 1, nivell 2 i nivell 3<\/li>\n<li><a href=\"http:\/\/agora.xtec.cat\/cfatramuntana\/ensenyaments\/ensenyaments-transprofessionals\/llengua-francesa\/\"><strong>Llengua francesa:<\/strong><\/a> nivell 1, nivell 2 i nivell 3<\/li>\n<li><a href=\"http:\/\/agora.xtec.cat\/cfatramuntana\/ensenyaments\/ensenyaments-transprofessionals\/competencia-digital-competic\/\"><strong>Compet\u00e8ncia digital COMPETIC:<\/strong><\/a> nivell inicial, COMPETIC 1, COMPETIC 2 i COMPETIC 3<\/li>\n<li><a href=\"https:\/\/agora.xtec.cat\/cfatramuntana\/ensenyaments\/ensenyaments-transprofessionals\/preparacio-nivel\u2026angles-i-frances\/ \u200ets\/ensenyaments-transprofessionals\/proves-b1-b2\/\" target=\"_blank\" rel=\"noopener\"><strong>Preparaci\u00f3 per a proves de nivell intermedi en angl\u00e8s i franc\u00e8s: <\/strong><\/a>B1 i B2<\/li>\n<\/ul>\n<p>&nbsp;<\/p>\n","protected":false},"excerpt":{"rendered":"<p>Avui dia, tant les lleng\u00fces estrangeres com la compet\u00e8ncia digital s\u00f3n imprescindibles per moure&#8217;s amb m\u00e9s facilitat en una societat digital, globalitzada, multiling\u00fce i multicultural com la nostra. \u00c9s per aix\u00f2 que la\u00a0nostra escola, com a centre de formaci\u00f3 d&#8217;adults, no nom\u00e9s ofereix els ensenyaments&hellip;  <a href=\"https:\/\/agora.xtec.cat\/cfatramuntana\/ensenyaments\/ensenyaments-transprofessionals\/\" title=\"Read Ensenyaments transprofessionals\">Llegeix m\u00e9s\u00bb<\/a><\/p>\n","protected":false},"author":1,"featured_media":0,"parent":274,"menu_order":0,"comment_status":"closed","ping_status":"closed","template":"page-templates\/side-menu.php","meta":{"_bbp_topic_count":0,"_bbp_reply_count":0,"_bbp_total_topic_count":0,"_bbp_total_reply_count":0,"_bbp_voice_count":0,"_bbp_anonymous_reply_count":0,"_bbp_topic_count_hidden":0,"_bbp_reply_count_hidden":0,"_bbp_forum_subforum_count":0,"footnotes":""},"class_list":["post-286","page","type-page","status-publish","hentry"],"post_mailing_queue_ids":[],"_links":{"self":[{"href":"https:\/\/agora.xtec.cat\/cfatramuntana\/wp-json\/wp\/v2\/pages\/286","targetHints":{"allow":["GET"]}}],"collection":[{"href":"https:\/\/agora.xtec.cat\/cfatramuntana\/wp-json\/wp\/v2\/pages"}],"about":[{"href":"https:\/\/agora.xtec.cat\/cfatramuntana\/wp-json\/wp\/v2\/types\/page"}],"author":[{"embeddable":true,"href":"https:\/\/agora.xtec.cat\/cfatramuntana\/wp-json\/wp\/v2\/users\/1"}],"replies":[{"embeddable":true,"href":"https:\/\/agora.xtec.cat\/cfatramuntana\/wp-json\/wp\/v2\/comments?post=286"}],"version-history":[{"count":6,"href":"https:\/\/agora.xtec.cat\/cfatramuntana\/wp-json\/wp\/v2\/pages\/286\/revisions"}],"predecessor-version":[{"id":492,"href":"https:\/\/agora.xtec.cat\/cfatramuntana\/wp-json\/wp\/v2\/pages\/286\/revisions\/492"}],"up":[{"embeddable":true,"href":"https:\/\/agora.xtec.cat\/cfatramuntana\/wp-json\/wp\/v2\/pages\/274"}],"wp:attachment":[{"href":"https:\/\/agora.xtec.cat\/cfatramuntana\/wp-json\/wp\/v2\/media?parent=286"}],"curies":[{"name":"wp","href":"https:\/\/api.w.org\/{rel}","templated":true}]}}