{"id":65,"date":"2014-09-18T10:12:22","date_gmt":"2014-09-18T10:12:22","guid":{"rendered":"http:\/\/agora.xtec.cat\/cfatorreromeu\/?page_id=65"},"modified":"2026-01-15T15:28:40","modified_gmt":"2026-01-15T14:28:40","slug":"serveis-digitals","status":"publish","type":"page","link":"https:\/\/agora.xtec.cat\/cfatorreromeu\/serveis\/serveis-digitals\/","title":{"rendered":"Orientaci\u00f3 per a l&#8217;Acreditaci\u00f3 Professional"},"content":{"rendered":"<h6><strong>L&#8217;objectiu general:<\/strong><\/h6>\n<p><strong>Acompanyar<\/strong> de manera dialogada, consensuada i conscient la persona usu\u00e0ria, oferir-li les eines i els recursos necessaris per a la presa de decisions en relaci\u00f3 amb el seu objectiu professional i la construcci\u00f3 del seu itinerari formatiu, si escau, de transici\u00f3 al mercat de treball o de perfeccionament o reciclatge competencial.<\/p>\n<h6><strong>Objectius espec\u00edfics:<\/strong><\/h6>\n<ul style=\"list-style-type: disc;\">\n<li>Afavorir el desenvolupament personal, formatiu i professional de les persones, amb independ\u00e8ncia de la seva edat, sexe, proced\u00e8ncia, situaci\u00f3 personal o laboral, nivell sociecon\u00f2mic o cultural, capacitats diferents o necessitats espec\u00edfiques.<\/li>\n<li>Oferir suport a les persones per millorar la seva formaci\u00f3 i qualificaci\u00f3 professionals en relaci\u00f3 amb les necessitat actuals i futures del mercat de treball.<\/li>\n<li>Millorar l&#8217;autonomia de la persona durant el proc\u00e9s d&#8217;orientaci\u00f3 professional per a la presa de decisions de manera proactiva.<\/li>\n<\/ul>\n<p>Trobareu tota la informaci\u00f3 en el seg\u00fcent <a href=\"https:\/\/fp.gencat.cat\/ca\/acreditacio\/em-vull-acreditar\/\">enlla\u00e7<\/a><\/p>\n<p><a href=\"https:\/\/agora.xtec.cat\/cfatorreromeu\/wp-content\/uploads\/usu1713\/2024\/04\/Acreditacio-Competencies-_Professionalsjpg.jpg\"><img loading=\"lazy\" decoding=\"async\" class=\" wp-image-2813\" src=\"https:\/\/agora.xtec.cat\/cfatorreromeu\/wp-content\/uploads\/usu1713\/2024\/04\/Acreditacio-Competencies-_Professionalsjpg.jpg\" alt=\"\" width=\"467\" height=\"617\" srcset=\"https:\/\/agora.xtec.cat\/cfatorreromeu\/wp-content\/uploads\/usu1713\/2024\/04\/Acreditacio-Competencies-_Professionalsjpg.jpg 1192w, https:\/\/agora.xtec.cat\/cfatorreromeu\/wp-content\/uploads\/usu1713\/2024\/04\/Acreditacio-Competencies-_Professionalsjpg-227x300.jpg 227w, https:\/\/agora.xtec.cat\/cfatorreromeu\/wp-content\/uploads\/usu1713\/2024\/04\/Acreditacio-Competencies-_Professionalsjpg-775x1024.jpg 775w, https:\/\/agora.xtec.cat\/cfatorreromeu\/wp-content\/uploads\/usu1713\/2024\/04\/Acreditacio-Competencies-_Professionalsjpg-768x1015.jpg 768w, https:\/\/agora.xtec.cat\/cfatorreromeu\/wp-content\/uploads\/usu1713\/2024\/04\/Acreditacio-Competencies-_Professionalsjpg-1162x1536.jpg 1162w\" sizes=\"auto, (max-width: 467px) 100vw, 467px\" \/><\/a><\/p>\n","protected":false},"excerpt":{"rendered":"<p>L&#8217;objectiu general: Acompanyar de manera dialogada, consensuada i conscient la persona usu\u00e0ria, oferir-li les eines i els recursos necessaris per a la presa de decisions en relaci\u00f3 amb el seu objectiu professional i la construcci\u00f3 del seu itinerari formatiu, si escau, de transici\u00f3 al mercat de treball o de perfeccionament o reciclatge competencial. Objectius espec\u00edfics: [&hellip;]<\/p>\n","protected":false},"author":1,"featured_media":0,"parent":63,"menu_order":1,"comment_status":"closed","ping_status":"closed","template":"","meta":{"_bbp_topic_count":0,"_bbp_reply_count":0,"_bbp_total_topic_count":0,"_bbp_total_reply_count":0,"_bbp_voice_count":0,"_bbp_anonymous_reply_count":0,"_bbp_topic_count_hidden":0,"_bbp_reply_count_hidden":0,"_bbp_forum_subforum_count":0,"site-sidebar-layout":"default","site-content-layout":"","ast-site-content-layout":"default","site-content-style":"default","site-sidebar-style":"default","ast-global-header-display":"","ast-banner-title-visibility":"","ast-main-header-display":"","ast-hfb-above-header-display":"","ast-hfb-below-header-display":"","ast-hfb-mobile-header-display":"","site-post-title":"","ast-breadcrumbs-content":"","ast-featured-img":"","footer-sml-layout":"","theme-transparent-header-meta":"default","adv-header-id-meta":"","stick-header-meta":"","header-above-stick-meta":"","header-main-stick-meta":"","header-below-stick-meta":"","astra-migrate-meta-layouts":"set","ast-page-background-enabled":"default","ast-page-background-meta":{"desktop":{"background-color":"var(--ast-global-color-4)","background-image":"","background-repeat":"repeat","background-position":"center center","background-size":"auto","background-attachment":"scroll","background-type":"","background-media":"","overlay-type":"","overlay-color":"","overlay-opacity":"","overlay-gradient":""},"tablet":{"background-color":"","background-image":"","background-repeat":"repeat","background-position":"center center","background-size":"auto","background-attachment":"scroll","background-type":"","background-media":"","overlay-type":"","overlay-color":"","overlay-opacity":"","overlay-gradient":""},"mobile":{"background-color":"","background-image":"","background-repeat":"repeat","background-position":"center center","background-size":"auto","background-attachment":"scroll","background-type":"","background-media":"","overlay-type":"","overlay-color":"","overlay-opacity":"","overlay-gradient":""}},"ast-content-background-meta":{"desktop":{"background-color":"var(--ast-global-color-5)","background-image":"","background-repeat":"repeat","background-position":"center center","background-size":"auto","background-attachment":"scroll","background-type":"","background-media":"","overlay-type":"","overlay-color":"","overlay-opacity":"","overlay-gradient":""},"tablet":{"background-color":"var(--ast-global-color-5)","background-image":"","background-repeat":"repeat","background-position":"center center","background-size":"auto","background-attachment":"scroll","background-type":"","background-media":"","overlay-type":"","overlay-color":"","overlay-opacity":"","overlay-gradient":""},"mobile":{"background-color":"var(--ast-global-color-5)","background-image":"","background-repeat":"repeat","background-position":"center center","background-size":"auto","background-attachment":"scroll","background-type":"","background-media":"","overlay-type":"","overlay-color":"","overlay-opacity":"","overlay-gradient":""}},"footnotes":""},"class_list":["post-65","page","type-page","status-publish","hentry"],"post_mailing_queue_ids":[],"_links":{"self":[{"href":"https:\/\/agora.xtec.cat\/cfatorreromeu\/wp-json\/wp\/v2\/pages\/65","targetHints":{"allow":["GET"]}}],"collection":[{"href":"https:\/\/agora.xtec.cat\/cfatorreromeu\/wp-json\/wp\/v2\/pages"}],"about":[{"href":"https:\/\/agora.xtec.cat\/cfatorreromeu\/wp-json\/wp\/v2\/types\/page"}],"author":[{"embeddable":true,"href":"https:\/\/agora.xtec.cat\/cfatorreromeu\/wp-json\/wp\/v2\/users\/1"}],"replies":[{"embeddable":true,"href":"https:\/\/agora.xtec.cat\/cfatorreromeu\/wp-json\/wp\/v2\/comments?post=65"}],"version-history":[{"count":6,"href":"https:\/\/agora.xtec.cat\/cfatorreromeu\/wp-json\/wp\/v2\/pages\/65\/revisions"}],"predecessor-version":[{"id":4541,"href":"https:\/\/agora.xtec.cat\/cfatorreromeu\/wp-json\/wp\/v2\/pages\/65\/revisions\/4541"}],"up":[{"embeddable":true,"href":"https:\/\/agora.xtec.cat\/cfatorreromeu\/wp-json\/wp\/v2\/pages\/63"}],"wp:attachment":[{"href":"https:\/\/agora.xtec.cat\/cfatorreromeu\/wp-json\/wp\/v2\/media?parent=65"}],"curies":[{"name":"wp","href":"https:\/\/api.w.org\/{rel}","templated":true}]}}