{"id":407,"date":"2017-11-17T11:55:00","date_gmt":"2017-11-17T10:55:00","guid":{"rendered":"http:\/\/agora.xtec.cat\/cfatorreromeu\/?page_id=407"},"modified":"2025-10-16T11:02:24","modified_gmt":"2025-10-16T09:02:24","slug":"qui-som","status":"publish","type":"page","link":"https:\/\/agora.xtec.cat\/cfatorreromeu\/el-centre\/qui-som\/","title":{"rendered":"Qui som"},"content":{"rendered":"<p>El <strong>Centre de Formaci\u00f3 d&#8217;Adults Torre Romeu<\/strong>, CFA Torre Romeu, \u00e9s un centre educatiu, p\u00fablic i gratu\u00eft que dep\u00e8n del Departament d&#8217;Educaci\u00f3 de la Generalitat de Catalunya.<\/p>\n<p>El Centre ofereix, a la poblaci\u00f3 major de 16 anys, un seguit de cursos, de diferents nivells, i en horaris flexibles, per tal que les persones que ho necessitin puguin iniciar-se i\/o ampliar tant els seus estudis com la seva <strong>formaci\u00f3 global<\/strong>.<\/p>\n<p>Un dels nostres principals objectius \u00e9s oferir orientaci\u00f3 i seguiment a totes aquelles persones que s&#8217;estiguin plantejant qu\u00e8 necessiten per a reincorporar-se tant al m\u00f3n laboral com a l&#8217;acad\u00e8mic.<\/p>\n<p><strong>L\u00ednies Generals de Centre<\/strong><\/p>\n<p>\u2022 Comprom\u00eds i treball en xarxa amb el barri i l&#8217;entorn.<br \/>\n\u2022 Potenciaci\u00f3 de l&#8217;aprenentatge i \u00fas del catal\u00e0 a totes les activitats del centre.<br \/>\n\u2022 Celebraci\u00f3 de les festes tradicionals i costums com a recurs per a la integraci\u00f3 i la cohesi\u00f3 social.<br \/>\n\u2022 Potenciaci\u00f3 de l&#8217;\u00fas de les eines TAC com a recurs habitual.<br \/>\n\u2022 Foment de la participaci\u00f3 de l&#8217;alumnat.<br \/>\n\u2022 Centre obert a tot l&#8217;alumnat sense discriminacions ni exclusions.<br \/>\n\u2022 Consideraci\u00f3 de l&#8217;orientaci\u00f3 com una tasca molt important de la nostra feina, amb la finalitat \u00faltima que l&#8217;alumne adquireixi eines per a desenvolupar el seu \u201cprojecte de vida\u201d.<\/p>\n<p><strong>El nostre equip\u00a0 (curs 2025-2026)<\/strong><\/p>\n<p>Ens presentem :<\/p>\n<p>De dalt a baix al cant\u00f3 de\u00a0 la barana : Raquel Olid, Conxi Jim\u00e9nez, Paqui Mart\u00ednez.<\/p>\n<p>Al centre a dalt: : Luc\u00eda de Travy<\/p>\n<p>De dalt a baix al cant\u00f3 de la paret: N\u00faria Bonet, Dolors Fern\u00e1ndez, Elisenda Nebot.<\/p>\n<p><a href=\"https:\/\/agora.xtec.cat\/cfatorreromeu\/wp-content\/uploads\/usu1713\/2025\/09\/WhatsApp-Image-2025-09-19-at-12.23.11-1.jpeg\"><img loading=\"lazy\" decoding=\"async\" class=\"aligncenter wp-image-3784\" src=\"https:\/\/agora.xtec.cat\/cfatorreromeu\/wp-content\/uploads\/usu1713\/2025\/09\/WhatsApp-Image-2025-09-19-at-12.23.11-1.jpeg\" alt=\"\" width=\"519\" height=\"1123\" srcset=\"https:\/\/agora.xtec.cat\/cfatorreromeu\/wp-content\/uploads\/usu1713\/2025\/09\/WhatsApp-Image-2025-09-19-at-12.23.11-1.jpeg 739w, https:\/\/agora.xtec.cat\/cfatorreromeu\/wp-content\/uploads\/usu1713\/2025\/09\/WhatsApp-Image-2025-09-19-at-12.23.11-1-139x300.jpeg 139w, https:\/\/agora.xtec.cat\/cfatorreromeu\/wp-content\/uploads\/usu1713\/2025\/09\/WhatsApp-Image-2025-09-19-at-12.23.11-1-473x1024.jpeg 473w, https:\/\/agora.xtec.cat\/cfatorreromeu\/wp-content\/uploads\/usu1713\/2025\/09\/WhatsApp-Image-2025-09-19-at-12.23.11-1-709x1536.jpeg 709w\" sizes=\"auto, (max-width: 519px) 100vw, 519px\" \/><\/a><\/p>\n","protected":false},"excerpt":{"rendered":"<p>El Centre de Formaci\u00f3 d&#8217;Adults Torre Romeu, CFA Torre Romeu, \u00e9s un centre educatiu, p\u00fablic i gratu\u00eft que dep\u00e8n del Departament d&#8217;Educaci\u00f3 de la Generalitat de Catalunya. El Centre ofereix, a la poblaci\u00f3 major de 16 anys, un seguit de cursos, de diferents nivells, i en horaris flexibles, per tal que les persones que ho [&hellip;]<\/p>\n","protected":false},"author":1,"featured_media":0,"parent":261,"menu_order":1,"comment_status":"closed","ping_status":"closed","template":"","meta":{"_bbp_topic_count":0,"_bbp_reply_count":0,"_bbp_total_topic_count":0,"_bbp_total_reply_count":0,"_bbp_voice_count":0,"_bbp_anonymous_reply_count":0,"_bbp_topic_count_hidden":0,"_bbp_reply_count_hidden":0,"_bbp_forum_subforum_count":0,"site-sidebar-layout":"default","site-content-layout":"","ast-site-content-layout":"","site-content-style":"default","site-sidebar-style":"default","ast-global-header-display":"","ast-banner-title-visibility":"","ast-main-header-display":"","ast-hfb-above-header-display":"","ast-hfb-below-header-display":"","ast-hfb-mobile-header-display":"","site-post-title":"","ast-breadcrumbs-content":"","ast-featured-img":"","footer-sml-layout":"","theme-transparent-header-meta":"","adv-header-id-meta":"","stick-header-meta":"","header-above-stick-meta":"","header-main-stick-meta":"","header-below-stick-meta":"","astra-migrate-meta-layouts":"default","ast-page-background-enabled":"default","ast-page-background-meta":{"desktop":{"background-color":"var(--ast-global-color-4)","background-image":"","background-repeat":"repeat","background-position":"center center","background-size":"auto","background-attachment":"scroll","background-type":"","background-media":"","overlay-type":"","overlay-color":"","overlay-opacity":"","overlay-gradient":""},"tablet":{"background-color":"","background-image":"","background-repeat":"repeat","background-position":"center center","background-size":"auto","background-attachment":"scroll","background-type":"","background-media":"","overlay-type":"","overlay-color":"","overlay-opacity":"","overlay-gradient":""},"mobile":{"background-color":"","background-image":"","background-repeat":"repeat","background-position":"center center","background-size":"auto","background-attachment":"scroll","background-type":"","background-media":"","overlay-type":"","overlay-color":"","overlay-opacity":"","overlay-gradient":""}},"ast-content-background-meta":{"desktop":{"background-color":"var(--ast-global-color-5)","background-image":"","background-repeat":"repeat","background-position":"center center","background-size":"auto","background-attachment":"scroll","background-type":"","background-media":"","overlay-type":"","overlay-color":"","overlay-opacity":"","overlay-gradient":""},"tablet":{"background-color":"var(--ast-global-color-5)","background-image":"","background-repeat":"repeat","background-position":"center center","background-size":"auto","background-attachment":"scroll","background-type":"","background-media":"","overlay-type":"","overlay-color":"","overlay-opacity":"","overlay-gradient":""},"mobile":{"background-color":"var(--ast-global-color-5)","background-image":"","background-repeat":"repeat","background-position":"center center","background-size":"auto","background-attachment":"scroll","background-type":"","background-media":"","overlay-type":"","overlay-color":"","overlay-opacity":"","overlay-gradient":""}},"footnotes":""},"class_list":["post-407","page","type-page","status-publish","hentry"],"post_mailing_queue_ids":[],"_links":{"self":[{"href":"https:\/\/agora.xtec.cat\/cfatorreromeu\/wp-json\/wp\/v2\/pages\/407","targetHints":{"allow":["GET"]}}],"collection":[{"href":"https:\/\/agora.xtec.cat\/cfatorreromeu\/wp-json\/wp\/v2\/pages"}],"about":[{"href":"https:\/\/agora.xtec.cat\/cfatorreromeu\/wp-json\/wp\/v2\/types\/page"}],"author":[{"embeddable":true,"href":"https:\/\/agora.xtec.cat\/cfatorreromeu\/wp-json\/wp\/v2\/users\/1"}],"replies":[{"embeddable":true,"href":"https:\/\/agora.xtec.cat\/cfatorreromeu\/wp-json\/wp\/v2\/comments?post=407"}],"version-history":[{"count":6,"href":"https:\/\/agora.xtec.cat\/cfatorreromeu\/wp-json\/wp\/v2\/pages\/407\/revisions"}],"predecessor-version":[{"id":3816,"href":"https:\/\/agora.xtec.cat\/cfatorreromeu\/wp-json\/wp\/v2\/pages\/407\/revisions\/3816"}],"up":[{"embeddable":true,"href":"https:\/\/agora.xtec.cat\/cfatorreromeu\/wp-json\/wp\/v2\/pages\/261"}],"wp:attachment":[{"href":"https:\/\/agora.xtec.cat\/cfatorreromeu\/wp-json\/wp\/v2\/media?parent=407"}],"curies":[{"name":"wp","href":"https:\/\/api.w.org\/{rel}","templated":true}]}}