{"id":3789,"date":"2025-10-16T10:38:05","date_gmt":"2025-10-16T08:38:05","guid":{"rendered":"https:\/\/agora.xtec.cat\/cfatorreromeu\/?page_id=3789"},"modified":"2026-03-19T14:54:24","modified_gmt":"2026-03-19T13:54:24","slug":"curs-preparatori-per-a-lacces-a-cicles-de-grau-mitja","status":"publish","type":"page","link":"https:\/\/agora.xtec.cat\/cfatorreromeu\/ensenyaments\/curs-preparatori-per-a-lacces-a-cicles-de-grau-mitja\/","title":{"rendered":"CAM (Acc\u00e9s Grau Mitj\u00e0)"},"content":{"rendered":"\n<h3 class=\"wp-block-heading\">Descripci\u00f3<\/h3>\n\n\n\n<p>La superaci\u00f3 d\u2019aquest curs permet l\u2019acc\u00e9s directe als cicles de grau mitj\u00e0 de formaci\u00f3 professional inicial. En el cas dels ensenyaments d\u2019arts pl\u00e0stiques i disseny, permet l\u2019exempci\u00f3 de la part comuna de la prova d\u2019acc\u00e9s; en el cas dels ensenyaments esportius, l\u2019exempci\u00f3 de la prova d\u2019acc\u00e9s de car\u00e0cter general.<\/p>\n\n\n\n<div class=\"wp-block-getwid-tabs alignwide alignwide\" data-active-tab=\"0\"><ul class=\"wp-block-getwid-tabs__nav-links\"><\/ul>\n<div class=\"wp-block-getwid-tabs__nav-link\"><span class=\"wp-block-getwid-tabs__title-wrapper\"><a href=\"#\"><span class=\"wp-block-getwid-tabs__title\">Contingut<\/span><\/a><\/span><\/div><div class=\"wp-block-getwid-tabs__tab-content-wrapper\"><div class=\"wp-block-getwid-tabs__tab-content\">\n<p>El curs \u00e9s presencial i t\u00e9 una durada de 429 hores, m\u00e9s una hora setmanal de tutoria.<\/p>\n\n\n\n<p> L&#8217;estructura b\u00e0sica \u00e9s la seg\u00fcent:<\/p>\n\n\n\n<div class=\"wp-block-cover is-light\"><span aria-hidden=\"true\" class=\"wp-block-cover__background has-background-dim-10 has-background-dim\"><\/span><div class=\"wp-block-cover__inner-container is-layout-flow wp-block-cover-is-layout-flow\">\n<div class=\"wp-block-group is-layout-constrained wp-block-group-is-layout-constrained\">\n<figure class=\"wp-block-table is-style-stripes has-small-font-size\"><table class=\"has-black-color has-white-background-color has-text-color has-background has-link-color has-fixed-layout\"><tbody><tr><td><strong>Mat\u00e8ries del curs<\/strong><\/td><td><strong>Hores lectives setmanals<\/strong><\/td><\/tr><tr><td>Comunicaci\u00f3 en llengua catalana<\/td><td>2<\/td><\/tr><tr><td>Comunicaci\u00f3 en llengua castellana<\/td><td>2<\/td><\/tr><tr><td>Llengua anglesa<\/td><td>2<\/td><\/tr><tr><td>Ci\u00e8ncies socials i ciutadania<\/td><td>1<\/td><\/tr><tr><td>Matem\u00e0tiques<\/td><td>2<\/td><\/tr><tr><td>Tecnologia<\/td><td>2<\/td><\/tr><tr><td>Ci\u00e8ncies de la naturalesa<\/td><td>2<\/td><\/tr><tr><td>Tutoria i orientaci\u00f3<\/td><td>1<\/td><\/tr><tr><td><strong>Total del curs<\/strong><\/td><td>14<\/td><\/tr><\/tbody><\/table><\/figure>\n<\/div>\n<\/div><\/div>\n<\/div><\/div>\n\n\n\n<div class=\"wp-block-getwid-tabs__nav-link\"><span class=\"wp-block-getwid-tabs__title-wrapper\"><a href=\"#\"><span class=\"wp-block-getwid-tabs__title\">Acc\u00e9s<\/span><\/a><\/span><\/div><div class=\"wp-block-getwid-tabs__tab-content-wrapper\"><div class=\"wp-block-getwid-tabs__tab-content\">\n<p>Poden accedir-hi les persones que no tenen els requisits d\u2019acc\u00e9s als cicles de grau mitj\u00e0 de formaci\u00f3 professional, als cicles de grau mitj\u00e0 d\u2019arts pl\u00e0stiques i disseny o als cicles de grau mitj\u00e0 d\u2019ensenyaments esportius.<\/p>\n\n\n\n<p>Per matricular-se al curs es requereix tenir, almenys, <strong>setze anys, <\/strong>complerts en l\u2019any d\u2019inici del curs.<\/p>\n\n\n\n<p>Els temaris i els criteris d\u2019avaluaci\u00f3 de les mat\u00e8ries s\u00f3n els mateixos que els de les proves d\u2019acc\u00e9s a cicles formatius de grau mitj\u00e0.<\/p>\n<\/div><\/div>\n<\/div>\n\n\n\n<p>Es poden consultar al&nbsp;<a href=\"https:\/\/triaeducativa.gencat.cat\/ca\/al-llarg-vida\/proves-acces\/\" target=\"_blank\" rel=\"noreferrer noopener\">web <\/a>Tria educativa.<\/p>\n","protected":false},"excerpt":{"rendered":"<p>Descripci\u00f3 La superaci\u00f3 d\u2019aquest curs permet l\u2019acc\u00e9s directe als cicles de grau mitj\u00e0 de formaci\u00f3 professional inicial. En el cas dels ensenyaments d\u2019arts pl\u00e0stiques i disseny, permet l\u2019exempci\u00f3 de la part comuna de la prova d\u2019acc\u00e9s; en el cas dels ensenyaments esportius, l\u2019exempci\u00f3 de la prova d\u2019acc\u00e9s de car\u00e0cter general. Es poden consultar al&nbsp;web Tria [&hellip;]<\/p>\n","protected":false},"author":1,"featured_media":0,"parent":274,"menu_order":0,"comment_status":"closed","ping_status":"closed","template":"","meta":{"_bbp_topic_count":0,"_bbp_reply_count":0,"_bbp_total_topic_count":0,"_bbp_total_reply_count":0,"_bbp_voice_count":0,"_bbp_anonymous_reply_count":0,"_bbp_topic_count_hidden":0,"_bbp_reply_count_hidden":0,"_bbp_forum_subforum_count":0,"site-sidebar-layout":"default","site-content-layout":"","ast-site-content-layout":"default","site-content-style":"default","site-sidebar-style":"default","ast-global-header-display":"","ast-banner-title-visibility":"","ast-main-header-display":"","ast-hfb-above-header-display":"","ast-hfb-below-header-display":"","ast-hfb-mobile-header-display":"","site-post-title":"","ast-breadcrumbs-content":"","ast-featured-img":"","footer-sml-layout":"","theme-transparent-header-meta":"default","adv-header-id-meta":"","stick-header-meta":"","header-above-stick-meta":"","header-main-stick-meta":"","header-below-stick-meta":"","astra-migrate-meta-layouts":"set","ast-page-background-enabled":"default","ast-page-background-meta":{"desktop":{"background-color":"var(--ast-global-color-4)","background-image":"","background-repeat":"repeat","background-position":"center center","background-size":"auto","background-attachment":"scroll","background-type":"","background-media":"","overlay-type":"","overlay-color":"","overlay-opacity":"","overlay-gradient":""},"tablet":{"background-color":"","background-image":"","background-repeat":"repeat","background-position":"center center","background-size":"auto","background-attachment":"scroll","background-type":"","background-media":"","overlay-type":"","overlay-color":"","overlay-opacity":"","overlay-gradient":""},"mobile":{"background-color":"","background-image":"","background-repeat":"repeat","background-position":"center center","background-size":"auto","background-attachment":"scroll","background-type":"","background-media":"","overlay-type":"","overlay-color":"","overlay-opacity":"","overlay-gradient":""}},"ast-content-background-meta":{"desktop":{"background-color":"var(--ast-global-color-5)","background-image":"","background-repeat":"repeat","background-position":"center center","background-size":"auto","background-attachment":"scroll","background-type":"","background-media":"","overlay-type":"","overlay-color":"","overlay-opacity":"","overlay-gradient":""},"tablet":{"background-color":"var(--ast-global-color-5)","background-image":"","background-repeat":"repeat","background-position":"center center","background-size":"auto","background-attachment":"scroll","background-type":"","background-media":"","overlay-type":"","overlay-color":"","overlay-opacity":"","overlay-gradient":""},"mobile":{"background-color":"var(--ast-global-color-5)","background-image":"","background-repeat":"repeat","background-position":"center center","background-size":"auto","background-attachment":"scroll","background-type":"","background-media":"","overlay-type":"","overlay-color":"","overlay-opacity":"","overlay-gradient":""}},"footnotes":""},"class_list":["post-3789","page","type-page","status-publish","hentry"],"post_mailing_queue_ids":[],"_links":{"self":[{"href":"https:\/\/agora.xtec.cat\/cfatorreromeu\/wp-json\/wp\/v2\/pages\/3789","targetHints":{"allow":["GET"]}}],"collection":[{"href":"https:\/\/agora.xtec.cat\/cfatorreromeu\/wp-json\/wp\/v2\/pages"}],"about":[{"href":"https:\/\/agora.xtec.cat\/cfatorreromeu\/wp-json\/wp\/v2\/types\/page"}],"author":[{"embeddable":true,"href":"https:\/\/agora.xtec.cat\/cfatorreromeu\/wp-json\/wp\/v2\/users\/1"}],"replies":[{"embeddable":true,"href":"https:\/\/agora.xtec.cat\/cfatorreromeu\/wp-json\/wp\/v2\/comments?post=3789"}],"version-history":[{"count":5,"href":"https:\/\/agora.xtec.cat\/cfatorreromeu\/wp-json\/wp\/v2\/pages\/3789\/revisions"}],"predecessor-version":[{"id":4731,"href":"https:\/\/agora.xtec.cat\/cfatorreromeu\/wp-json\/wp\/v2\/pages\/3789\/revisions\/4731"}],"up":[{"embeddable":true,"href":"https:\/\/agora.xtec.cat\/cfatorreromeu\/wp-json\/wp\/v2\/pages\/274"}],"wp:attachment":[{"href":"https:\/\/agora.xtec.cat\/cfatorreromeu\/wp-json\/wp\/v2\/media?parent=3789"}],"curies":[{"name":"wp","href":"https:\/\/api.w.org\/{rel}","templated":true}]}}

CAM (Accés Grau Mitjà)

<h3 class="wp-block-heading">Descripció</h3>



<p>La superació d’aquest curs permet l’accés directe als cicles de grau mitjà de formació professional inicial. En el cas dels ensenyaments d’arts plàstiques i disseny, permet l’exempció de la part comuna de la prova d’accés; en el cas dels ensenyaments esportius, l’exempció de la prova d’accés de caràcter general.</p>



<div class="wp-block-getwid-tabs alignwide alignwide" data-active-tab="0"><ul class="wp-block-getwid-tabs__nav-links"></ul>
<div class="wp-block-getwid-tabs__nav-link"><span class="wp-block-getwid-tabs__title-wrapper"><a href="#"><span class="wp-block-getwid-tabs__title">Contingut</span></a></span></div><div class="wp-block-getwid-tabs__tab-content-wrapper"><div class="wp-block-getwid-tabs__tab-content">
<p>El curs és presencial i té una durada de 429 hores, més una hora setmanal de tutoria.</p>



<p> L&#8217;estructura bàsica és la següent:</p>



<div class="wp-block-cover is-light"><span aria-hidden="true" class="wp-block-cover__background has-background-dim-10 has-background-dim"></span><div class="wp-block-cover__inner-container is-layout-flow wp-block-cover-is-layout-flow">
<div class="wp-block-group is-layout-constrained wp-block-group-is-layout-constrained">
<figure class="wp-block-table is-style-stripes has-small-font-size"><table class="has-black-color has-white-background-color has-text-color has-background has-link-color has-fixed-layout"><tbody><tr><td><strong>Matèries del curs</strong></td><td><strong>Hores lectives setmanals</strong></td></tr><tr><td>Comunicació en llengua catalana</td><td>2</td></tr><tr><td>Comunicació en llengua castellana</td><td>2</td></tr><tr><td>Llengua anglesa</td><td>2</td></tr><tr><td>Ciències socials i ciutadania</td><td>1</td></tr><tr><td>Matemàtiques</td><td>2</td></tr><tr><td>Tecnologia</td><td>2</td></tr><tr><td>Ciències de la naturalesa</td><td>2</td></tr><tr><td>Tutoria i orientació</td><td>1</td></tr><tr><td><strong>Total del curs</strong></td><td>14</td></tr></tbody></table></figure>
</div>
</div></div>
</div></div>



<div class="wp-block-getwid-tabs__nav-link"><span class="wp-block-getwid-tabs__title-wrapper"><a href="#"><span class="wp-block-getwid-tabs__title">Accés</span></a></span></div><div class="wp-block-getwid-tabs__tab-content-wrapper"><div class="wp-block-getwid-tabs__tab-content">
<p>Poden accedir-hi les persones que no tenen els requisits d’accés als cicles de grau mitjà de formació professional, als cicles de grau mitjà d’arts plàstiques i disseny o als cicles de grau mitjà d’ensenyaments esportius.</p>



<p>Per matricular-se al curs es requereix tenir, almenys, <strong>setze anys, </strong>complerts en l’any d’inici del curs.</p>



<p>Els temaris i els criteris d’avaluació de les matèries són els mateixos que els de les proves d’accés a cicles formatius de grau mitjà.</p>
</div></div>
</div>



<p>Es poden consultar al&nbsp;<a href="https://triaeducativa.gencat.cat/ca/al-llarg-vida/proves-acces/" target="_blank" rel="noreferrer noopener">web </a>Tria educativa.</p>

<p>Descripció La superació d’aquest curs permet l’accés directe als cicles de grau mitjà de formació professional inicial. En el cas dels ensenyaments d’arts plàstiques i disseny, permet l’exempció de la part comuna de la prova d’accés; en el cas dels ensenyaments esportius, l’exempció de la prova d’accés de caràcter general. Es poden consultar al&nbsp;web Tria [&hellip;]</p>
