{"id":27,"date":"2014-09-17T16:24:03","date_gmt":"2014-09-17T16:24:03","guid":{"rendered":"http:\/\/agora.xtec.cat\/cfatorreromeu\/?page_id=27"},"modified":"2024-11-20T12:20:31","modified_gmt":"2024-11-20T11:20:31","slug":"historia","status":"publish","type":"page","link":"https:\/\/agora.xtec.cat\/cfatorreromeu\/el-centre\/historia\/","title":{"rendered":"Hist\u00f2ria"},"content":{"rendered":"<p><strong>Una mica d&#8217;hist\u00f2ria<\/strong><br \/>\nEl <strong>Centre de Formaci\u00f3 d&#8217;Adults Torre Romeu<\/strong> va n\u00e9ixer el 1978 i compartia espai amb el <strong>CEIP Joan Montllor<\/strong>. L&#8217;any 1994 es va traslladar en aquest equipament on som ara.<br \/>\nL&#8217;edifici pertany al Departament de Drets Socials i compartim equipament amb altres serveis, que al seu torn, pertanyen a diferents departaments de la Generalitat de Catalunya. <span style=\"font-family: inherit; font-size: 1em;\">A la planta baixa hi ha el Casal C\u00edvic i Comunitari, el Centre de Dia i altres serveis per a jubilats o pensionistes com perruqueria, pod\u00f2leg i aules de tallers i a<\/span> la primera planta est\u00e0 ubicada l&#8217;Escola d&#8217;Adults.<\/p>\n<p><a href=\"https:\/\/youtu.be\/lkJmb_5Gqx0?t=1\">Hist\u00f2ria del nostre barri<\/a><\/p>\n\r\n\t<div class=\"slideshow_container slideshow_container_style-light\" style=\"height: 300px; \" data-slideshow-id=\"2767\" data-style-name=\"style-light\" data-style-version=\"2.3.1\" >\r\n\r\n\t\t\t\t\t<div class=\"slideshow_loading_icon\"><\/div>\r\n\t\t\r\n\t\t<div class=\"slideshow_content\" style=\"display: none;\">\r\n\r\n\t\t\t<div class=\"slideshow_view\">\r\n\t\t\t\t<div class=\"slideshow_slide slideshow_slide_image\">\r\n\t\t\t\t\t\t\t\t\t\t\t<img src=\"https:\/\/agora.xtec.cat\/cfatorreromeu\/wp-content\/uploads\/usu1713\/2024\/03\/Barri-2.jpg\" alt=\"Barri 2\" width=\"1408\" height=\"940\" \/>\r\n\t\t\t\t\t\t\t\t\t\t<div class=\"slideshow_description_box slideshow_transparent\">\r\n\t\t\t\t\t\t<div class=\"slideshow_title\">Barri 2<\/div>\t\t\t\t\t\t\t\t\t\t\t<\/div>\r\n\t\t\t\t<\/div>\r\n\r\n\t\t\t\t\t\t<div style=\"clear: both;\"><\/div><\/div><div class=\"slideshow_view\">\r\n\t\t\t\t<div class=\"slideshow_slide slideshow_slide_image\">\r\n\t\t\t\t\t\t\t\t\t\t\t<img src=\"https:\/\/agora.xtec.cat\/cfatorreromeu\/wp-content\/uploads\/usu1713\/2024\/03\/Barri.jpg\" alt=\"Barri\" width=\"800\" height=\"389\" \/>\r\n\t\t\t\t\t\t\t\t\t\t<div class=\"slideshow_description_box slideshow_transparent\">\r\n\t\t\t\t\t\t<div class=\"slideshow_title\">Barri<\/div>\t\t\t\t\t\t<div class=\"slideshow_description\">La falta d&#039;asfaltat dels carrers les convertia en fanguers quan plovia<\/div>\t\t\t\t\t<\/div>\r\n\t\t\t\t<\/div>\r\n\r\n\t\t\t\t\t\t<div style=\"clear: both;\"><\/div><\/div><div class=\"slideshow_view\">\r\n\t\t\t\t<div class=\"slideshow_slide slideshow_slide_image\">\r\n\t\t\t\t\t\t\t\t\t\t\t<img src=\"https:\/\/agora.xtec.cat\/cfatorreromeu\/wp-content\/uploads\/usu1713\/2024\/03\/Esglesia.jpg\" alt=\"Esgl\u00e9sia\" width=\"520\" height=\"237\" \/>\r\n\t\t\t\t\t\t\t\t\t\t<div class=\"slideshow_description_box slideshow_transparent\">\r\n\t\t\t\t\t\t<div class=\"slideshow_title\">Esgl\u00e9sia<\/div>\t\t\t\t\t\t<div class=\"slideshow_description\">Construcci\u00f3 de l&#039;esgl\u00e9sia de Torre-romeu entre 1952 i 1953<\/div>\t\t\t\t\t<\/div>\r\n\t\t\t\t<\/div>\r\n\r\n\t\t\t\t\t\t<div style=\"clear: both;\"><\/div><\/div><div class=\"slideshow_view\">\r\n\t\t\t\t<div class=\"slideshow_slide slideshow_slide_image\">\r\n\t\t\t\t\t\t\t\t\t\t\t<img src=\"https:\/\/agora.xtec.cat\/cfatorreromeu\/wp-content\/uploads\/usu1713\/2024\/03\/torreromeu.jpg\" alt=\"torreromeu\" width=\"696\" height=\"392\" \/>\r\n\t\t\t\t\t\t\t\t\t\t<div class=\"slideshow_description_box slideshow_transparent\">\r\n\t\t\t\t\t\t<div class=\"slideshow_title\">torreromeu<\/div>\t\t\t\t\t\t\t\t\t\t\t<\/div>\r\n\t\t\t\t<\/div>\r\n\r\n\t\t\t\t\t\t<div style=\"clear: both;\"><\/div><\/div>\r\n\t\t<\/div>\r\n\r\n\t\t<div class=\"slideshow_controlPanel slideshow_transparent\" style=\"display: none;\"><ul><li class=\"slideshow_togglePlay\" data-play-text=\"Visualitza\" data-pause-text=\"Pausa\"><\/li><\/ul><\/div>\r\n\r\n\t\t<div class=\"slideshow_button slideshow_previous slideshow_transparent\" role=\"button\" data-previous-text=\"Anterior\" style=\"display: none;\"><\/div>\r\n\t\t<div class=\"slideshow_button slideshow_next slideshow_transparent\" role=\"button\" data-next-text=\"Seg\u00fcent\" style=\"display: none;\"><\/div>\r\n\r\n\t\t<div class=\"slideshow_pagination\" style=\"display: none;\" data-go-to-text=\"V\u00e9s a la diapositiva\"><div class=\"slideshow_pagination_center\"><\/div><\/div>\r\n\r\n\t\t<!-- WordPress Slideshow Version 2.3.1 -->\r\n\r\n\t\t\t<\/div>\r\n\r\n\n","protected":false},"excerpt":{"rendered":"<p>Una mica d&#8217;hist\u00f2ria El Centre de Formaci\u00f3 d&#8217;Adults Torre Romeu va n\u00e9ixer el 1978 i compartia espai amb el CEIP Joan Montllor. L&#8217;any 1994 es va traslladar en aquest equipament on som ara. L&#8217;edifici pertany al Departament de Drets Socials i compartim equipament amb altres serveis, que al seu torn, pertanyen a diferents departaments de [&hellip;]<\/p>\n","protected":false},"author":1,"featured_media":0,"parent":261,"menu_order":3,"comment_status":"closed","ping_status":"closed","template":"page-templates\/side-menu.php","meta":{"_bbp_topic_count":0,"_bbp_reply_count":0,"_bbp_total_topic_count":0,"_bbp_total_reply_count":0,"_bbp_voice_count":0,"_bbp_anonymous_reply_count":0,"_bbp_topic_count_hidden":0,"_bbp_reply_count_hidden":0,"_bbp_forum_subforum_count":0,"site-sidebar-layout":"default","site-content-layout":"","ast-site-content-layout":"","site-content-style":"default","site-sidebar-style":"default","ast-global-header-display":"","ast-banner-title-visibility":"","ast-main-header-display":"","ast-hfb-above-header-display":"","ast-hfb-below-header-display":"","ast-hfb-mobile-header-display":"","site-post-title":"","ast-breadcrumbs-content":"","ast-featured-img":"","footer-sml-layout":"","theme-transparent-header-meta":"","adv-header-id-meta":"","stick-header-meta":"","header-above-stick-meta":"","header-main-stick-meta":"","header-below-stick-meta":"","astra-migrate-meta-layouts":"default","ast-page-background-enabled":"default","ast-page-background-meta":{"desktop":{"background-color":"var(--ast-global-color-4)","background-image":"","background-repeat":"repeat","background-position":"center center","background-size":"auto","background-attachment":"scroll","background-type":"","background-media":"","overlay-type":"","overlay-color":"","overlay-opacity":"","overlay-gradient":""},"tablet":{"background-color":"","background-image":"","background-repeat":"repeat","background-position":"center center","background-size":"auto","background-attachment":"scroll","background-type":"","background-media":"","overlay-type":"","overlay-color":"","overlay-opacity":"","overlay-gradient":""},"mobile":{"background-color":"","background-image":"","background-repeat":"repeat","background-position":"center center","background-size":"auto","background-attachment":"scroll","background-type":"","background-media":"","overlay-type":"","overlay-color":"","overlay-opacity":"","overlay-gradient":""}},"ast-content-background-meta":{"desktop":{"background-color":"var(--ast-global-color-5)","background-image":"","background-repeat":"repeat","background-position":"center center","background-size":"auto","background-attachment":"scroll","background-type":"","background-media":"","overlay-type":"","overlay-color":"","overlay-opacity":"","overlay-gradient":""},"tablet":{"background-color":"var(--ast-global-color-5)","background-image":"","background-repeat":"repeat","background-position":"center center","background-size":"auto","background-attachment":"scroll","background-type":"","background-media":"","overlay-type":"","overlay-color":"","overlay-opacity":"","overlay-gradient":""},"mobile":{"background-color":"var(--ast-global-color-5)","background-image":"","background-repeat":"repeat","background-position":"center center","background-size":"auto","background-attachment":"scroll","background-type":"","background-media":"","overlay-type":"","overlay-color":"","overlay-opacity":"","overlay-gradient":""}},"footnotes":""},"class_list":["post-27","page","type-page","status-publish","hentry"],"post_mailing_queue_ids":[],"_links":{"self":[{"href":"https:\/\/agora.xtec.cat\/cfatorreromeu\/wp-json\/wp\/v2\/pages\/27","targetHints":{"allow":["GET"]}}],"collection":[{"href":"https:\/\/agora.xtec.cat\/cfatorreromeu\/wp-json\/wp\/v2\/pages"}],"about":[{"href":"https:\/\/agora.xtec.cat\/cfatorreromeu\/wp-json\/wp\/v2\/types\/page"}],"author":[{"embeddable":true,"href":"https:\/\/agora.xtec.cat\/cfatorreromeu\/wp-json\/wp\/v2\/users\/1"}],"replies":[{"embeddable":true,"href":"https:\/\/agora.xtec.cat\/cfatorreromeu\/wp-json\/wp\/v2\/comments?post=27"}],"version-history":[{"count":5,"href":"https:\/\/agora.xtec.cat\/cfatorreromeu\/wp-json\/wp\/v2\/pages\/27\/revisions"}],"predecessor-version":[{"id":3235,"href":"https:\/\/agora.xtec.cat\/cfatorreromeu\/wp-json\/wp\/v2\/pages\/27\/revisions\/3235"}],"up":[{"embeddable":true,"href":"https:\/\/agora.xtec.cat\/cfatorreromeu\/wp-json\/wp\/v2\/pages\/261"}],"wp:attachment":[{"href":"https:\/\/agora.xtec.cat\/cfatorreromeu\/wp-json\/wp\/v2\/media?parent=27"}],"curies":[{"name":"wp","href":"https:\/\/api.w.org\/{rel}","templated":true}]}}

Història

<p><strong>Una mica d&#8217;història</strong><br />
El <strong>Centre de Formació d&#8217;Adults Torre Romeu</strong> va néixer el 1978 i compartia espai amb el <strong>CEIP Joan Montllor</strong>. L&#8217;any 1994 es va traslladar en aquest equipament on som ara.<br />
L&#8217;edifici pertany al Departament de Drets Socials i compartim equipament amb altres serveis, que al seu torn, pertanyen a diferents departaments de la Generalitat de Catalunya. <span style="font-family: inherit; font-size: 1em;">A la planta baixa hi ha el Casal Cívic i Comunitari, el Centre de Dia i altres serveis per a jubilats o pensionistes com perruqueria, podòleg i aules de tallers i a</span> la primera planta està ubicada l&#8217;Escola d&#8217;Adults.</p>
<p><a href="https://youtu.be/lkJmb_5Gqx0?t=1">Història del nostre barri</a></p>

	<div class="slideshow_container slideshow_container_style-light" style="height: 300px; " data-slideshow-id="2767" data-style-name="style-light" data-style-version="2.3.1" >

					<div class="slideshow_loading_icon"></div>
		
		<div class="slideshow_content" style="display: none;">

			<div class="slideshow_view">
				<div class="slideshow_slide slideshow_slide_image">
											<img src="https://agora.xtec.cat/cfatorreromeu/wp-content/uploads/usu1713/2024/03/Barri-2.jpg" alt="Barri 2" width="1408" height="940" />
										<div class="slideshow_description_box slideshow_transparent">
						<div class="slideshow_title">Barri 2</div>											</div>
				</div>

						<div style="clear: both;"></div></div><div class="slideshow_view">
				<div class="slideshow_slide slideshow_slide_image">
											<img src="https://agora.xtec.cat/cfatorreromeu/wp-content/uploads/usu1713/2024/03/Barri.jpg" alt="Barri" width="800" height="389" />
										<div class="slideshow_description_box slideshow_transparent">
						<div class="slideshow_title">Barri</div>						<div class="slideshow_description">La falta d&#039;asfaltat dels carrers les convertia en fanguers quan plovia</div>					</div>
				</div>

						<div style="clear: both;"></div></div><div class="slideshow_view">
				<div class="slideshow_slide slideshow_slide_image">
											<img src="https://agora.xtec.cat/cfatorreromeu/wp-content/uploads/usu1713/2024/03/Esglesia.jpg" alt="Església" width="520" height="237" />
										<div class="slideshow_description_box slideshow_transparent">
						<div class="slideshow_title">Església</div>						<div class="slideshow_description">Construcció de l&#039;església de Torre-romeu entre 1952 i 1953</div>					</div>
				</div>

						<div style="clear: both;"></div></div><div class="slideshow_view">
				<div class="slideshow_slide slideshow_slide_image">
											<img src="https://agora.xtec.cat/cfatorreromeu/wp-content/uploads/usu1713/2024/03/torreromeu.jpg" alt="torreromeu" width="696" height="392" />
										<div class="slideshow_description_box slideshow_transparent">
						<div class="slideshow_title">torreromeu</div>											</div>
				</div>

						<div style="clear: both;"></div></div>
		</div>

		<div class="slideshow_controlPanel slideshow_transparent" style="display: none;"><ul><li class="slideshow_togglePlay" data-play-text="Visualitza" data-pause-text="Pausa"></li></ul></div>

		<div class="slideshow_button slideshow_previous slideshow_transparent" role="button" data-previous-text="Anterior" style="display: none;"></div>
		<div class="slideshow_button slideshow_next slideshow_transparent" role="button" data-next-text="Següent" style="display: none;"></div>

		<div class="slideshow_pagination" style="display: none;" data-go-to-text="Vés a la diapositiva"><div class="slideshow_pagination_center"></div></div>

		<!-- WordPress Slideshow Version 2.3.1 -->

			</div>

<p>Una mica d&#8217;història El Centre de Formació d&#8217;Adults Torre Romeu va néixer el 1978 i compartia espai amb el CEIP Joan Montllor. L&#8217;any 1994 es va traslladar en aquest equipament on som ara. L&#8217;edifici pertany al Departament de Drets Socials i compartim equipament amb altres serveis, que al seu torn, pertanyen a diferents departaments de [&hellip;]</p>
