{"id":49,"date":"2014-09-17T16:55:55","date_gmt":"2014-09-17T16:55:55","guid":{"rendered":"http:\/\/agora.xtec.cat\/cfatorrentmelis\/\/?page_id=49"},"modified":"2020-07-19T10:27:48","modified_gmt":"2020-07-19T08:27:48","slug":"normes-dorganitzacio-i-funcionament","status":"publish","type":"page","link":"https:\/\/agora.xtec.cat\/cfatorrentmelis\/el-centre\/normes-dorganitzacio-i-funcionament\/","title":{"rendered":"Normes d&#8217;Organitzaci\u00f3 i Funcionament del Centre (NOFC)"},"content":{"rendered":"<p><strong>Normes i funcionament del centre (NOFC)<br \/>\n<\/strong><\/p>\n<h5><a href=\"https:\/\/drive.google.com\/file\/d\/1q4F1iXdM7OYwcNAVPBQq_OAZIueO787m\/view?usp=sharing\" target=\"_blank\" rel=\"noopener noreferrer\"><span style=\"color: #0000ff;\"><em><strong>Descarregar document \u00edntegre de les NOFC<\/strong><\/em><\/span><\/a><\/h5>\n<p><strong>NORMATIVA GENERAL D\u2019ALUMNES<\/strong><\/p>\n<p><em>(S\u00edntesi b\u00e0sica de les Normes d\u2019Organitzaci\u00f3 i Funcionament del Centre de Formaci\u00f3 d\u2019Adults \u201cTorrent d\u2019en Melis\u201d)<\/em><\/p>\n<p><strong>1.- CONVIV\u00c8NCIA<\/strong><\/p>\n<p>El respecte a les normes de conviv\u00e8ncia dins el centre implica:<\/p>\n<ul>\n<li>Respectar la llibertat de consci\u00e8ncia i les conviccions religioses, morals i ideol\u00f2giques, com tamb\u00e9 la dignitat, la integritat i la intimitat de tots els membres de la comunitat educativa.<\/li>\n<li>No discriminar cap membre de la comunitat educativa per ra\u00f3 de naixement, ra\u00e7a, sexe o qualsevol altra circumst\u00e0ncia personal o social.<\/li>\n<li>Respectar el car\u00e0cter propi de l\u2019Escola de Formaci\u00f3 d\u2019Adults.<\/li>\n<li>Respectar, utilitzar correctament i compartir els b\u00e9ns mobles i les instal\u00b7lacions del centre i dels llocs on es dugui a terme la formaci\u00f3.<\/li>\n<li>Participar i col\u00b7laborar amb la resta de membres de la comunitat educativa, per tal d\u2019afavorir el millor desenvolupament de l\u2019activitat educativa de l\u2019Escola.<\/li>\n<li>Propiciar un ambient de conviv\u00e8ncia positiu.<\/li>\n<\/ul>\n<p><strong>\u00a02.- ESTUDI<\/strong><\/p>\n<p>L\u2019estudi \u00e9s un deure b\u00e0sic de l\u2019alumnat que comporta el desenvolupament de les actituds personals, humanes i acad\u00e8miques. Aquest deure b\u00e0sic es concreta, entre d\u2019altres, en les seg\u00fcents obligacions:<\/p>\n<ul>\n<li>Assistir a classe i participar en les activitats formatives de la programaci\u00f3 i respectar els horaris establerts.<\/li>\n<li>Respectar el dret d\u2019estudi i de participaci\u00f3 dels altres companys i companyes en les activitats formatives.<\/li>\n<\/ul>\n<p><strong>3.- ENTRADES I SORTIDES<\/strong><\/p>\n<p>Horari mat\u00ed i tarda:<br \/>\nLes entrades i sortides sempre es faran per l\u2019avinguda Verge de Montserrat, 78.<\/p>\n<p>Un cop s&#8217;entra al recinte, s&#8217;accedir\u00e0 al centre i els seus serveis, per la part lateral de l&#8217;edifici situat a la dreta de l&#8217;entrada.<\/p>\n<p>Per tant, qualsevol servei requerit per l&#8217;alumnat queda desvinculat de\u00a0\u00a0 l&#8217;I.E.S. Joan Brossa a partir del curs 2016-17.<\/p>\n<p><strong>4.- ASSIST\u00c8NCIA<\/strong><\/p>\n<p>L\u2019alumnat en el moment de matricular-se al centre, agafa el comprom\u00eds d\u2019assistir a les classes. Les faltes d\u2019assist\u00e8ncia s\u2019han de justificar sempre. La no assist\u00e8ncia durant 10 dies lectius consecutius sense justificaci\u00f3 comportar\u00e0 la baixa de l\u2019alumne, i la seva pla\u00e7a es podr\u00e0 posar a disposici\u00f3 de nou alumnat.<\/p>\n<p><strong>5.- ACTIVITATS I SORTIDES<\/strong><\/p>\n<p>L\u2019organitzaci\u00f3 d\u2019activitats i sortides per part del centre t\u00e9 com objectiu millorar la qualitat de l\u2019ensenyament i afavorir la relaci\u00f3 i integraci\u00f3 de tots els membres de la comunitat educativa. Es realitzen en col\u00b7laboraci\u00f3 amb l\u2019Associaci\u00f3 d\u2019Antics Alumnes del centre.<\/p>\n<p><strong>6.- ALTRES<\/strong><br \/>\nD\u2019acord amb la normativa del centre, el professorat no pot acceptar regals. El millor regal \u00e9s la participaci\u00f3 de l\u2019alumnat a les activitats del centre.<\/p>\n<p><em>(Extracte de les Normes d&#8217;Organitzaci\u00f3 i Funcionament del Centre de Formaci\u00f3 d\u2019Adults \u201cTorrent d\u2019en Melis\u201d)<\/em><\/p>\n<p>&nbsp;<\/p>\n","protected":false},"excerpt":{"rendered":"<p>Normes i funcionament del centre (NOFC)<\/p>\n<p><a href=\"https:\/\/drive.google.com\/file\/d\/1q4F1iXdM7OYwcNAVPBQq_OAZIueO787m\/view?usp=sharing\" target=\"_blank\" rel=\"noopener noreferrer\">Descarregar document \u00edntegre de les NOFC<\/a><br \/>\nNORMATIVA GENERAL D\u2019ALUMNES<br \/>\n(S\u00edntesi b\u00e0sica de les Normes d\u2019Organitzaci\u00f3 i Funcionament del Centre de Formaci\u00f3 d\u2019Adults \u201cTorrent d\u2019en Melis\u201d)<br \/>\n1.- CONVIV\u00c8NCIA<br \/>\nEl respecte a les normes de conviv\u00e8ncia dins el centre implica:<\/p>\n<ul>\n<li>Respectar la llibertat&hellip;  <a href=\"https:\/\/agora.xtec.cat\/cfatorrentmelis\/el-centre\/normes-dorganitzacio-i-funcionament\/\" title=\"Read Normes d&#8217;Organitzaci\u00f3 i Funcionament del Centre (NOFC)\">Llegeix m\u00e9s\u00bb<\/a><br \/>\n","protected":false},"author":1,"featured_media":0,"parent":261,"menu_order":60,"comment_status":"closed","ping_status":"closed","template":"page-templates\/side-menu.php","meta":{"_bbp_topic_count":0,"_bbp_reply_count":0,"_bbp_total_topic_count":0,"_bbp_total_reply_count":0,"_bbp_voice_count":0,"_bbp_anonymous_reply_count":0,"_bbp_topic_count_hidden":0,"_bbp_reply_count_hidden":0,"_bbp_forum_subforum_count":0,"footnotes":""},"class_list":["post-49","page","type-page","status-publish","hentry"],"post_mailing_queue_ids":[],"_links":{"self":[{"href":"https:\/\/agora.xtec.cat\/cfatorrentmelis\/wp-json\/wp\/v2\/pages\/49","targetHints":{"allow":["GET"]}}],"collection":[{"href":"https:\/\/agora.xtec.cat\/cfatorrentmelis\/wp-json\/wp\/v2\/pages"}],"about":[{"href":"https:\/\/agora.xtec.cat\/cfatorrentmelis\/wp-json\/wp\/v2\/types\/page"}],"author":[{"embeddable":true,"href":"https:\/\/agora.xtec.cat\/cfatorrentmelis\/wp-json\/wp\/v2\/users\/1"}],"replies":[{"embeddable":true,"href":"https:\/\/agora.xtec.cat\/cfatorrentmelis\/wp-json\/wp\/v2\/comments?post=49"}],"version-history":[{"count":4,"href":"https:\/\/agora.xtec.cat\/cfatorrentmelis\/wp-json\/wp\/v2\/pages\/49\/revisions"}],"predecessor-version":[{"id":1498,"href":"https:\/\/agora.xtec.cat\/cfatorrentmelis\/wp-json\/wp\/v2\/pages\/49\/revisions\/1498"}],"up":[{"embeddable":true,"href":"https:\/\/agora.xtec.cat\/cfatorrentmelis\/wp-json\/wp\/v2\/pages\/261"}],"wp:attachment":[{"href":"https:\/\/agora.xtec.cat\/cfatorrentmelis\/wp-json\/wp\/v2\/media?parent=49"}],"curies":[{"name":"wp","href":"https:\/\/api.w.org\/{rel}","templated":true}]}}

Normes d&#8217;Organització i Funcionament del Centre (NOFC)

<p><strong>Normes i funcionament del centre (NOFC)<br />
</strong></p>
<h5><a href="https://drive.google.com/file/d/1q4F1iXdM7OYwcNAVPBQq_OAZIueO787m/view?usp=sharing" target="_blank" rel="noopener noreferrer"><span style="color: #0000ff;"><em><strong>Descarregar document íntegre de les NOFC</strong></em></span></a></h5>
<p><strong>NORMATIVA GENERAL D’ALUMNES</strong></p>
<p><em>(Síntesi bàsica de les Normes d’Organització i Funcionament del Centre de Formació d’Adults “Torrent d’en Melis”)</em></p>
<p><strong>1.- CONVIVÈNCIA</strong></p>
<p>El respecte a les normes de convivència dins el centre implica:</p>
<ul>
<li>Respectar la llibertat de consciència i les conviccions religioses, morals i ideològiques, com també la dignitat, la integritat i la intimitat de tots els membres de la comunitat educativa.</li>
<li>No discriminar cap membre de la comunitat educativa per raó de naixement, raça, sexe o qualsevol altra circumstància personal o social.</li>
<li>Respectar el caràcter propi de l’Escola de Formació d’Adults.</li>
<li>Respectar, utilitzar correctament i compartir els béns mobles i les instal·lacions del centre i dels llocs on es dugui a terme la formació.</li>
<li>Participar i col·laborar amb la resta de membres de la comunitat educativa, per tal d’afavorir el millor desenvolupament de l’activitat educativa de l’Escola.</li>
<li>Propiciar un ambient de convivència positiu.</li>
</ul>
<p><strong> 2.- ESTUDI</strong></p>
<p>L’estudi és un deure bàsic de l’alumnat que comporta el desenvolupament de les actituds personals, humanes i acadèmiques. Aquest deure bàsic es concreta, entre d’altres, en les següents obligacions:</p>
<ul>
<li>Assistir a classe i participar en les activitats formatives de la programació i respectar els horaris establerts.</li>
<li>Respectar el dret d’estudi i de participació dels altres companys i companyes en les activitats formatives.</li>
</ul>
<p><strong>3.- ENTRADES I SORTIDES</strong></p>
<p>Horari matí i tarda:<br />
Les entrades i sortides sempre es faran per l’avinguda Verge de Montserrat, 78.</p>
<p>Un cop s&#8217;entra al recinte, s&#8217;accedirà al centre i els seus serveis, per la part lateral de l&#8217;edifici situat a la dreta de l&#8217;entrada.</p>
<p>Per tant, qualsevol servei requerit per l&#8217;alumnat queda desvinculat de   l&#8217;I.E.S. Joan Brossa a partir del curs 2016-17.</p>
<p><strong>4.- ASSISTÈNCIA</strong></p>
<p>L’alumnat en el moment de matricular-se al centre, agafa el compromís d’assistir a les classes. Les faltes d’assistència s’han de justificar sempre. La no assistència durant 10 dies lectius consecutius sense justificació comportarà la baixa de l’alumne, i la seva plaça es podrà posar a disposició de nou alumnat.</p>
<p><strong>5.- ACTIVITATS I SORTIDES</strong></p>
<p>L’organització d’activitats i sortides per part del centre té com objectiu millorar la qualitat de l’ensenyament i afavorir la relació i integració de tots els membres de la comunitat educativa. Es realitzen en col·laboració amb l’Associació d’Antics Alumnes del centre.</p>
<p><strong>6.- ALTRES</strong><br />
D’acord amb la normativa del centre, el professorat no pot acceptar regals. El millor regal és la participació de l’alumnat a les activitats del centre.</p>
<p><em>(Extracte de les Normes d&#8217;Organització i Funcionament del Centre de Formació d’Adults “Torrent d’en Melis”)</em></p>
<p>&nbsp;</p>

<p>Normes i funcionament del centre (NOFC)</p>
<p><a href="https://drive.google.com/file/d/1q4F1iXdM7OYwcNAVPBQq_OAZIueO787m/view?usp=sharing" target="_blank" rel="noopener noreferrer">Descarregar document íntegre de les NOFC</a><br />
NORMATIVA GENERAL D’ALUMNES<br />
(Síntesi bàsica de les Normes d’Organització i Funcionament del Centre de Formació d’Adults “Torrent d’en Melis”)<br />
1.- CONVIVÈNCIA<br />
El respecte a les normes de convivència dins el centre implica:</p>
<ul>
<li>Respectar la llibertat&hellip;  <a href="https://agora.xtec.cat/cfatorrentmelis/el-centre/normes-dorganitzacio-i-funcionament/" title="Read Normes d&#8217;Organització i Funcionament del Centre (NOFC)">Llegeix més»</a><br />
