{"id":2910,"date":"2018-04-26T15:49:22","date_gmt":"2018-04-26T14:49:22","guid":{"rendered":"http:\/\/cfaterrabaixa.cat\/?page_id=2910"},"modified":"2025-06-21T18:16:40","modified_gmt":"2025-06-21T16:16:40","slug":"cicle-formacio-instrumental-cfi","status":"publish","type":"page","link":"https:\/\/agora.xtec.cat\/cfaterrabaixa\/ensenyaments-que-oferim\/ensenyaments-inicials-i-formacio-basica\/cicle-formacio-instrumental-cfi\/","title":{"rendered":"Cicle de formaci\u00f3 instrumental (CFI)"},"content":{"rendered":"\n<p><strong>Descripci\u00f3<\/strong>:<\/p>\n\n\n\n<p>La formaci\u00f3 instrumental compr\u00e8n un conjunt d&#8217;activitats i processos d&#8217;aprenentatge que abasten des de la lectoescriptura fins al c\u00e0lcul matem\u00e0tic elemental. La superaci\u00f3 d&#8217;aquests estudis condueix a l&#8217;obtenci\u00f3 del <strong>certificat de formaci\u00f3 instrumental<\/strong>.<\/p>\n\n\n\n<p>Els cursos de formaci\u00f3 instrumental estan dirigits a persones adultes que desitgen aprendre a <strong>llegir i escriure<\/strong>, o que volen millorar les seves habilitats de lectoescriptura. Aix\u00ed mateix, aquests cursos proporcionen <strong>coneixements b\u00e0sics de matem\u00e0tiques i de l&#8217;entorn<\/strong>.<\/p>\n\n\n\n<p><strong>Continguts<\/strong>:<\/p>\n\n\n\n<p>El Cicle de Formaci\u00f3 Instrumental s&#8217;organitza en quatre nivells d&#8217;aprenentatge:<\/p>\n\n\n\n<figure class=\"wp-block-image size-large\"><a href=\"https:\/\/agora.xtec.cat\/cfaterrabaixa\/wp-content\/uploads\/usu1852\/2025\/06\/Instrumental-2025-2026.png\"><img loading=\"lazy\" decoding=\"async\" width=\"1024\" height=\"345\" src=\"https:\/\/agora.xtec.cat\/cfaterrabaixa\/wp-content\/uploads\/usu1852\/2025\/06\/Instrumental-2025-2026-1024x345.png\" alt=\"\" class=\"wp-image-7876\" srcset=\"https:\/\/agora.xtec.cat\/cfaterrabaixa\/wp-content\/uploads\/usu1852\/2025\/06\/Instrumental-2025-2026-1024x345.png 1024w, https:\/\/agora.xtec.cat\/cfaterrabaixa\/wp-content\/uploads\/usu1852\/2025\/06\/Instrumental-2025-2026-300x101.png 300w, https:\/\/agora.xtec.cat\/cfaterrabaixa\/wp-content\/uploads\/usu1852\/2025\/06\/Instrumental-2025-2026-768x259.png 768w, https:\/\/agora.xtec.cat\/cfaterrabaixa\/wp-content\/uploads\/usu1852\/2025\/06\/Instrumental-2025-2026-1536x517.png 1536w, https:\/\/agora.xtec.cat\/cfaterrabaixa\/wp-content\/uploads\/usu1852\/2025\/06\/Instrumental-2025-2026-2048x690.png 2048w\" sizes=\"auto, (max-width: 1024px) 100vw, 1024px\" \/><\/a><\/figure>\n\n\n\n<p><strong>Instrumental 1 (N1): <\/strong>La finalitat d&#8217;aquest nivell \u00e9s que l&#8217;alumnat adquireixi els mecanismes fonamentals de lectura, escriptura i c\u00e0lcul, i que obtingui nocions b\u00e0siques sobre l&#8217;entorn sociocultural i natural de la ciutat.<\/p>\n\n\n\n<p><strong>Instrumental 2 (N2)<\/strong>: La finalitat d&#8217;aquest nivell \u00e9s consolidar els mecanismes de lectoescriptura i matem\u00e0tiques, i aprofundir en els coneixements sobre l&#8217;entorn.<\/p>\n\n\n\n<p><strong>Instrumental 3 (N3):<\/strong> En aquest nivell s&#8217;amplien els coneixements adquirits anteriorment fins a assolir els objectius generals del cicle.<\/p>\n\n\n\n<p><strong>Instrumental 4 (N4):<\/strong> La finalitat de l&#8217;\u00faltim nivell \u00e9s que l&#8217;alumnat assoleixi les compet\u00e8ncies necess\u00e0ries per iniciar l&#8217;educaci\u00f3 secund\u00e0ria.<\/p>\n\n\n\n<p>Cada nivell inclou tres \u00e0rees de coneixement:<\/p>\n\n\n\n<ul class=\"wp-block-list\">\n<li>\u00c0rea de llengua<\/li>\n\n\n\n<li>\u00c0rea de matem\u00e0tiques<\/li>\n\n\n\n<li>\u00c0rea de ci\u00e8ncies socials i naturals<\/li>\n<\/ul>\n\n\n\n<p>La durada aproximada d&#8217;aquesta formaci\u00f3 \u00e9s de 1.100 hores. No obstant aix\u00f2, la durada pot variar i ser m\u00e9s llarga o m\u00e9s curta en funci\u00f3 dels coneixements previs, les necessitats formatives i els ritmes d&#8217;aprenentatge de cada alumne.<\/p>\n\n\n\n<p><strong>Continu\u00eftat<\/strong>:<\/p>\n\n\n\n<p>Un cop finalitzada aquesta formaci\u00f3, si es vol continuar estudiant, es pot cursar el <strong>Graduat en Educaci\u00f3 Secund\u00e0ria per a Persones Adultes (GESO)<\/strong>.<\/p>\n\n\n\n<p><\/p>\n","protected":false},"excerpt":{"rendered":"<p>Descripci\u00f3: La formaci\u00f3 instrumental compr\u00e8n un conjunt d&#8217;activitats i processos d&#8217;aprenentatge que abasten des de la lectoescriptura fins al c\u00e0lcul matem\u00e0tic elemental. La superaci\u00f3 d&#8217;aquests estudis condueix a l&#8217;obtenci\u00f3 del certificat de formaci\u00f3 instrumental. Els cursos de formaci\u00f3 instrumental estan dirigits a persones adultes que desitgen aprendre a llegir i escriure, o que volen millorar [&hellip;]<\/p>\n","protected":false},"author":1,"featured_media":0,"parent":3730,"menu_order":3,"comment_status":"closed","ping_status":"closed","template":"","meta":{"_bbp_topic_count":0,"_bbp_reply_count":0,"_bbp_total_topic_count":0,"_bbp_total_reply_count":0,"_bbp_voice_count":0,"_bbp_anonymous_reply_count":0,"_bbp_topic_count_hidden":0,"_bbp_reply_count_hidden":0,"_bbp_forum_subforum_count":0,"site-sidebar-layout":"default","site-content-layout":"","ast-site-content-layout":"default","site-content-style":"default","site-sidebar-style":"default","ast-global-header-display":"","ast-banner-title-visibility":"","ast-main-header-display":"","ast-hfb-above-header-display":"","ast-hfb-below-header-display":"","ast-hfb-mobile-header-display":"","site-post-title":"","ast-breadcrumbs-content":"","ast-featured-img":"","footer-sml-layout":"","theme-transparent-header-meta":"","adv-header-id-meta":"","stick-header-meta":"","header-above-stick-meta":"","header-main-stick-meta":"","header-below-stick-meta":"","astra-migrate-meta-layouts":"set","ast-page-background-enabled":"default","ast-page-background-meta":{"desktop":{"background-color":"var(--ast-global-color-4)","background-image":"","background-repeat":"repeat","background-position":"center center","background-size":"auto","background-attachment":"scroll","background-type":"","background-media":"","overlay-type":"","overlay-color":"","overlay-opacity":"","overlay-gradient":""},"tablet":{"background-color":"","background-image":"","background-repeat":"repeat","background-position":"center center","background-size":"auto","background-attachment":"scroll","background-type":"","background-media":"","overlay-type":"","overlay-color":"","overlay-opacity":"","overlay-gradient":""},"mobile":{"background-color":"","background-image":"","background-repeat":"repeat","background-position":"center center","background-size":"auto","background-attachment":"scroll","background-type":"","background-media":"","overlay-type":"","overlay-color":"","overlay-opacity":"","overlay-gradient":""}},"ast-content-background-meta":{"desktop":{"background-color":"var(--ast-global-color-5)","background-image":"","background-repeat":"repeat","background-position":"center center","background-size":"auto","background-attachment":"scroll","background-type":"","background-media":"","overlay-type":"","overlay-color":"","overlay-opacity":"","overlay-gradient":""},"tablet":{"background-color":"var(--ast-global-color-5)","background-image":"","background-repeat":"repeat","background-position":"center center","background-size":"auto","background-attachment":"scroll","background-type":"","background-media":"","overlay-type":"","overlay-color":"","overlay-opacity":"","overlay-gradient":""},"mobile":{"background-color":"var(--ast-global-color-5)","background-image":"","background-repeat":"repeat","background-position":"center center","background-size":"auto","background-attachment":"scroll","background-type":"","background-media":"","overlay-type":"","overlay-color":"","overlay-opacity":"","overlay-gradient":""}},"footnotes":""},"class_list":["post-2910","page","type-page","status-publish","hentry"],"post_mailing_queue_ids":[],"_links":{"self":[{"href":"https:\/\/agora.xtec.cat\/cfaterrabaixa\/wp-json\/wp\/v2\/pages\/2910","targetHints":{"allow":["GET"]}}],"collection":[{"href":"https:\/\/agora.xtec.cat\/cfaterrabaixa\/wp-json\/wp\/v2\/pages"}],"about":[{"href":"https:\/\/agora.xtec.cat\/cfaterrabaixa\/wp-json\/wp\/v2\/types\/page"}],"author":[{"embeddable":true,"href":"https:\/\/agora.xtec.cat\/cfaterrabaixa\/wp-json\/wp\/v2\/users\/1"}],"replies":[{"embeddable":true,"href":"https:\/\/agora.xtec.cat\/cfaterrabaixa\/wp-json\/wp\/v2\/comments?post=2910"}],"version-history":[{"count":5,"href":"https:\/\/agora.xtec.cat\/cfaterrabaixa\/wp-json\/wp\/v2\/pages\/2910\/revisions"}],"predecessor-version":[{"id":7877,"href":"https:\/\/agora.xtec.cat\/cfaterrabaixa\/wp-json\/wp\/v2\/pages\/2910\/revisions\/7877"}],"up":[{"embeddable":true,"href":"https:\/\/agora.xtec.cat\/cfaterrabaixa\/wp-json\/wp\/v2\/pages\/3730"}],"wp:attachment":[{"href":"https:\/\/agora.xtec.cat\/cfaterrabaixa\/wp-json\/wp\/v2\/media?parent=2910"}],"curies":[{"name":"wp","href":"https:\/\/api.w.org\/{rel}","templated":true}]}}

Cicle de formació instrumental (CFI)

<p><strong>Descripció</strong>:</p>



<p>La formació instrumental comprèn un conjunt d&#8217;activitats i processos d&#8217;aprenentatge que abasten des de la lectoescriptura fins al càlcul matemàtic elemental. La superació d&#8217;aquests estudis condueix a l&#8217;obtenció del <strong>certificat de formació instrumental</strong>.</p>



<p>Els cursos de formació instrumental estan dirigits a persones adultes que desitgen aprendre a <strong>llegir i escriure</strong>, o que volen millorar les seves habilitats de lectoescriptura. Així mateix, aquests cursos proporcionen <strong>coneixements bàsics de matemàtiques i de l&#8217;entorn</strong>.</p>



<p><strong>Continguts</strong>:</p>



<p>El Cicle de Formació Instrumental s&#8217;organitza en quatre nivells d&#8217;aprenentatge:</p>



<figure class="wp-block-image size-large"><a href="https://agora.xtec.cat/cfaterrabaixa/wp-content/uploads/usu1852/2025/06/Instrumental-2025-2026.png"><img loading="lazy" decoding="async" width="1024" height="345" src="https://agora.xtec.cat/cfaterrabaixa/wp-content/uploads/usu1852/2025/06/Instrumental-2025-2026-1024x345.png" alt="" class="wp-image-7876" srcset="https://agora.xtec.cat/cfaterrabaixa/wp-content/uploads/usu1852/2025/06/Instrumental-2025-2026-1024x345.png 1024w, https://agora.xtec.cat/cfaterrabaixa/wp-content/uploads/usu1852/2025/06/Instrumental-2025-2026-300x101.png 300w, https://agora.xtec.cat/cfaterrabaixa/wp-content/uploads/usu1852/2025/06/Instrumental-2025-2026-768x259.png 768w, https://agora.xtec.cat/cfaterrabaixa/wp-content/uploads/usu1852/2025/06/Instrumental-2025-2026-1536x517.png 1536w, https://agora.xtec.cat/cfaterrabaixa/wp-content/uploads/usu1852/2025/06/Instrumental-2025-2026-2048x690.png 2048w" sizes="auto, (max-width: 1024px) 100vw, 1024px" /></a></figure>



<p><strong>Instrumental 1 (N1): </strong>La finalitat d&#8217;aquest nivell és que l&#8217;alumnat adquireixi els mecanismes fonamentals de lectura, escriptura i càlcul, i que obtingui nocions bàsiques sobre l&#8217;entorn sociocultural i natural de la ciutat.</p>



<p><strong>Instrumental 2 (N2)</strong>: La finalitat d&#8217;aquest nivell és consolidar els mecanismes de lectoescriptura i matemàtiques, i aprofundir en els coneixements sobre l&#8217;entorn.</p>



<p><strong>Instrumental 3 (N3):</strong> En aquest nivell s&#8217;amplien els coneixements adquirits anteriorment fins a assolir els objectius generals del cicle.</p>



<p><strong>Instrumental 4 (N4):</strong> La finalitat de l&#8217;últim nivell és que l&#8217;alumnat assoleixi les competències necessàries per iniciar l&#8217;educació secundària.</p>



<p>Cada nivell inclou tres àrees de coneixement:</p>



<ul class="wp-block-list">
<li>Àrea de llengua</li>



<li>Àrea de matemàtiques</li>



<li>Àrea de ciències socials i naturals</li>
</ul>



<p>La durada aproximada d&#8217;aquesta formació és de 1.100 hores. No obstant això, la durada pot variar i ser més llarga o més curta en funció dels coneixements previs, les necessitats formatives i els ritmes d&#8217;aprenentatge de cada alumne.</p>



<p><strong>Continuïtat</strong>:</p>



<p>Un cop finalitzada aquesta formació, si es vol continuar estudiant, es pot cursar el <strong>Graduat en Educació Secundària per a Persones Adultes (GESO)</strong>.</p>



<p></p>

<p>Descripció: La formació instrumental comprèn un conjunt d&#8217;activitats i processos d&#8217;aprenentatge que abasten des de la lectoescriptura fins al càlcul matemàtic elemental. La superació d&#8217;aquests estudis condueix a l&#8217;obtenció del certificat de formació instrumental. Els cursos de formació instrumental estan dirigits a persones adultes que desitgen aprendre a llegir i escriure, o que volen millorar [&hellip;]</p>
